{"id":42659,"date":"2021-09-08T08:35:57","date_gmt":"2021-09-08T08:35:57","guid":{"rendered":"https:\/\/www.urlaubcornwall.de\/blog\/?page_id=42659"},"modified":"2024-04-30T15:45:21","modified_gmt":"2024-04-30T15:45:21","slug":"weingueter-weinberge-in-suedengland-urlaubsinspiration","status":"publish","type":"page","link":"https:\/\/www.urlaubcornwall.de\/blog\/weingueter-weinberge-in-suedengland-urlaubsinspiration\/","title":{"rendered":"Weing\u00fcter &#038; Weinberge in S\u00fcdengland &#8211; Urlaubsinspiration"},"content":{"rendered":"<p><img loading=\"lazy\" class=\"aligncenter size-full wp-image-48169\" src=\"https:\/\/www.urlaubcornwall.de\/blog\/wp-content\/uploads\/2024\/03\/Chapel-Down-vineyard.jpg\" alt=\"Chapel-Down-Weinanbau\" width=\"750\" height=\"500\" srcset=\"https:\/\/www.urlaubcornwall.de\/blog\/wp-content\/uploads\/2024\/03\/Chapel-Down-vineyard.jpg 750w, https:\/\/www.urlaubcornwall.de\/blog\/wp-content\/uploads\/2024\/03\/Chapel-Down-vineyard-300x200.jpg 300w\" sizes=\"(max-width: 750px) 100vw, 750px\" \/><\/p>\n<p><strong>Der beste Weinanbau<\/strong> &#8211; Lediglich eine kurze Autofahrt von der kleinen l\u00e4ndlichen <a href=\"https:\/\/www.urlaubcornwall.de\/ferienhaeuser-fewos\/eng\/kent\/tenterden.html\">Stadt Tenterden<\/a> entfernt, finden Sie den originalen <a href=\"https:\/\/www.chapeldown.com\/\">Chapel Down Weinanbau<\/a>. Dank des ikonischen Kalkbodens und perfekter klimatischer Bedingungen in <a href=\"https:\/\/www.urlaubcornwall.de\/reiseziel\/kent.php\">Kent<\/a>, produziert Chapel Down preisgekr\u00f6nte englische Weine, die von einigen der gr\u00f6\u00dften Namen Britanniens geliebt werden, einschlie\u00dflich Gordon Ramsey und Jamie Oliver. Sie werden auch ausgeschenkt in gro\u00dfartigen Instituten wie dem Royal Opera House und Ascot Pferderennen. Das herrliche Restaurant und die Bar bieten Blick auf 22 Ar Weinanbaugebiet, eine Landschaft, die anerkannt wurde als \u2018Gebiet von hervorragender Natursch\u00f6nheit\u2018, und die Weintouren und Verkostungen sind perfekt f\u00fcr einen Ausflugstag mit Freunden. <\/p>\n<div class=\"snippet\"> <a class=\"featured-item\" href=\"https:\/\/www.urlaubcornwall.de\/ferienhaeuser\/suedengland.php\"> <span class=\"image-holder\" style=\"background-image: url('https:\/\/www.urlaubcornwall.de\/blog\/wp-content\/uploads\/2024\/03\/ferienhaus-england-cornwall.jpg');\"><\/span> <span class=\"featured-content\"> \n<h2 class=\"featured-title\">Ferienh\u00e4user in England zum Verlieben!<\/h2>\n<p class=\"featured-body\">Dank seiner langen Geschichte, der reizvollen Landschaften und seinen vielen Attraktionen ist S\u00fcdengland ein wahres Mekka f\u00fcr Urlauber. F\u00fcr Familien und Paare ist die Reise durch Kent, den Garten Englands, die Sussex Downs, die uralten Grafschaften von Hampshire und Dorset&#8230;.<\/p><\/span> <span class=\"featured-link-holder\"> <span class=\"featured-extra-info\"> \n<p>F\u00fcr Paare, Familien &#038; Gruppen<\/p>\n<\/span> \n<p class=\"featured-link\">DETAILS<\/p>\n<\/span> <\/a><\/div>\n<div class=\"snippet\"> <a class=\"featured-item\" href=\" https:\/\/www.urlaubcornwall.de\/rundreisenservice.php\"> <span class=\"image-holder\" style=\"background-image: url(' https:\/\/www.urlaubcornwall.de\/blog\/wp-content\/uploads\/2018\/11\/rundreise-cornwall.jpg ');\"><\/span> <span class=\"featured-content\"> \n<h2 class=\"featured-title\">Rundreisen durch Gro\u00dfbritannien<\/h2>\n<p class=\"featured-body\">Autoreisen eignen sich perfekt, um das meiste aus Ihrem Urlaub in Gro\u00dfbritannien und Irland zu machen. Gehen Sie in eigenem Schritttempo im eigenen Auto auf Erkundung oder fliegen Sie und mieten ein Auto. Es gibt genug atemberaubender Landschaft und K\u00fcste&#8230;<\/p>\n<\/span> <span class=\"featured-link-holder\"> <span class=\"featured-extra-info\"> \n<p>Teilen Sie uns Ihre Urlaubspl\u00e4ne<\/p>\n<\/span> \n<p class=\"featured-link\">MEHR INFO<\/p>\n<\/span> <\/a><\/div>\n","protected":false},"excerpt":{"rendered":"<p>Der beste Weinanbau &#8211; Lediglich eine kurze Autofahrt von der kleinen l\u00e4ndlichen Stadt Tenterden entfernt, finden Sie den originalen Chapel Down Weinanbau. Dank des ikonischen Kalkbodens und perfekter klimatischer Bedingungen in Kent, produziert Chapel Down preisgekr\u00f6nte englische Weine, die von einigen der gr\u00f6\u00dften Namen Britanniens geliebt werden, einschlie\u00dflich Gordon Ramsey und Jamie Oliver. Sie werden [&hellip;]<\/p>\n","protected":false},"author":1,"featured_media":0,"parent":0,"menu_order":0,"comment_status":"closed","ping_status":"closed","template":"single-four.php","meta":[],"acf":[],"yoast_head":"<!-- This site is optimized with the Yoast SEO plugin v19.4 - https:\/\/yoast.com\/wordpress\/plugins\/seo\/ -->\n<title>Weing\u00fcter &amp; Weinberge in S\u00fcdengland - Urlaubsinspiration - Urlaub &amp; Reisen<\/title>\n<meta name=\"description\" content=\"Lediglich eine kurze Autofahrt von der kleinen l\u00e4ndlichen Stadt Tenterden entfernt, finden Sie den originalen Chapel Down Weinanbau. Dank des ikonischen Kalkbodens und perfekter klimatischer Bedingungen in Kent, produziert Chapel Down preisgekr\u00f6nte englische Weine, die von einigen der gr\u00f6\u00dften Namen Britanniens geliebt werden\" \/>\n<meta name=\"robots\" content=\"index, follow, max-snippet:-1, max-image-preview:large, max-video-preview:-1\" \/>\n<link rel=\"canonical\" href=\"https:\/\/www.urlaubcornwall.de\/blog\/weingueter-weinberge-in-suedengland-urlaubsinspiration\/\" \/>\n<meta property=\"og:locale\" content=\"en_US\" \/>\n<meta property=\"og:type\" content=\"article\" \/>\n<meta property=\"og:title\" content=\"Weing\u00fcter &amp; Weinberge in S\u00fcdengland - Urlaubsinspiration - Urlaub &amp; Reisen\" \/>\n<meta property=\"og:description\" content=\"Lediglich eine kurze Autofahrt von der kleinen l\u00e4ndlichen Stadt Tenterden entfernt, finden Sie den originalen Chapel Down Weinanbau. Dank des ikonischen Kalkbodens und perfekter klimatischer Bedingungen in Kent, produziert Chapel Down preisgekr\u00f6nte englische Weine, die von einigen der gr\u00f6\u00dften Namen Britanniens geliebt werden\" \/>\n<meta property=\"og:url\" content=\"https:\/\/www.urlaubcornwall.de\/blog\/weingueter-weinberge-in-suedengland-urlaubsinspiration\/\" \/>\n<meta property=\"og:site_name\" content=\"Urlaub &amp; Reisen\" \/>\n<meta property=\"article:modified_time\" content=\"2024-04-30T15:45:21+00:00\" \/>\n<meta property=\"og:image\" content=\"https:\/\/www.urlaubcornwall.de\/blog\/wp-content\/uploads\/2024\/03\/Chapel-Down-vineyard.jpg\" \/>\n<meta name=\"twitter:card\" content=\"summary\" \/>\n<meta name=\"twitter:label1\" content=\"Est. reading time\" \/>\n\t<meta name=\"twitter:data1\" content=\"2 minutes\" \/>\n<script type=\"application\/ld+json\" class=\"yoast-schema-graph\">{\"@context\":\"https:\/\/schema.org\",\"@graph\":[{\"@type\":\"WebSite\",\"@id\":\"https:\/\/www.urlaubcornwall.de\/blog\/#website\",\"url\":\"https:\/\/www.urlaubcornwall.de\/blog\/\",\"name\":\"Urlaub &amp; Reisen\",\"description\":\"Urlaub, Reisen, Cornwall und S\u00fcdengland: eine perfekte Kombination\",\"potentialAction\":[{\"@type\":\"SearchAction\",\"target\":{\"@type\":\"EntryPoint\",\"urlTemplate\":\"https:\/\/www.urlaubcornwall.de\/blog\/?s={search_term_string}\"},\"query-input\":\"required name=search_term_string\"}],\"inLanguage\":\"en-US\"},{\"@type\":\"WebPage\",\"@id\":\"https:\/\/www.urlaubcornwall.de\/blog\/weingueter-weinberge-in-suedengland-urlaubsinspiration\/\",\"url\":\"https:\/\/www.urlaubcornwall.de\/blog\/weingueter-weinberge-in-suedengland-urlaubsinspiration\/\",\"name\":\"Weing\u00fcter & Weinberge in S\u00fcdengland - Urlaubsinspiration - Urlaub &amp; Reisen\",\"isPartOf\":{\"@id\":\"https:\/\/www.urlaubcornwall.de\/blog\/#website\"},\"datePublished\":\"2021-09-08T08:35:57+00:00\",\"dateModified\":\"2024-04-30T15:45:21+00:00\",\"description\":\"Lediglich eine kurze Autofahrt von der kleinen l\u00e4ndlichen Stadt Tenterden entfernt, finden Sie den originalen Chapel Down Weinanbau. Dank des ikonischen Kalkbodens und perfekter klimatischer Bedingungen in Kent, produziert Chapel Down preisgekr\u00f6nte englische Weine, die von einigen der gr\u00f6\u00dften Namen Britanniens geliebt werden\",\"breadcrumb\":{\"@id\":\"https:\/\/www.urlaubcornwall.de\/blog\/weingueter-weinberge-in-suedengland-urlaubsinspiration\/#breadcrumb\"},\"inLanguage\":\"en-US\",\"potentialAction\":[{\"@type\":\"ReadAction\",\"target\":[\"https:\/\/www.urlaubcornwall.de\/blog\/weingueter-weinberge-in-suedengland-urlaubsinspiration\/\"]}]},{\"@type\":\"BreadcrumbList\",\"@id\":\"https:\/\/www.urlaubcornwall.de\/blog\/weingueter-weinberge-in-suedengland-urlaubsinspiration\/#breadcrumb\",\"itemListElement\":[{\"@type\":\"ListItem\",\"position\":1,\"name\":\"Home\",\"item\":\"https:\/\/www.urlaubcornwall.de\/blog\/\"},{\"@type\":\"ListItem\",\"position\":2,\"name\":\"Weing\u00fcter &#038; Weinberge in S\u00fcdengland &#8211; Urlaubsinspiration\"}]}]}<\/script>\n<!-- \/ Yoast SEO plugin. -->","yoast_head_json":{"title":"Weing\u00fcter & Weinberge in S\u00fcdengland - Urlaubsinspiration - Urlaub &amp; Reisen","description":"Lediglich eine kurze Autofahrt von der kleinen l\u00e4ndlichen Stadt Tenterden entfernt, finden Sie den originalen Chapel Down Weinanbau. Dank des ikonischen Kalkbodens und perfekter klimatischer Bedingungen in Kent, produziert Chapel Down preisgekr\u00f6nte englische Weine, die von einigen der gr\u00f6\u00dften Namen Britanniens geliebt werden","robots":{"index":"index","follow":"follow","max-snippet":"max-snippet:-1","max-image-preview":"max-image-preview:large","max-video-preview":"max-video-preview:-1"},"canonical":"https:\/\/www.urlaubcornwall.de\/blog\/weingueter-weinberge-in-suedengland-urlaubsinspiration\/","og_locale":"en_US","og_type":"article","og_title":"Weing\u00fcter & Weinberge in S\u00fcdengland - Urlaubsinspiration - Urlaub &amp; Reisen","og_description":"Lediglich eine kurze Autofahrt von der kleinen l\u00e4ndlichen Stadt Tenterden entfernt, finden Sie den originalen Chapel Down Weinanbau. Dank des ikonischen Kalkbodens und perfekter klimatischer Bedingungen in Kent, produziert Chapel Down preisgekr\u00f6nte englische Weine, die von einigen der gr\u00f6\u00dften Namen Britanniens geliebt werden","og_url":"https:\/\/www.urlaubcornwall.de\/blog\/weingueter-weinberge-in-suedengland-urlaubsinspiration\/","og_site_name":"Urlaub &amp; Reisen","article_modified_time":"2024-04-30T15:45:21+00:00","og_image":[{"url":"https:\/\/www.urlaubcornwall.de\/blog\/wp-content\/uploads\/2024\/03\/Chapel-Down-vineyard.jpg"}],"twitter_card":"summary","twitter_misc":{"Est. reading time":"2 minutes"},"schema":{"@context":"https:\/\/schema.org","@graph":[{"@type":"WebSite","@id":"https:\/\/www.urlaubcornwall.de\/blog\/#website","url":"https:\/\/www.urlaubcornwall.de\/blog\/","name":"Urlaub &amp; Reisen","description":"Urlaub, Reisen, Cornwall und S\u00fcdengland: eine perfekte Kombination","potentialAction":[{"@type":"SearchAction","target":{"@type":"EntryPoint","urlTemplate":"https:\/\/www.urlaubcornwall.de\/blog\/?s={search_term_string}"},"query-input":"required name=search_term_string"}],"inLanguage":"en-US"},{"@type":"WebPage","@id":"https:\/\/www.urlaubcornwall.de\/blog\/weingueter-weinberge-in-suedengland-urlaubsinspiration\/","url":"https:\/\/www.urlaubcornwall.de\/blog\/weingueter-weinberge-in-suedengland-urlaubsinspiration\/","name":"Weing\u00fcter & Weinberge in S\u00fcdengland - Urlaubsinspiration - Urlaub &amp; Reisen","isPartOf":{"@id":"https:\/\/www.urlaubcornwall.de\/blog\/#website"},"datePublished":"2021-09-08T08:35:57+00:00","dateModified":"2024-04-30T15:45:21+00:00","description":"Lediglich eine kurze Autofahrt von der kleinen l\u00e4ndlichen Stadt Tenterden entfernt, finden Sie den originalen Chapel Down Weinanbau. Dank des ikonischen Kalkbodens und perfekter klimatischer Bedingungen in Kent, produziert Chapel Down preisgekr\u00f6nte englische Weine, die von einigen der gr\u00f6\u00dften Namen Britanniens geliebt werden","breadcrumb":{"@id":"https:\/\/www.urlaubcornwall.de\/blog\/weingueter-weinberge-in-suedengland-urlaubsinspiration\/#breadcrumb"},"inLanguage":"en-US","potentialAction":[{"@type":"ReadAction","target":["https:\/\/www.urlaubcornwall.de\/blog\/weingueter-weinberge-in-suedengland-urlaubsinspiration\/"]}]},{"@type":"BreadcrumbList","@id":"https:\/\/www.urlaubcornwall.de\/blog\/weingueter-weinberge-in-suedengland-urlaubsinspiration\/#breadcrumb","itemListElement":[{"@type":"ListItem","position":1,"name":"Home","item":"https:\/\/www.urlaubcornwall.de\/blog\/"},{"@type":"ListItem","position":2,"name":"Weing\u00fcter &#038; Weinberge in S\u00fcdengland &#8211; Urlaubsinspiration"}]}]}},"_links":{"self":[{"href":"https:\/\/www.urlaubcornwall.de\/blog\/wp-json\/wp\/v2\/pages\/42659"}],"collection":[{"href":"https:\/\/www.urlaubcornwall.de\/blog\/wp-json\/wp\/v2\/pages"}],"about":[{"href":"https:\/\/www.urlaubcornwall.de\/blog\/wp-json\/wp\/v2\/types\/page"}],"author":[{"embeddable":true,"href":"https:\/\/www.urlaubcornwall.de\/blog\/wp-json\/wp\/v2\/users\/1"}],"replies":[{"embeddable":true,"href":"https:\/\/www.urlaubcornwall.de\/blog\/wp-json\/wp\/v2\/comments?post=42659"}],"version-history":[{"count":5,"href":"https:\/\/www.urlaubcornwall.de\/blog\/wp-json\/wp\/v2\/pages\/42659\/revisions"}],"predecessor-version":[{"id":50001,"href":"https:\/\/www.urlaubcornwall.de\/blog\/wp-json\/wp\/v2\/pages\/42659\/revisions\/50001"}],"wp:attachment":[{"href":"https:\/\/www.urlaubcornwall.de\/blog\/wp-json\/wp\/v2\/media?parent=42659"}],"curies":[{"name":"wp","href":"https:\/\/api.w.org\/{rel}","templated":true}]}}