{"id":42249,"date":"2021-08-30T14:56:58","date_gmt":"2021-08-30T14:56:58","guid":{"rendered":"https:\/\/www.urlaubcornwall.de\/blog\/?page_id=42249"},"modified":"2024-05-31T08:08:45","modified_gmt":"2024-05-31T08:08:45","slug":"besten-hotels-hyde-park-urlaub-london","status":"publish","type":"page","link":"https:\/\/www.urlaubcornwall.de\/blog\/besten-hotels-hyde-park-urlaub-london\/","title":{"rendered":"Besten Hotels in der N\u00e4he Hyde Park &#8211; Urlaub London"},"content":{"rendered":"<p>Hyde Park ist der gr\u00f6\u00dfte der k\u00f6niglichen Parks in Zentrallondon und reicht zur\u00fcck ins Jahr 1536, als Heinrich VIII das Land von Westminster Abbey nahm und es als Jagdgebiet nutzte. Hyde Park ist einer der gro\u00dfartigsten Stadtparks der Welt; er bedeckt mehr als 142 Hektar, hat mehr als 4000 B\u00e4ume, einen gro\u00dfen See, eine Wiese und Blumeng\u00e4rten. Hyde Park hat jedermann eine Menge zu bieten; Sie k\u00f6nnen im Serpentine schwimmen, mit dem Boot fahren, Tennis spielen; es gibt Pferdereitstrecken, wie die bekannte \u2018Rotten Row\u2019 und einen wundervollen Kinderspielplatz.<\/p>\n<p>Hyde Park hat jedermann eine Menge zu bieten; Sie k\u00f6nnen im Serpentine schwimmen, mit dem Boot fahren, Tennis spielen; es gibt Pferdereitstrecken, wie die bekannte \u2018Rotten Row\u2019 und einen wundervollen Kinderspielplatz. Der Park ist auch beliebt bei Radfahrern, Skatern, Spazierg\u00e4ngern und Joggern.<\/p>\n<p><ins class=\"bookingaff\" data-aid=\"2190251\" data-target_aid=\"2190251\" data-prod=\"map\" data-width=\"100%\" data-height=\"590\" data-lang=\"ualng\" data-dest_id=\"0\" data-dest_type=\"landmark\" data-latitude=\"51.5072682\" data-longitude=\"-0.1657303\" data-mwhsb=\"0\" data-address=\"Hyde Park, London, UK\"><br \/>\n    <!-- Anything inside will go away once widget is loaded. --><br \/>\n        <a href=\"\/\/www.booking.com?aid=2190251\"rel=\"nofollow\">Booking.com<\/a><br \/>\n<\/ins><br \/>\n<script type=\"text\/javascript\">\n    (function(d, sc, u) {\n      var s = d.createElement(sc), p = d.getElementsByTagName(sc)[0];\n      s.type = 'text\/javascript';\n      s.async = true;\n      s.src = u + '?v=' + (+new Date());\n      p.parentNode.insertBefore(s,p);\n      })(document, 'script', '\/\/aff.bstatic.com\/static\/affiliate_base\/js\/flexiproduct.js');\n<\/script><\/p>\n<p><a href=\"https:\/\/www.urlaubcornwall.de\/blog\/londons-historische-koenigliche-parkanlagen-und-gaerten\/\">Londons sch\u00f6nsten historische k\u00f6nigliche Parkanlagen und G\u00e4rten<\/a><\/p>\n","protected":false},"excerpt":{"rendered":"<p>Hyde Park ist der gr\u00f6\u00dfte der k\u00f6niglichen Parks in Zentrallondon und reicht zur\u00fcck ins Jahr 1536, als Heinrich VIII das Land von Westminster Abbey nahm und es als Jagdgebiet nutzte. Hyde Park ist einer der gro\u00dfartigsten Stadtparks der Welt; er bedeckt mehr als 142 Hektar, hat mehr als 4000 B\u00e4ume, einen gro\u00dfen See, eine Wiese [&hellip;]<\/p>\n","protected":false},"author":1,"featured_media":0,"parent":0,"menu_order":0,"comment_status":"closed","ping_status":"closed","template":"single-four.php","meta":[],"acf":[],"yoast_head":"<!-- This site is optimized with the Yoast SEO plugin v19.4 - https:\/\/yoast.com\/wordpress\/plugins\/seo\/ -->\n<title>Besten Hotels in der N\u00e4he Hyde Park - Urlaub London - Urlaub &amp; Reisen<\/title>\n<meta name=\"description\" content=\"Hyde Park ist der gr\u00f6\u00dfte der k\u00f6niglichen Parks in Zentrallondon und reicht zur\u00fcck ins Jahr 1536, als Heinrich VIII das Land von Westminster Abbey nahm und es als Jagdgebiet nutzte. Hyde Park ist einer der gro\u00dfartigsten Stadtparks der Welt; er bedeckt mehr als 142 Hektar, hat mehr als 4000 B\u00e4ume\" \/>\n<meta name=\"robots\" content=\"index, follow, max-snippet:-1, max-image-preview:large, max-video-preview:-1\" \/>\n<link rel=\"canonical\" href=\"https:\/\/www.urlaubcornwall.de\/blog\/besten-hotels-hyde-park-urlaub-london\/\" \/>\n<meta property=\"og:locale\" content=\"en_US\" \/>\n<meta property=\"og:type\" content=\"article\" \/>\n<meta property=\"og:title\" content=\"Besten Hotels in der N\u00e4he Hyde Park - Urlaub London - Urlaub &amp; Reisen\" \/>\n<meta property=\"og:description\" content=\"Hyde Park ist der gr\u00f6\u00dfte der k\u00f6niglichen Parks in Zentrallondon und reicht zur\u00fcck ins Jahr 1536, als Heinrich VIII das Land von Westminster Abbey nahm und es als Jagdgebiet nutzte. Hyde Park ist einer der gro\u00dfartigsten Stadtparks der Welt; er bedeckt mehr als 142 Hektar, hat mehr als 4000 B\u00e4ume\" \/>\n<meta property=\"og:url\" content=\"https:\/\/www.urlaubcornwall.de\/blog\/besten-hotels-hyde-park-urlaub-london\/\" \/>\n<meta property=\"og:site_name\" content=\"Urlaub &amp; Reisen\" \/>\n<meta property=\"article:modified_time\" content=\"2024-05-31T08:08:45+00:00\" \/>\n<meta name=\"twitter:card\" content=\"summary\" \/>\n<meta name=\"twitter:label1\" content=\"Est. reading time\" \/>\n\t<meta name=\"twitter:data1\" content=\"1 minute\" \/>\n<script type=\"application\/ld+json\" class=\"yoast-schema-graph\">{\"@context\":\"https:\/\/schema.org\",\"@graph\":[{\"@type\":\"WebSite\",\"@id\":\"https:\/\/www.urlaubcornwall.de\/blog\/#website\",\"url\":\"https:\/\/www.urlaubcornwall.de\/blog\/\",\"name\":\"Urlaub &amp; Reisen\",\"description\":\"Urlaub, Reisen, Cornwall und S\u00fcdengland: eine perfekte Kombination\",\"potentialAction\":[{\"@type\":\"SearchAction\",\"target\":{\"@type\":\"EntryPoint\",\"urlTemplate\":\"https:\/\/www.urlaubcornwall.de\/blog\/?s={search_term_string}\"},\"query-input\":\"required name=search_term_string\"}],\"inLanguage\":\"en-US\"},{\"@type\":\"WebPage\",\"@id\":\"https:\/\/www.urlaubcornwall.de\/blog\/besten-hotels-hyde-park-urlaub-london\/\",\"url\":\"https:\/\/www.urlaubcornwall.de\/blog\/besten-hotels-hyde-park-urlaub-london\/\",\"name\":\"Besten Hotels in der N\u00e4he Hyde Park - Urlaub London - Urlaub &amp; Reisen\",\"isPartOf\":{\"@id\":\"https:\/\/www.urlaubcornwall.de\/blog\/#website\"},\"datePublished\":\"2021-08-30T14:56:58+00:00\",\"dateModified\":\"2024-05-31T08:08:45+00:00\",\"description\":\"Hyde Park ist der gr\u00f6\u00dfte der k\u00f6niglichen Parks in Zentrallondon und reicht zur\u00fcck ins Jahr 1536, als Heinrich VIII das Land von Westminster Abbey nahm und es als Jagdgebiet nutzte. Hyde Park ist einer der gro\u00dfartigsten Stadtparks der Welt; er bedeckt mehr als 142 Hektar, hat mehr als 4000 B\u00e4ume\",\"breadcrumb\":{\"@id\":\"https:\/\/www.urlaubcornwall.de\/blog\/besten-hotels-hyde-park-urlaub-london\/#breadcrumb\"},\"inLanguage\":\"en-US\",\"potentialAction\":[{\"@type\":\"ReadAction\",\"target\":[\"https:\/\/www.urlaubcornwall.de\/blog\/besten-hotels-hyde-park-urlaub-london\/\"]}]},{\"@type\":\"BreadcrumbList\",\"@id\":\"https:\/\/www.urlaubcornwall.de\/blog\/besten-hotels-hyde-park-urlaub-london\/#breadcrumb\",\"itemListElement\":[{\"@type\":\"ListItem\",\"position\":1,\"name\":\"Home\",\"item\":\"https:\/\/www.urlaubcornwall.de\/blog\/\"},{\"@type\":\"ListItem\",\"position\":2,\"name\":\"Besten Hotels in der N\u00e4he Hyde Park &#8211; Urlaub London\"}]}]}<\/script>\n<!-- \/ Yoast SEO plugin. -->","yoast_head_json":{"title":"Besten Hotels in der N\u00e4he Hyde Park - Urlaub London - Urlaub &amp; Reisen","description":"Hyde Park ist der gr\u00f6\u00dfte der k\u00f6niglichen Parks in Zentrallondon und reicht zur\u00fcck ins Jahr 1536, als Heinrich VIII das Land von Westminster Abbey nahm und es als Jagdgebiet nutzte. Hyde Park ist einer der gro\u00dfartigsten Stadtparks der Welt; er bedeckt mehr als 142 Hektar, hat mehr als 4000 B\u00e4ume","robots":{"index":"index","follow":"follow","max-snippet":"max-snippet:-1","max-image-preview":"max-image-preview:large","max-video-preview":"max-video-preview:-1"},"canonical":"https:\/\/www.urlaubcornwall.de\/blog\/besten-hotels-hyde-park-urlaub-london\/","og_locale":"en_US","og_type":"article","og_title":"Besten Hotels in der N\u00e4he Hyde Park - Urlaub London - Urlaub &amp; Reisen","og_description":"Hyde Park ist der gr\u00f6\u00dfte der k\u00f6niglichen Parks in Zentrallondon und reicht zur\u00fcck ins Jahr 1536, als Heinrich VIII das Land von Westminster Abbey nahm und es als Jagdgebiet nutzte. Hyde Park ist einer der gro\u00dfartigsten Stadtparks der Welt; er bedeckt mehr als 142 Hektar, hat mehr als 4000 B\u00e4ume","og_url":"https:\/\/www.urlaubcornwall.de\/blog\/besten-hotels-hyde-park-urlaub-london\/","og_site_name":"Urlaub &amp; Reisen","article_modified_time":"2024-05-31T08:08:45+00:00","twitter_card":"summary","twitter_misc":{"Est. reading time":"1 minute"},"schema":{"@context":"https:\/\/schema.org","@graph":[{"@type":"WebSite","@id":"https:\/\/www.urlaubcornwall.de\/blog\/#website","url":"https:\/\/www.urlaubcornwall.de\/blog\/","name":"Urlaub &amp; Reisen","description":"Urlaub, Reisen, Cornwall und S\u00fcdengland: eine perfekte Kombination","potentialAction":[{"@type":"SearchAction","target":{"@type":"EntryPoint","urlTemplate":"https:\/\/www.urlaubcornwall.de\/blog\/?s={search_term_string}"},"query-input":"required name=search_term_string"}],"inLanguage":"en-US"},{"@type":"WebPage","@id":"https:\/\/www.urlaubcornwall.de\/blog\/besten-hotels-hyde-park-urlaub-london\/","url":"https:\/\/www.urlaubcornwall.de\/blog\/besten-hotels-hyde-park-urlaub-london\/","name":"Besten Hotels in der N\u00e4he Hyde Park - Urlaub London - Urlaub &amp; Reisen","isPartOf":{"@id":"https:\/\/www.urlaubcornwall.de\/blog\/#website"},"datePublished":"2021-08-30T14:56:58+00:00","dateModified":"2024-05-31T08:08:45+00:00","description":"Hyde Park ist der gr\u00f6\u00dfte der k\u00f6niglichen Parks in Zentrallondon und reicht zur\u00fcck ins Jahr 1536, als Heinrich VIII das Land von Westminster Abbey nahm und es als Jagdgebiet nutzte. Hyde Park ist einer der gro\u00dfartigsten Stadtparks der Welt; er bedeckt mehr als 142 Hektar, hat mehr als 4000 B\u00e4ume","breadcrumb":{"@id":"https:\/\/www.urlaubcornwall.de\/blog\/besten-hotels-hyde-park-urlaub-london\/#breadcrumb"},"inLanguage":"en-US","potentialAction":[{"@type":"ReadAction","target":["https:\/\/www.urlaubcornwall.de\/blog\/besten-hotels-hyde-park-urlaub-london\/"]}]},{"@type":"BreadcrumbList","@id":"https:\/\/www.urlaubcornwall.de\/blog\/besten-hotels-hyde-park-urlaub-london\/#breadcrumb","itemListElement":[{"@type":"ListItem","position":1,"name":"Home","item":"https:\/\/www.urlaubcornwall.de\/blog\/"},{"@type":"ListItem","position":2,"name":"Besten Hotels in der N\u00e4he Hyde Park &#8211; Urlaub London"}]}]}},"_links":{"self":[{"href":"https:\/\/www.urlaubcornwall.de\/blog\/wp-json\/wp\/v2\/pages\/42249"}],"collection":[{"href":"https:\/\/www.urlaubcornwall.de\/blog\/wp-json\/wp\/v2\/pages"}],"about":[{"href":"https:\/\/www.urlaubcornwall.de\/blog\/wp-json\/wp\/v2\/types\/page"}],"author":[{"embeddable":true,"href":"https:\/\/www.urlaubcornwall.de\/blog\/wp-json\/wp\/v2\/users\/1"}],"replies":[{"embeddable":true,"href":"https:\/\/www.urlaubcornwall.de\/blog\/wp-json\/wp\/v2\/comments?post=42249"}],"version-history":[{"count":4,"href":"https:\/\/www.urlaubcornwall.de\/blog\/wp-json\/wp\/v2\/pages\/42249\/revisions"}],"predecessor-version":[{"id":51220,"href":"https:\/\/www.urlaubcornwall.de\/blog\/wp-json\/wp\/v2\/pages\/42249\/revisions\/51220"}],"wp:attachment":[{"href":"https:\/\/www.urlaubcornwall.de\/blog\/wp-json\/wp\/v2\/media?parent=42249"}],"curies":[{"name":"wp","href":"https:\/\/api.w.org\/{rel}","templated":true}]}}