{"id":42160,"date":"2021-08-09T14:20:46","date_gmt":"2021-08-09T14:20:46","guid":{"rendered":"https:\/\/www.urlaubcornwall.de\/blog\/?page_id=42160"},"modified":"2024-05-31T08:11:36","modified_gmt":"2024-05-31T08:11:36","slug":"ferienhaeuser-in-der-naehe-von-schloessern-in-england","status":"publish","type":"page","link":"https:\/\/www.urlaubcornwall.de\/blog\/ferienhaeuser-in-der-naehe-von-schloessern-in-england\/","title":{"rendered":"Ferienh\u00e4user in der N\u00e4he von Schl\u00f6ssern in England"},"content":{"rendered":"<p><img loading=\"lazy\" class=\"aligncenter size-full wp-image-42164\" src=\"https:\/\/www.urlaubcornwall.de\/blog\/wp-content\/uploads\/2021\/08\/pendennis-schloss.jpg\" alt=\"pendennis schloss\" width=\"750\" height=\"499\" srcset=\"https:\/\/www.urlaubcornwall.de\/blog\/wp-content\/uploads\/2021\/08\/pendennis-schloss.jpg 750w, https:\/\/www.urlaubcornwall.de\/blog\/wp-content\/uploads\/2021\/08\/pendennis-schloss-300x200.jpg 300w\" sizes=\"(max-width: 750px) 100vw, 750px\" \/><\/p>\n<p><strong><a href=\"https:\/\/www.urlaubcornwall.de\/ferienhaeuser-fewos\/cornwall.html\">Cornwall<\/a><\/strong><\/p>\n<p>Falmouth liegt am \u00c4stuar des Flusses Fal, eines der feinsten Naturh\u00e4fen der Welt. Auf einer Landspitze mit Blick auf die Bucht von Falmouth befindet sich die Burg Pendennis Castle. <\/p>\n<p><a href=\"https:\/\/www.urlaubcornwall.de\/ferienhaeuser-fewos\/falmouth.html\">Unterk\u00fcnfte in Falmouth<\/a><\/p>\n<p>St Mawes ist auch bekannt wegen seiner Fu\u00dfg\u00e4ngerf\u00e4hre nach Falmouth und beherbergt die besterhaltendste K\u00fcstenfestung Heinrich VIII, die St Mawes Burg. <\/p>\n<p><a href=\"https:\/\/www.urlaubcornwall.de\/ferienhaeuser-fewos\/st-mawes.html\">Unterk\u00fcnfte in St Mawes<\/a><\/p>\n<p>Lostwithiel liegt eingebettet in ein wundersch\u00f6nes Tal an den Ufern des Flusses Fowey. Die Burg Restormel und die St Bartholom\u00e4us Kirche sind noch heute Beispiele der atemberaubenden Architektur dieser historischen Stadt. <\/p>\n<p><a href=\"https:\/\/www.urlaubcornwall.de\/ferienhaeuser-fewos\/lostwithiel.html\">Unterk\u00fcnfte  in Lostwithiel<\/a><\/p>\n<p><strong><a href=\"https:\/\/www.urlaubcornwall.de\/ferienhaeuser-fewos\/eng\/devon\/devon.html\">Devon<\/a><\/strong><\/p>\n<p><a href=\"https:\/\/www.urlaubcornwall.de\/blog\/wp-content\/uploads\/2024\/05\/dunster.jpg\"><img loading=\"lazy\" src=\"https:\/\/www.urlaubcornwall.de\/blog\/wp-content\/uploads\/2024\/05\/dunster.jpg\" alt=\"dunster\" width=\"750\" height=\"465\" class=\"alignnone size-full wp-image-50301\" srcset=\"https:\/\/www.urlaubcornwall.de\/blog\/wp-content\/uploads\/2024\/05\/dunster.jpg 750w, https:\/\/www.urlaubcornwall.de\/blog\/wp-content\/uploads\/2024\/05\/dunster-300x186.jpg 300w\" sizes=\"(max-width: 750px) 100vw, 750px\" \/><\/a><\/p>\n<p>In spektakul\u00e4rer Lage auf dem <a href=\"https:\/\/www.urlaubcornwall.de\/ferienhaeuser-fewos\/eng\/nord-devon\/exmoor-national-park.html\">Exmoor<\/a>, umgeben von unber\u00fchrter, rauer Sch\u00f6nheit, ist Dunster ein mittelalterliches Dorf, das gr\u00f6\u00dftenteils vom unbarmherzigen Lauf der Zeit verschont geblieben ist. Die Stra\u00dfen sind umrahmt von ungew\u00f6hnlichen Boutique-Gesch\u00e4ften, traditionellen Kneipen und h\u00fcbschen Teeh\u00e4usern, und die Romantik, die die Burg Dunster ausstrahlt, wird jedermann entz\u00fccken. <\/p>\n<p><a href=\"https:\/\/www.urlaubcornwall.de\/ferienhaeuser-fewos\/eng\/nord-devon\/exmoor-national-park.html\">Unterk\u00fcnfte in Exmoor<\/a><\/p>\n<p>Mit seinem Blick \u00fcber Teign Gorge muss die dramatische Lage von <a href=\"https:\/\/www.nationaltrust.org.uk\/castle-drogo\">Castle Drogo<\/a> einfach bewundert werden. Die Burg wurde vom ber\u00fchmten Architekten des 20. Jahrhunderts, Sir Edwin Lutyens, designt. Er hat sich zum Design von den umgebenden zerkl\u00fcfteten Dartmoor Tors inspirieren lassen. Aufgrund seines atemberaubenden Blicks auf Dartmoor.<\/p>\n<p><a href=\"https:\/\/www.urlaubcornwall.de\/ferienhaeuser-fewos\/eng\/sued-devon\/devon-dartmoor.html\">Unterkunft in Dartmoor<\/a><\/p>\n<p><strong><a href=\"https:\/\/www.urlaubcornwall.de\/ferienhaeuser-fewos\/eng\/dorset\/dorset.html\">Dorset<\/a><\/strong><\/p>\n<p><a href=\"https:\/\/www.urlaubcornwall.de\/blog\/wp-content\/uploads\/2024\/03\/corfe-castle.jpg\"><img loading=\"lazy\" src=\"https:\/\/www.urlaubcornwall.de\/blog\/wp-content\/uploads\/2024\/03\/corfe-castle.jpg\" alt=\"corfe castle\" width=\"750\" height=\"719\" class=\"alignnone size-full wp-image-47968\" srcset=\"https:\/\/www.urlaubcornwall.de\/blog\/wp-content\/uploads\/2024\/03\/corfe-castle.jpg 750w, https:\/\/www.urlaubcornwall.de\/blog\/wp-content\/uploads\/2024\/03\/corfe-castle-300x288.jpg 300w\" sizes=\"(max-width: 750px) 100vw, 750px\" \/><\/a><\/p>\n<p>Das Dorf Corfe Castle ist Zuhause einiger der wichtigsten Ruinen des Landes und umgeben von der wundersch\u00f6nen Landschaft der <a href=\"https:\/\/www.urlaubcornwall.de\/ferienhaeuser-fewos\/eng\/dorset\/isle-of-purbeck.html\">Insel Purbeck<\/a>, einer Halbinsel, die sich \u00fcber einen weiten Teil <a href=\"https:\/\/www.urlaubcornwall.de\/reiseziel\/dorset.php\">Dorsets<\/a> hinweg zieht. Geschichtsfreunde werden das Schloss selbst faszinierend finden \u2013 eine \u00fcber 1000 Jahre alte dramatische Ruine auf der H\u00fcgelspitze. <\/p>\n<p><a href=\"https:\/\/www.urlaubcornwall.de\/ferienhaeuser-fewos\/eng\/dorset\/corfe-castle.html\">Unterk\u00fcnfte in Corfe Castle<\/a><\/p>\n<p><strong><a href=\"https:\/\/www.urlaubcornwall.de\/ferienhaeuser-fewos\/eng\/berkshire\/berkshire.html\">Berkshire<\/a><\/strong><br \/>\n<img loading=\"lazy\" class=\"aligncenter size-full wp-image-47847\" src=\"https:\/\/www.urlaubcornwall.de\/blog\/wp-content\/uploads\/2024\/03\/highclere-schloss.jpg\" alt=\"highclere-schloss\" width=\"750\" height=\"500\" srcset=\"https:\/\/www.urlaubcornwall.de\/blog\/wp-content\/uploads\/2024\/03\/highclere-schloss.jpg 750w, https:\/\/www.urlaubcornwall.de\/blog\/wp-content\/uploads\/2024\/03\/highclere-schloss-300x200.jpg 300w\" sizes=\"(max-width: 750px) 100vw, 750px\" \/><\/p>\n<p><a href=\"https:\/\/www.highclerecastle.co.uk\/\" rel=\"nofollow\">Schloss Highclere<\/a> wurde im jakobinischen Stil erbaut und ist der Landsitz des Herzogs und der Herzogin von Carnarvon. Die 1000 Ar Park und G\u00e4rten wurden von Capability Brown designt, dem Meister-Landschaftsdesigner des 18. Jahrhunderts, und bieten herrlichen Blick \u00fcber das sich sanft dahin schwingende Tiefland Nordhampshires und des Kennet Tals. Verpassen Sie die \u00c4gyptische Ausstellung nicht; die Kunstwerke wurden vom 5. Herzog von Carnarvon (*1866 \u2013 +1923) gekauft und gesammelt, der 1922 die Grabesst\u00e4tte des \u00e4gyptischen Pharaos Tutankhamun entdeckte. Schloss Highclere tauchte in zahlreichen Filmen und Fernseh\u00fcbertragungen auf, die ber\u00fchmteste und j\u00fcngste Verfilmung w\u00e4re Downton Abbey. <\/p>\n<p><a href=\"https:\/\/www.urlaubcornwall.de\/ferienhaeuser-fewos\/eng\/berkshire\/berkshire.html\">Unterk\u00fcnfte in Berkshire<\/a><\/p>\n<p><strong><a href=\"https:\/\/www.urlaubcornwall.de\/ferienhaeuser-fewos\/eng\/sussex\/sussex.html\">Sussex<\/a><\/strong><\/p>\n<p><img loading=\"lazy\" class=\"aligncenter size-full wp-image-48095\" src=\"https:\/\/www.urlaubcornwall.de\/blog\/wp-content\/uploads\/2024\/03\/arundel-schloss-rotated.jpg\" alt=\"arundel schloss\" width=\"750\" height=\"563\" srcset=\"https:\/\/www.urlaubcornwall.de\/blog\/wp-content\/uploads\/2024\/03\/arundel-schloss-rotated.jpg 750w, https:\/\/www.urlaubcornwall.de\/blog\/wp-content\/uploads\/2024\/03\/arundel-schloss-300x225.jpg 300w\" sizes=\"(max-width: 750px) 100vw, 750px\" \/><\/p>\n<p><a href=\"http:\/\/www.arundelcastle.org\/\"rel=\"nofollow\">Schloss Arundel<\/a> befindet sich auf einem H\u00fcgel in Westsussex mit herrlichem Blick \u00fcber die South Downs. Es wurde Ende des 11. Jahrhunderts gegr\u00fcndet und blieb \u00fcber 850 Jahre lang das Familienzuhause der Herzoge von Norfolk. Eine Vielzahl der Originalteile sind erhalten, doch in den 1870ern und 1890ern wurde das Haus erneuert und gilt heute als eines der besten Beispiele viktorianisch-gotischer Architektur. <\/p>\n<p><a href=\"https:\/\/www.urlaubcornwall.de\/ferienhaeuser-fewos\/eng\/sussex\/sussex.html\">Unterk\u00fcnfte in Sussex<\/a><\/p>\n<p><strong><a href=\"https:\/\/www.urlaubcornwall.de\/ferienhaeuser-fewos\/eng\/lake-district\/lake-district.html\">Lake District &#8211; Cumbria<\/a><\/strong><\/p>\n<p>Besuchen Sie Muncaster Castle \u2013 ein Schloss in Privatbesitz mit Blick \u00fcber den Fluss Esk bei Ravenglass. Das Schloss ist seit 1208 das Zuhause der Familie Pennington und stellt einen herrlichen Familienausflugstag in Cumbria dar. Dieses historische Schloss, in dem es spukt, befindet sich innerhalb von mehr als 30 Hektar wundersch\u00f6ner G\u00e4rten und Wald. Machen Sie eine gef\u00fchrte Tour durchs Schloss und genie\u00dfen Sie die friedvollsten und historischsten G\u00e4rten Cambrias. <\/p>\n<p><a href=\"https:\/\/www.urlaubcornwall.de\/ferienhaeuser-fewos\/eng\/lake-district\/lake-district.html\">Unterk\u00fcnfte in Lake District<\/a><\/p>\n<p><strong><a href=\"https:\/\/www.urlaubcornwall.de\/ferienhaeuser-fewos\/eng\/kent\/kent.html\">Kent<\/a><\/strong><\/p>\n<p><img loading=\"lazy\" class=\"aligncenter size-full wp-image-24625\" src=\"https:\/\/www.urlaubcornwall.de\/blog\/wp-content\/uploads\/2016\/06\/hever-schloss-kent.jpg\" alt=\"hever schloss kent\" width=\"745\" height=\"402\" srcset=\"https:\/\/www.urlaubcornwall.de\/blog\/wp-content\/uploads\/2016\/06\/hever-schloss-kent.jpg 745w, https:\/\/www.urlaubcornwall.de\/blog\/wp-content\/uploads\/2016\/06\/hever-schloss-kent-300x162.jpg 300w\" sizes=\"(max-width: 745px) 100vw, 745px\" \/><\/p>\n<p><a href=\"https:\/\/www.hevercastle.co.uk\/\"><strong>Hever Castle:<\/strong><\/a> Hever Castle ist ein befestigtes Herrenhaus, das romantisch in seinem Wallgraben steht. Hever Castle wurde im 13. Jahrhundert erbaut, und hier hat Anne Boleyn, die zweite Frau Heinrichs VIII, ihre Kindheit verbracht. <a href=\"https:\/\/www.urlaubcornwall.de\/ferienhaeuser-fewos\/eng\/kent\/kent.html\">Unterk\u00fcnfte nahe Hever<\/a>  <\/p>\n<p>Walmer Castle, Sandwich, ist eines von drei Schl\u00f6ssern, das von Heinrich VIII in den 1530ern entlang dieses K\u00fcstenabschnitts von Kent erbaut wurde; die anderen beiden sind bei Deal und Sandown. Dieses charmante Tudorschloss am Meer verf\u00fcgt \u00fcber 8 Ar herrlicher G\u00e4rten und Parks. Das Schloss ist das Zuhause von Lord Warden. <\/p>\n<p><a href=\"https:\/\/www.urlaubcornwall.de\/ferienhaeuser-fewos\/eng\/kent\/sandwich.html\">Unterk\u00fcnfte in Sandwich<\/a><\/p>\n<p>In Kent verf\u00fcgt Sissinghurst Castle \u00fcber einen der feinsten G\u00e4rten des UK mit einer &nbsp;spektakul\u00e4ren Schau an bunten und atemberaubenden Rosen. Der Garten wurde in den 1930ern von der ber\u00fchmten Gartenschriftstellerin Vita Sackville-West designt. <\/p>\n<p><a href=\"https:\/\/www.urlaubcornwall.de\/ferienhaeuser-fewos\/eng\/kent\/sissinghurst.html\">Unterk\u00fcnfte in Sissinghurst<\/a><\/p>\n<p><strong><a href=\"https:\/\/www.urlaubcornwall.de\/ferienhaeuser-fewos\/eng\/isle-of-wight\/isle-of-wight.html\">Isle of Wight<\/a><\/strong><\/p>\n<p><a href=\"https:\/\/www.urlaubcornwall.de\/blog\/wp-content\/uploads\/2024\/03\/Carisbrooke-Castle.jpg\"><img loading=\"lazy\" src=\"https:\/\/www.urlaubcornwall.de\/blog\/wp-content\/uploads\/2024\/03\/Carisbrooke-Castle.jpg\" alt=\"Carisbrooke-Castle\" width=\"750\" height=\"500\" class=\"alignnone size-full wp-image-48163\" srcset=\"https:\/\/www.urlaubcornwall.de\/blog\/wp-content\/uploads\/2024\/03\/Carisbrooke-Castle.jpg 750w, https:\/\/www.urlaubcornwall.de\/blog\/wp-content\/uploads\/2024\/03\/Carisbrooke-Castle-300x200.jpg 300w\" sizes=\"(max-width: 750px) 100vw, 750px\" \/><\/a><\/p>\n<p>Im Binnenland finden Sie Carisbrooke Castle mit Familienevents, die die Geschichte des Schlosses zum Leben erwecken. Die Fossiliensuche an der Compton Bay oder dem Yaverland Beach ist beliebt; die Isle of Wight tr\u00e4gt auch den Spitznamen \u201eDinosaurierinsel\u201c, da es hier so viele pr\u00e4historische Funde gab. <\/p>\n<p><a href=\"https:\/\/www.urlaubcornwall.de\/ferienhaeuser-fewos\/eng\/isle-of-wight\/isle-of-wight.html\">Unterk\u00fcnfte in Isle of Wight<\/a><\/p>\n","protected":false},"excerpt":{"rendered":"<p>Cornwall Falmouth liegt am \u00c4stuar des Flusses Fal, eines der feinsten Naturh\u00e4fen der Welt. Auf einer Landspitze mit Blick auf die Bucht von Falmouth befindet sich die Burg Pendennis Castle. Unterk\u00fcnfte in Falmouth St Mawes ist auch bekannt wegen seiner Fu\u00dfg\u00e4ngerf\u00e4hre nach Falmouth und beherbergt die besterhaltendste K\u00fcstenfestung Heinrich VIII, die St Mawes Burg. Unterk\u00fcnfte [&hellip;]<\/p>\n","protected":false},"author":1,"featured_media":0,"parent":0,"menu_order":0,"comment_status":"closed","ping_status":"closed","template":"single-four.php","meta":[],"acf":[],"yoast_head":"<!-- This site is optimized with the Yoast SEO plugin v19.4 - https:\/\/yoast.com\/wordpress\/plugins\/seo\/ -->\n<title>Ferienh\u00e4user in der N\u00e4he von Schl\u00f6ssern in England - Urlaub &amp; Reisen<\/title>\n<meta name=\"robots\" content=\"index, follow, max-snippet:-1, max-image-preview:large, max-video-preview:-1\" \/>\n<link rel=\"canonical\" href=\"https:\/\/www.urlaubcornwall.de\/blog\/ferienhaeuser-in-der-naehe-von-schloessern-in-england\/\" \/>\n<meta property=\"og:locale\" content=\"en_US\" \/>\n<meta property=\"og:type\" content=\"article\" \/>\n<meta property=\"og:title\" content=\"Ferienh\u00e4user in der N\u00e4he von Schl\u00f6ssern in England - Urlaub &amp; Reisen\" \/>\n<meta property=\"og:description\" content=\"Cornwall Falmouth liegt am \u00c4stuar des Flusses Fal, eines der feinsten Naturh\u00e4fen der Welt. Auf einer Landspitze mit Blick auf die Bucht von Falmouth befindet sich die Burg Pendennis Castle. Unterk\u00fcnfte in Falmouth St Mawes ist auch bekannt wegen seiner Fu\u00dfg\u00e4ngerf\u00e4hre nach Falmouth und beherbergt die besterhaltendste K\u00fcstenfestung Heinrich VIII, die St Mawes Burg. Unterk\u00fcnfte [&hellip;]\" \/>\n<meta property=\"og:url\" content=\"https:\/\/www.urlaubcornwall.de\/blog\/ferienhaeuser-in-der-naehe-von-schloessern-in-england\/\" \/>\n<meta property=\"og:site_name\" content=\"Urlaub &amp; Reisen\" \/>\n<meta property=\"article:modified_time\" content=\"2024-05-31T08:11:36+00:00\" \/>\n<meta property=\"og:image\" content=\"https:\/\/www.urlaubcornwall.de\/blog\/wp-content\/uploads\/2021\/08\/pendennis-schloss.jpg\" \/>\n<meta name=\"twitter:card\" content=\"summary\" \/>\n<meta name=\"twitter:label1\" content=\"Est. reading time\" \/>\n\t<meta name=\"twitter:data1\" content=\"5 minutes\" \/>\n<script type=\"application\/ld+json\" class=\"yoast-schema-graph\">{\"@context\":\"https:\/\/schema.org\",\"@graph\":[{\"@type\":\"WebSite\",\"@id\":\"https:\/\/www.urlaubcornwall.de\/blog\/#website\",\"url\":\"https:\/\/www.urlaubcornwall.de\/blog\/\",\"name\":\"Urlaub &amp; Reisen\",\"description\":\"Urlaub, Reisen, Cornwall und S\u00fcdengland: eine perfekte Kombination\",\"potentialAction\":[{\"@type\":\"SearchAction\",\"target\":{\"@type\":\"EntryPoint\",\"urlTemplate\":\"https:\/\/www.urlaubcornwall.de\/blog\/?s={search_term_string}\"},\"query-input\":\"required name=search_term_string\"}],\"inLanguage\":\"en-US\"},{\"@type\":\"WebPage\",\"@id\":\"https:\/\/www.urlaubcornwall.de\/blog\/ferienhaeuser-in-der-naehe-von-schloessern-in-england\/\",\"url\":\"https:\/\/www.urlaubcornwall.de\/blog\/ferienhaeuser-in-der-naehe-von-schloessern-in-england\/\",\"name\":\"Ferienh\u00e4user in der N\u00e4he von Schl\u00f6ssern in England - Urlaub &amp; Reisen\",\"isPartOf\":{\"@id\":\"https:\/\/www.urlaubcornwall.de\/blog\/#website\"},\"datePublished\":\"2021-08-09T14:20:46+00:00\",\"dateModified\":\"2024-05-31T08:11:36+00:00\",\"breadcrumb\":{\"@id\":\"https:\/\/www.urlaubcornwall.de\/blog\/ferienhaeuser-in-der-naehe-von-schloessern-in-england\/#breadcrumb\"},\"inLanguage\":\"en-US\",\"potentialAction\":[{\"@type\":\"ReadAction\",\"target\":[\"https:\/\/www.urlaubcornwall.de\/blog\/ferienhaeuser-in-der-naehe-von-schloessern-in-england\/\"]}]},{\"@type\":\"BreadcrumbList\",\"@id\":\"https:\/\/www.urlaubcornwall.de\/blog\/ferienhaeuser-in-der-naehe-von-schloessern-in-england\/#breadcrumb\",\"itemListElement\":[{\"@type\":\"ListItem\",\"position\":1,\"name\":\"Home\",\"item\":\"https:\/\/www.urlaubcornwall.de\/blog\/\"},{\"@type\":\"ListItem\",\"position\":2,\"name\":\"Ferienh\u00e4user in der N\u00e4he von Schl\u00f6ssern in England\"}]}]}<\/script>\n<!-- \/ Yoast SEO plugin. -->","yoast_head_json":{"title":"Ferienh\u00e4user in der N\u00e4he von Schl\u00f6ssern in England - Urlaub &amp; Reisen","robots":{"index":"index","follow":"follow","max-snippet":"max-snippet:-1","max-image-preview":"max-image-preview:large","max-video-preview":"max-video-preview:-1"},"canonical":"https:\/\/www.urlaubcornwall.de\/blog\/ferienhaeuser-in-der-naehe-von-schloessern-in-england\/","og_locale":"en_US","og_type":"article","og_title":"Ferienh\u00e4user in der N\u00e4he von Schl\u00f6ssern in England - Urlaub &amp; Reisen","og_description":"Cornwall Falmouth liegt am \u00c4stuar des Flusses Fal, eines der feinsten Naturh\u00e4fen der Welt. Auf einer Landspitze mit Blick auf die Bucht von Falmouth befindet sich die Burg Pendennis Castle. Unterk\u00fcnfte in Falmouth St Mawes ist auch bekannt wegen seiner Fu\u00dfg\u00e4ngerf\u00e4hre nach Falmouth und beherbergt die besterhaltendste K\u00fcstenfestung Heinrich VIII, die St Mawes Burg. Unterk\u00fcnfte [&hellip;]","og_url":"https:\/\/www.urlaubcornwall.de\/blog\/ferienhaeuser-in-der-naehe-von-schloessern-in-england\/","og_site_name":"Urlaub &amp; Reisen","article_modified_time":"2024-05-31T08:11:36+00:00","og_image":[{"url":"https:\/\/www.urlaubcornwall.de\/blog\/wp-content\/uploads\/2021\/08\/pendennis-schloss.jpg"}],"twitter_card":"summary","twitter_misc":{"Est. reading time":"5 minutes"},"schema":{"@context":"https:\/\/schema.org","@graph":[{"@type":"WebSite","@id":"https:\/\/www.urlaubcornwall.de\/blog\/#website","url":"https:\/\/www.urlaubcornwall.de\/blog\/","name":"Urlaub &amp; Reisen","description":"Urlaub, Reisen, Cornwall und S\u00fcdengland: eine perfekte Kombination","potentialAction":[{"@type":"SearchAction","target":{"@type":"EntryPoint","urlTemplate":"https:\/\/www.urlaubcornwall.de\/blog\/?s={search_term_string}"},"query-input":"required name=search_term_string"}],"inLanguage":"en-US"},{"@type":"WebPage","@id":"https:\/\/www.urlaubcornwall.de\/blog\/ferienhaeuser-in-der-naehe-von-schloessern-in-england\/","url":"https:\/\/www.urlaubcornwall.de\/blog\/ferienhaeuser-in-der-naehe-von-schloessern-in-england\/","name":"Ferienh\u00e4user in der N\u00e4he von Schl\u00f6ssern in England - Urlaub &amp; Reisen","isPartOf":{"@id":"https:\/\/www.urlaubcornwall.de\/blog\/#website"},"datePublished":"2021-08-09T14:20:46+00:00","dateModified":"2024-05-31T08:11:36+00:00","breadcrumb":{"@id":"https:\/\/www.urlaubcornwall.de\/blog\/ferienhaeuser-in-der-naehe-von-schloessern-in-england\/#breadcrumb"},"inLanguage":"en-US","potentialAction":[{"@type":"ReadAction","target":["https:\/\/www.urlaubcornwall.de\/blog\/ferienhaeuser-in-der-naehe-von-schloessern-in-england\/"]}]},{"@type":"BreadcrumbList","@id":"https:\/\/www.urlaubcornwall.de\/blog\/ferienhaeuser-in-der-naehe-von-schloessern-in-england\/#breadcrumb","itemListElement":[{"@type":"ListItem","position":1,"name":"Home","item":"https:\/\/www.urlaubcornwall.de\/blog\/"},{"@type":"ListItem","position":2,"name":"Ferienh\u00e4user in der N\u00e4he von Schl\u00f6ssern in England"}]}]}},"_links":{"self":[{"href":"https:\/\/www.urlaubcornwall.de\/blog\/wp-json\/wp\/v2\/pages\/42160"}],"collection":[{"href":"https:\/\/www.urlaubcornwall.de\/blog\/wp-json\/wp\/v2\/pages"}],"about":[{"href":"https:\/\/www.urlaubcornwall.de\/blog\/wp-json\/wp\/v2\/types\/page"}],"author":[{"embeddable":true,"href":"https:\/\/www.urlaubcornwall.de\/blog\/wp-json\/wp\/v2\/users\/1"}],"replies":[{"embeddable":true,"href":"https:\/\/www.urlaubcornwall.de\/blog\/wp-json\/wp\/v2\/comments?post=42160"}],"version-history":[{"count":14,"href":"https:\/\/www.urlaubcornwall.de\/blog\/wp-json\/wp\/v2\/pages\/42160\/revisions"}],"predecessor-version":[{"id":51222,"href":"https:\/\/www.urlaubcornwall.de\/blog\/wp-json\/wp\/v2\/pages\/42160\/revisions\/51222"}],"wp:attachment":[{"href":"https:\/\/www.urlaubcornwall.de\/blog\/wp-json\/wp\/v2\/media?parent=42160"}],"curies":[{"name":"wp","href":"https:\/\/api.w.org\/{rel}","templated":true}]}}