{"id":42041,"date":"2021-08-02T15:58:40","date_gmt":"2021-08-02T15:58:40","guid":{"rendered":"https:\/\/www.urlaubcornwall.de\/blog\/?page_id=42041"},"modified":"2024-05-27T23:35:03","modified_gmt":"2024-05-27T23:35:03","slug":"sehenswuerdigkeiten-selkirk","status":"publish","type":"page","link":"https:\/\/www.urlaubcornwall.de\/blog\/sehenswuerdigkeiten-selkirk\/","title":{"rendered":"Sehensw\u00fcrdigkeiten in Selkirk"},"content":{"rendered":"<p>Im Herzen des schottischen Grenzgebiets bei <a href=\"https:\/\/www.urlaubcornwall.de\/ferienhaeuser-fewos\/sco\/suedschottland\/selkirk.html\">Selkirk<\/a> befindet sich eines von Schottlands feinsten H\u00e4usern und Landg\u00fctern. Dieses herrliche Haus ist das Zuhause des Herzogs und der Herzogin von Buccleuch und ist zu bestimmten Zeiten w\u00e4hrend des Jahres ge\u00f6ffnet, wenn Sie dann eine gef\u00fchrte Tour der wundervoll m\u00f6blierten und dekorierten Inneneinrichtung genie\u00dfen und die ber\u00fchmte Buccleuch Kunstsammlung bewundern k\u00f6nnen mit Meisterwerken von Canaletto, Reynolds und Gainsborough. <\/p>\n<p>Es gibt herrliche G\u00e4rten zu erkunden mit Rhododendren und Azaleen, sowie einen herrlichen Blick \u00fcber das Ettrick Tal. Neben jeder Menge Wanderpfaden bietet das Grundst\u00fcck des Guts eine Vielfalt an Aktivit\u00e4ten im Freien f\u00fcr die gesamte Familie, Reiten, Angeln, Zip Wires in Baumkronen und einen Abenteuerspielplatz. Es gibt Ranger, die \u00fcber ein breites Wissen der Gegend verf\u00fcgen und Experten sind bez\u00fcglich der einheimischen Flora und Fauna, so dass sie Besucher durch Waldwege f\u00fchren k\u00f6nnen. Sie k\u00f6nnen auch eine Tour des Guts Bowhill gem\u00fctlich vom Land Rover aus genie\u00dfen, der von einem der Experten, der Ranger, durch die herrliche Landschaft gefahren wird mit einer Menge an Fotom\u00f6glichkeiten.<\/p>\n<h2 style=\"text-align: center;\"><a href=\"https:\/\/www.urlaubcornwall.de\/ferienhaeuser\/schottland.php\"><strong>Pers\u00f6nlich inspizierte Ferienh\u00e4user, Ferienwohnungen &amp; Cottages in Schottland f\u00fcr Ihren Urlaub<\/strong><\/a><\/h2>\n<p style=\"text-align: center;\">Bei uns finden Sie Ferienh\u00e4user zum Verlieben; so einfach ist das!<\/p>\n<p style=\"text-align: center;\"><a class=\"tidycta\" href=\"https:\/\/www.urlaubcornwall.de\/ferienhaeuser\/schottland.php\">Suche Ferienh\u00e4user<\/a><\/p>\n","protected":false},"excerpt":{"rendered":"<p>Im Herzen des schottischen Grenzgebiets bei Selkirk befindet sich eines von Schottlands feinsten H\u00e4usern und Landg\u00fctern. Dieses herrliche Haus ist das Zuhause des Herzogs und der Herzogin von Buccleuch und ist zu bestimmten Zeiten w\u00e4hrend des Jahres ge\u00f6ffnet, wenn Sie dann eine gef\u00fchrte Tour der wundervoll m\u00f6blierten und dekorierten Inneneinrichtung genie\u00dfen und die ber\u00fchmte Buccleuch [&hellip;]<\/p>\n","protected":false},"author":1,"featured_media":0,"parent":0,"menu_order":0,"comment_status":"closed","ping_status":"closed","template":"single-four.php","meta":[],"acf":[],"yoast_head":"<!-- This site is optimized with the Yoast SEO plugin v19.4 - https:\/\/yoast.com\/wordpress\/plugins\/seo\/ -->\n<title>Sehensw\u00fcrdigkeiten in Selkirk - Urlaub &amp; Reisen<\/title>\n<meta name=\"robots\" content=\"index, follow, max-snippet:-1, max-image-preview:large, max-video-preview:-1\" \/>\n<link rel=\"canonical\" href=\"https:\/\/www.urlaubcornwall.de\/blog\/sehenswuerdigkeiten-selkirk\/\" \/>\n<meta property=\"og:locale\" content=\"en_US\" \/>\n<meta property=\"og:type\" content=\"article\" \/>\n<meta property=\"og:title\" content=\"Sehensw\u00fcrdigkeiten in Selkirk - Urlaub &amp; Reisen\" \/>\n<meta property=\"og:description\" content=\"Im Herzen des schottischen Grenzgebiets bei Selkirk befindet sich eines von Schottlands feinsten H\u00e4usern und Landg\u00fctern. Dieses herrliche Haus ist das Zuhause des Herzogs und der Herzogin von Buccleuch und ist zu bestimmten Zeiten w\u00e4hrend des Jahres ge\u00f6ffnet, wenn Sie dann eine gef\u00fchrte Tour der wundervoll m\u00f6blierten und dekorierten Inneneinrichtung genie\u00dfen und die ber\u00fchmte Buccleuch [&hellip;]\" \/>\n<meta property=\"og:url\" content=\"https:\/\/www.urlaubcornwall.de\/blog\/sehenswuerdigkeiten-selkirk\/\" \/>\n<meta property=\"og:site_name\" content=\"Urlaub &amp; Reisen\" \/>\n<meta property=\"article:modified_time\" content=\"2024-05-27T23:35:03+00:00\" \/>\n<meta name=\"twitter:card\" content=\"summary\" \/>\n<meta name=\"twitter:label1\" content=\"Est. reading time\" \/>\n\t<meta name=\"twitter:data1\" content=\"2 minutes\" \/>\n<script type=\"application\/ld+json\" class=\"yoast-schema-graph\">{\"@context\":\"https:\/\/schema.org\",\"@graph\":[{\"@type\":\"WebSite\",\"@id\":\"https:\/\/www.urlaubcornwall.de\/blog\/#website\",\"url\":\"https:\/\/www.urlaubcornwall.de\/blog\/\",\"name\":\"Urlaub &amp; Reisen\",\"description\":\"Urlaub, Reisen, Cornwall und S\u00fcdengland: eine perfekte Kombination\",\"potentialAction\":[{\"@type\":\"SearchAction\",\"target\":{\"@type\":\"EntryPoint\",\"urlTemplate\":\"https:\/\/www.urlaubcornwall.de\/blog\/?s={search_term_string}\"},\"query-input\":\"required name=search_term_string\"}],\"inLanguage\":\"en-US\"},{\"@type\":\"WebPage\",\"@id\":\"https:\/\/www.urlaubcornwall.de\/blog\/sehenswuerdigkeiten-selkirk\/\",\"url\":\"https:\/\/www.urlaubcornwall.de\/blog\/sehenswuerdigkeiten-selkirk\/\",\"name\":\"Sehensw\u00fcrdigkeiten in Selkirk - Urlaub &amp; Reisen\",\"isPartOf\":{\"@id\":\"https:\/\/www.urlaubcornwall.de\/blog\/#website\"},\"datePublished\":\"2021-08-02T15:58:40+00:00\",\"dateModified\":\"2024-05-27T23:35:03+00:00\",\"breadcrumb\":{\"@id\":\"https:\/\/www.urlaubcornwall.de\/blog\/sehenswuerdigkeiten-selkirk\/#breadcrumb\"},\"inLanguage\":\"en-US\",\"potentialAction\":[{\"@type\":\"ReadAction\",\"target\":[\"https:\/\/www.urlaubcornwall.de\/blog\/sehenswuerdigkeiten-selkirk\/\"]}]},{\"@type\":\"BreadcrumbList\",\"@id\":\"https:\/\/www.urlaubcornwall.de\/blog\/sehenswuerdigkeiten-selkirk\/#breadcrumb\",\"itemListElement\":[{\"@type\":\"ListItem\",\"position\":1,\"name\":\"Home\",\"item\":\"https:\/\/www.urlaubcornwall.de\/blog\/\"},{\"@type\":\"ListItem\",\"position\":2,\"name\":\"Sehensw\u00fcrdigkeiten in Selkirk\"}]}]}<\/script>\n<!-- \/ Yoast SEO plugin. -->","yoast_head_json":{"title":"Sehensw\u00fcrdigkeiten in Selkirk - Urlaub &amp; Reisen","robots":{"index":"index","follow":"follow","max-snippet":"max-snippet:-1","max-image-preview":"max-image-preview:large","max-video-preview":"max-video-preview:-1"},"canonical":"https:\/\/www.urlaubcornwall.de\/blog\/sehenswuerdigkeiten-selkirk\/","og_locale":"en_US","og_type":"article","og_title":"Sehensw\u00fcrdigkeiten in Selkirk - Urlaub &amp; Reisen","og_description":"Im Herzen des schottischen Grenzgebiets bei Selkirk befindet sich eines von Schottlands feinsten H\u00e4usern und Landg\u00fctern. Dieses herrliche Haus ist das Zuhause des Herzogs und der Herzogin von Buccleuch und ist zu bestimmten Zeiten w\u00e4hrend des Jahres ge\u00f6ffnet, wenn Sie dann eine gef\u00fchrte Tour der wundervoll m\u00f6blierten und dekorierten Inneneinrichtung genie\u00dfen und die ber\u00fchmte Buccleuch [&hellip;]","og_url":"https:\/\/www.urlaubcornwall.de\/blog\/sehenswuerdigkeiten-selkirk\/","og_site_name":"Urlaub &amp; Reisen","article_modified_time":"2024-05-27T23:35:03+00:00","twitter_card":"summary","twitter_misc":{"Est. reading time":"2 minutes"},"schema":{"@context":"https:\/\/schema.org","@graph":[{"@type":"WebSite","@id":"https:\/\/www.urlaubcornwall.de\/blog\/#website","url":"https:\/\/www.urlaubcornwall.de\/blog\/","name":"Urlaub &amp; Reisen","description":"Urlaub, Reisen, Cornwall und S\u00fcdengland: eine perfekte Kombination","potentialAction":[{"@type":"SearchAction","target":{"@type":"EntryPoint","urlTemplate":"https:\/\/www.urlaubcornwall.de\/blog\/?s={search_term_string}"},"query-input":"required name=search_term_string"}],"inLanguage":"en-US"},{"@type":"WebPage","@id":"https:\/\/www.urlaubcornwall.de\/blog\/sehenswuerdigkeiten-selkirk\/","url":"https:\/\/www.urlaubcornwall.de\/blog\/sehenswuerdigkeiten-selkirk\/","name":"Sehensw\u00fcrdigkeiten in Selkirk - Urlaub &amp; Reisen","isPartOf":{"@id":"https:\/\/www.urlaubcornwall.de\/blog\/#website"},"datePublished":"2021-08-02T15:58:40+00:00","dateModified":"2024-05-27T23:35:03+00:00","breadcrumb":{"@id":"https:\/\/www.urlaubcornwall.de\/blog\/sehenswuerdigkeiten-selkirk\/#breadcrumb"},"inLanguage":"en-US","potentialAction":[{"@type":"ReadAction","target":["https:\/\/www.urlaubcornwall.de\/blog\/sehenswuerdigkeiten-selkirk\/"]}]},{"@type":"BreadcrumbList","@id":"https:\/\/www.urlaubcornwall.de\/blog\/sehenswuerdigkeiten-selkirk\/#breadcrumb","itemListElement":[{"@type":"ListItem","position":1,"name":"Home","item":"https:\/\/www.urlaubcornwall.de\/blog\/"},{"@type":"ListItem","position":2,"name":"Sehensw\u00fcrdigkeiten in Selkirk"}]}]}},"_links":{"self":[{"href":"https:\/\/www.urlaubcornwall.de\/blog\/wp-json\/wp\/v2\/pages\/42041"}],"collection":[{"href":"https:\/\/www.urlaubcornwall.de\/blog\/wp-json\/wp\/v2\/pages"}],"about":[{"href":"https:\/\/www.urlaubcornwall.de\/blog\/wp-json\/wp\/v2\/types\/page"}],"author":[{"embeddable":true,"href":"https:\/\/www.urlaubcornwall.de\/blog\/wp-json\/wp\/v2\/users\/1"}],"replies":[{"embeddable":true,"href":"https:\/\/www.urlaubcornwall.de\/blog\/wp-json\/wp\/v2\/comments?post=42041"}],"version-history":[{"count":3,"href":"https:\/\/www.urlaubcornwall.de\/blog\/wp-json\/wp\/v2\/pages\/42041\/revisions"}],"predecessor-version":[{"id":50321,"href":"https:\/\/www.urlaubcornwall.de\/blog\/wp-json\/wp\/v2\/pages\/42041\/revisions\/50321"}],"wp:attachment":[{"href":"https:\/\/www.urlaubcornwall.de\/blog\/wp-json\/wp\/v2\/media?parent=42041"}],"curies":[{"name":"wp","href":"https:\/\/api.w.org\/{rel}","templated":true}]}}