{"id":41985,"date":"2021-07-30T14:13:44","date_gmt":"2021-07-30T14:13:44","guid":{"rendered":"https:\/\/www.urlaubcornwall.de\/blog\/?page_id=41985"},"modified":"2024-04-16T09:35:56","modified_gmt":"2024-04-16T09:35:56","slug":"ist-urlaub-in-cornwall-teuer","status":"publish","type":"page","link":"https:\/\/www.urlaubcornwall.de\/blog\/ist-urlaub-in-cornwall-teuer\/","title":{"rendered":"Ist Urlaub in Cornwall teuer?"},"content":{"rendered":"<p><img loading=\"lazy\" class=\"aligncenter size-full wp-image-39453\" src=\"https:\/\/www.urlaubcornwall.de\/blog\/wp-content\/uploads\/2020\/02\/bedruthan-steps_edit.jpg\" alt=\"bedruthan steps strand\" width=\"750\" height=\"580\" srcset=\"https:\/\/www.urlaubcornwall.de\/blog\/wp-content\/uploads\/2020\/02\/bedruthan-steps_edit.jpg 750w, https:\/\/www.urlaubcornwall.de\/blog\/wp-content\/uploads\/2020\/02\/bedruthan-steps_edit-300x232.jpg 300w\" sizes=\"(max-width: 750px) 100vw, 750px\" \/><\/p>\n<p>Cornwall bietet in der Tat einige der besten 4 &amp; 5-Sterne-Hotels des UK, doch auch f\u00fcr diejenigen mit kleinerem Budget gibt es eine riesige Bannbreite an g\u00fcnstigeren Optionen, einschlie\u00dflich gro\u00dfartiger Selbstversorgerunterk\u00fcnfte. <\/p>\n<p>UrlaubCornwall.de hat mehr als <a href=\"https:\/\/www.urlaubcornwall.de\/ferienhaeuser-fewos\/cornwall.html\">2000 pers\u00f6nlich inspizierte Urlaubsunterk\u00fcnfte im Angebot<\/a>, von Strandh\u00e4usern bis hin zu Luxusappartements mit Meeresblick und traditionelle Fischercottages aus Stein, die Hunde gestatten.<\/p>\n<p style=\"text-align: center;\"><a class=\"tidycta\" href=\"https:\/\/www.urlaubcornwall.de\/ferienhaeuser-fewos\/cornwall.html\">Suche Ferienh\u00e4user<\/a><\/p>\n<div class=\"snippet\"> <a class=\"featured-item\" href=\"https:\/\/www.urlaubcornwall.de\/ferienhaeuser\/cornwall.php\"> <span class=\"image-holder\" style=\"background-image: url('https:\/\/www.urlaubcornwall.de\/blog\/wp-content\/uploads\/2018\/12\/ferienhaus-cornwall-mit-hund.jpg');\"><\/span> <span class=\"featured-content\"> \n<h2 class=\"featured-title\">Ferienh\u00e4user in Cornwall zum Verlieben!<\/h2>\n<p class=\"featured-body\">Cornwall besitzt mehr K\u00fcstenlinien als jede andere Grafschaft und bietet einige der besten Str\u00e4nde, K\u00fcstenwanderwege und Klippenlandschaften, die man \u00fcberhaupt finden kann&#8230;.<\/p><\/span> <span class=\"featured-link-holder\"> <span class=\"featured-extra-info\"> \n<p>F\u00fcr Paare, Familien &#038; Gruppen<\/p>\n<\/span> \n<p class=\"featured-link\">DETAILS<\/p>\n<\/span> <\/a><\/div>\n","protected":false},"excerpt":{"rendered":"<p>Cornwall bietet in der Tat einige der besten 4 &amp; 5-Sterne-Hotels des UK, doch auch f\u00fcr diejenigen mit kleinerem Budget gibt es eine riesige Bannbreite an g\u00fcnstigeren Optionen, einschlie\u00dflich gro\u00dfartiger Selbstversorgerunterk\u00fcnfte. UrlaubCornwall.de hat mehr als 2000 pers\u00f6nlich inspizierte Urlaubsunterk\u00fcnfte im Angebot, von Strandh\u00e4usern bis hin zu Luxusappartements mit Meeresblick und traditionelle Fischercottages aus Stein, die [&hellip;]<\/p>\n","protected":false},"author":1,"featured_media":0,"parent":0,"menu_order":0,"comment_status":"closed","ping_status":"closed","template":"single-four.php","meta":[],"acf":[],"yoast_head":"<!-- This site is optimized with the Yoast SEO plugin v19.4 - https:\/\/yoast.com\/wordpress\/plugins\/seo\/ -->\n<title>Ist Urlaub in Cornwall teuer? - Urlaub &amp; Reisen<\/title>\n<meta name=\"robots\" content=\"index, follow, max-snippet:-1, max-image-preview:large, max-video-preview:-1\" \/>\n<link rel=\"canonical\" href=\"https:\/\/www.urlaubcornwall.de\/blog\/ist-urlaub-in-cornwall-teuer\/\" \/>\n<meta property=\"og:locale\" content=\"en_US\" \/>\n<meta property=\"og:type\" content=\"article\" \/>\n<meta property=\"og:title\" content=\"Ist Urlaub in Cornwall teuer? - Urlaub &amp; Reisen\" \/>\n<meta property=\"og:description\" content=\"Cornwall bietet in der Tat einige der besten 4 &amp; 5-Sterne-Hotels des UK, doch auch f\u00fcr diejenigen mit kleinerem Budget gibt es eine riesige Bannbreite an g\u00fcnstigeren Optionen, einschlie\u00dflich gro\u00dfartiger Selbstversorgerunterk\u00fcnfte. UrlaubCornwall.de hat mehr als 2000 pers\u00f6nlich inspizierte Urlaubsunterk\u00fcnfte im Angebot, von Strandh\u00e4usern bis hin zu Luxusappartements mit Meeresblick und traditionelle Fischercottages aus Stein, die [&hellip;]\" \/>\n<meta property=\"og:url\" content=\"https:\/\/www.urlaubcornwall.de\/blog\/ist-urlaub-in-cornwall-teuer\/\" \/>\n<meta property=\"og:site_name\" content=\"Urlaub &amp; Reisen\" \/>\n<meta property=\"article:modified_time\" content=\"2024-04-16T09:35:56+00:00\" \/>\n<meta property=\"og:image\" content=\"https:\/\/www.urlaubcornwall.de\/blog\/wp-content\/uploads\/2020\/02\/bedruthan-steps_edit.jpg\" \/>\n<meta name=\"twitter:card\" content=\"summary\" \/>\n<meta name=\"twitter:label1\" content=\"Est. reading time\" \/>\n\t<meta name=\"twitter:data1\" content=\"1 minute\" \/>\n<script type=\"application\/ld+json\" class=\"yoast-schema-graph\">{\"@context\":\"https:\/\/schema.org\",\"@graph\":[{\"@type\":\"WebSite\",\"@id\":\"https:\/\/www.urlaubcornwall.de\/blog\/#website\",\"url\":\"https:\/\/www.urlaubcornwall.de\/blog\/\",\"name\":\"Urlaub &amp; Reisen\",\"description\":\"Urlaub, Reisen, Cornwall und S\u00fcdengland: eine perfekte Kombination\",\"potentialAction\":[{\"@type\":\"SearchAction\",\"target\":{\"@type\":\"EntryPoint\",\"urlTemplate\":\"https:\/\/www.urlaubcornwall.de\/blog\/?s={search_term_string}\"},\"query-input\":\"required name=search_term_string\"}],\"inLanguage\":\"en-US\"},{\"@type\":\"WebPage\",\"@id\":\"https:\/\/www.urlaubcornwall.de\/blog\/ist-urlaub-in-cornwall-teuer\/\",\"url\":\"https:\/\/www.urlaubcornwall.de\/blog\/ist-urlaub-in-cornwall-teuer\/\",\"name\":\"Ist Urlaub in Cornwall teuer? - Urlaub &amp; Reisen\",\"isPartOf\":{\"@id\":\"https:\/\/www.urlaubcornwall.de\/blog\/#website\"},\"datePublished\":\"2021-07-30T14:13:44+00:00\",\"dateModified\":\"2024-04-16T09:35:56+00:00\",\"breadcrumb\":{\"@id\":\"https:\/\/www.urlaubcornwall.de\/blog\/ist-urlaub-in-cornwall-teuer\/#breadcrumb\"},\"inLanguage\":\"en-US\",\"potentialAction\":[{\"@type\":\"ReadAction\",\"target\":[\"https:\/\/www.urlaubcornwall.de\/blog\/ist-urlaub-in-cornwall-teuer\/\"]}]},{\"@type\":\"BreadcrumbList\",\"@id\":\"https:\/\/www.urlaubcornwall.de\/blog\/ist-urlaub-in-cornwall-teuer\/#breadcrumb\",\"itemListElement\":[{\"@type\":\"ListItem\",\"position\":1,\"name\":\"Home\",\"item\":\"https:\/\/www.urlaubcornwall.de\/blog\/\"},{\"@type\":\"ListItem\",\"position\":2,\"name\":\"Ist Urlaub in Cornwall teuer?\"}]}]}<\/script>\n<!-- \/ Yoast SEO plugin. -->","yoast_head_json":{"title":"Ist Urlaub in Cornwall teuer? - Urlaub &amp; Reisen","robots":{"index":"index","follow":"follow","max-snippet":"max-snippet:-1","max-image-preview":"max-image-preview:large","max-video-preview":"max-video-preview:-1"},"canonical":"https:\/\/www.urlaubcornwall.de\/blog\/ist-urlaub-in-cornwall-teuer\/","og_locale":"en_US","og_type":"article","og_title":"Ist Urlaub in Cornwall teuer? - Urlaub &amp; Reisen","og_description":"Cornwall bietet in der Tat einige der besten 4 &amp; 5-Sterne-Hotels des UK, doch auch f\u00fcr diejenigen mit kleinerem Budget gibt es eine riesige Bannbreite an g\u00fcnstigeren Optionen, einschlie\u00dflich gro\u00dfartiger Selbstversorgerunterk\u00fcnfte. UrlaubCornwall.de hat mehr als 2000 pers\u00f6nlich inspizierte Urlaubsunterk\u00fcnfte im Angebot, von Strandh\u00e4usern bis hin zu Luxusappartements mit Meeresblick und traditionelle Fischercottages aus Stein, die [&hellip;]","og_url":"https:\/\/www.urlaubcornwall.de\/blog\/ist-urlaub-in-cornwall-teuer\/","og_site_name":"Urlaub &amp; Reisen","article_modified_time":"2024-04-16T09:35:56+00:00","og_image":[{"url":"https:\/\/www.urlaubcornwall.de\/blog\/wp-content\/uploads\/2020\/02\/bedruthan-steps_edit.jpg"}],"twitter_card":"summary","twitter_misc":{"Est. reading time":"1 minute"},"schema":{"@context":"https:\/\/schema.org","@graph":[{"@type":"WebSite","@id":"https:\/\/www.urlaubcornwall.de\/blog\/#website","url":"https:\/\/www.urlaubcornwall.de\/blog\/","name":"Urlaub &amp; Reisen","description":"Urlaub, Reisen, Cornwall und S\u00fcdengland: eine perfekte Kombination","potentialAction":[{"@type":"SearchAction","target":{"@type":"EntryPoint","urlTemplate":"https:\/\/www.urlaubcornwall.de\/blog\/?s={search_term_string}"},"query-input":"required name=search_term_string"}],"inLanguage":"en-US"},{"@type":"WebPage","@id":"https:\/\/www.urlaubcornwall.de\/blog\/ist-urlaub-in-cornwall-teuer\/","url":"https:\/\/www.urlaubcornwall.de\/blog\/ist-urlaub-in-cornwall-teuer\/","name":"Ist Urlaub in Cornwall teuer? - Urlaub &amp; Reisen","isPartOf":{"@id":"https:\/\/www.urlaubcornwall.de\/blog\/#website"},"datePublished":"2021-07-30T14:13:44+00:00","dateModified":"2024-04-16T09:35:56+00:00","breadcrumb":{"@id":"https:\/\/www.urlaubcornwall.de\/blog\/ist-urlaub-in-cornwall-teuer\/#breadcrumb"},"inLanguage":"en-US","potentialAction":[{"@type":"ReadAction","target":["https:\/\/www.urlaubcornwall.de\/blog\/ist-urlaub-in-cornwall-teuer\/"]}]},{"@type":"BreadcrumbList","@id":"https:\/\/www.urlaubcornwall.de\/blog\/ist-urlaub-in-cornwall-teuer\/#breadcrumb","itemListElement":[{"@type":"ListItem","position":1,"name":"Home","item":"https:\/\/www.urlaubcornwall.de\/blog\/"},{"@type":"ListItem","position":2,"name":"Ist Urlaub in Cornwall teuer?"}]}]}},"_links":{"self":[{"href":"https:\/\/www.urlaubcornwall.de\/blog\/wp-json\/wp\/v2\/pages\/41985"}],"collection":[{"href":"https:\/\/www.urlaubcornwall.de\/blog\/wp-json\/wp\/v2\/pages"}],"about":[{"href":"https:\/\/www.urlaubcornwall.de\/blog\/wp-json\/wp\/v2\/types\/page"}],"author":[{"embeddable":true,"href":"https:\/\/www.urlaubcornwall.de\/blog\/wp-json\/wp\/v2\/users\/1"}],"replies":[{"embeddable":true,"href":"https:\/\/www.urlaubcornwall.de\/blog\/wp-json\/wp\/v2\/comments?post=41985"}],"version-history":[{"count":6,"href":"https:\/\/www.urlaubcornwall.de\/blog\/wp-json\/wp\/v2\/pages\/41985\/revisions"}],"predecessor-version":[{"id":49826,"href":"https:\/\/www.urlaubcornwall.de\/blog\/wp-json\/wp\/v2\/pages\/41985\/revisions\/49826"}],"wp:attachment":[{"href":"https:\/\/www.urlaubcornwall.de\/blog\/wp-json\/wp\/v2\/media?parent=41985"}],"curies":[{"name":"wp","href":"https:\/\/api.w.org\/{rel}","templated":true}]}}