{"id":41891,"date":"2021-07-19T10:46:05","date_gmt":"2021-07-19T10:46:05","guid":{"rendered":"https:\/\/www.urlaubcornwall.de\/blog\/?page_id=41891"},"modified":"2021-07-19T10:47:37","modified_gmt":"2021-07-19T10:47:37","slug":"wanderung-entlang-der-kueste-bei-st-agnes","status":"publish","type":"page","link":"https:\/\/www.urlaubcornwall.de\/blog\/wanderung-entlang-der-kueste-bei-st-agnes\/","title":{"rendered":"WANDERUNG entlang der K\u00fcste bei St Agnes"},"content":{"rendered":"<p><img loading=\"lazy\" class=\"aligncenter size-full wp-image-41892\" src=\"https:\/\/www.urlaubcornwall.de\/blog\/wp-content\/uploads\/2021\/07\/st-agnes-wanderurlaub.jpg\" alt=\"st agnes wanderurlaub\" width=\"750\" height=\"556\" srcset=\"https:\/\/www.urlaubcornwall.de\/blog\/wp-content\/uploads\/2021\/07\/st-agnes-wanderurlaub.jpg 750w, https:\/\/www.urlaubcornwall.de\/blog\/wp-content\/uploads\/2021\/07\/st-agnes-wanderurlaub-300x222.jpg 300w\" sizes=\"(max-width: 750px) 100vw, 750px\" \/><\/p>\n<p>Der <a href=\"https:\/\/www.urlaubcornwall.de\/blog\/suedwestkuestenpfad-unser-fuehrer-wandern-in-cornwall-devon-und-suedengland\/\">S\u00fcdwestk\u00fcstenpfad<\/a> ist Gro\u00dfbritanniens l\u00e4ngster Langstrecken-Wanderweg und bietet auf dem Abschnitt um die K\u00fcste von Cornwall gro\u00dfartige Herausforderungen und herrlich abwechslungsreiche, reizvolle Landschaft. <\/p>\n<p>\u2022\tSt Agnes ist ein bei Touristen beliebter Ort an der Hauptverbindungsstra\u00dfe zwischen Redruth und Perranporth. <\/p>\n<p>\u2022\tBis in die 1920er Jahre war es ein pr\u00e4historisches und modernes Zentrum f\u00fcr den Abbau von Kupfer, Zinn und Arsen.<\/p>\n<p>\u2022\tSt Agnes befindet sich entlang der St Agnes Heritage Coast. Die St Agnes Heritage Coast ist seit1986 ein Schutzgebiet.<\/p>\n<p>\u2022\tEntlang der K\u00fcste befinden sich unter anderem die Trevaunance Cove, Trevellas Porth, Crams, Chapel Porth, Hanover Cove, sowie          Porthtowan. Einige davon haben Str\u00e4nde.<\/p>\n<p>\u2022\tSt Agnes Beacon bietet Blick \u00fcber den Atlantischen Ozean und gilt als das hervorstechendste Merkmal der Heritage K\u00fcste.<\/p>\n<p>\u2022\tDie K\u00fcste wird vom National Trust in Stand gehalten und ist Teil des Cornwall Area of Outstanding Natural Beauty (AONB).<\/p>\n<p>\u2022\tIn den Blue Hills Tin Streams k\u00f6nnen Touristen Zinn-Arbeitsdemonstrationen sehen. <\/p>\n<p>\u2022\tNoch heute gibt es hier in den Blue Hills Tin Streams Zinnproduktion.<\/p>\n<p><strong>Herrliche Wander- und K\u00fcstenwanderungsurlaube in Cornwall preisg\u00fcnstig<\/strong><\/p>\n<p>UrlaubCornwall spezialisieren sich auf gef\u00fchrte und ungef\u00fchrte Wanderferien in Cornwall und <a href=\"https:\/\/www.urlaubcornwall.de\/wanderurlaub\/devon.php\">Devon<\/a>. Eine Klippenwanderung am S\u00fcdwestk\u00fcstenpfad macht Ihren Urlaub in einer der beliebtesten Urlaubsgegenden in S\u00fcdengland zu einem unvergesslichen Erlebnis.<\/p>\n<p style=\"text-align: center;\"><a class=\"tidycta\" href=\"http:\/\/www.urlaubcornwall.de\/wanderurlaub\/cornwall.php\">Wanderurlaub Anfrage<\/a><\/p>\n","protected":false},"excerpt":{"rendered":"<p>Der S\u00fcdwestk\u00fcstenpfad ist Gro\u00dfbritanniens l\u00e4ngster Langstrecken-Wanderweg und bietet auf dem Abschnitt um die K\u00fcste von Cornwall gro\u00dfartige Herausforderungen und herrlich abwechslungsreiche, reizvolle Landschaft. \u2022 St Agnes ist ein bei Touristen beliebter Ort an der Hauptverbindungsstra\u00dfe zwischen Redruth und Perranporth. \u2022 Bis in die 1920er Jahre war es ein pr\u00e4historisches und modernes Zentrum f\u00fcr den Abbau [&hellip;]<\/p>\n","protected":false},"author":1,"featured_media":0,"parent":0,"menu_order":0,"comment_status":"closed","ping_status":"closed","template":"single-four.php","meta":[],"acf":[],"yoast_head":"<!-- This site is optimized with the Yoast SEO plugin v19.4 - https:\/\/yoast.com\/wordpress\/plugins\/seo\/ -->\n<title>WANDERUNG entlang der K\u00fcste bei St Agnes - Urlaub &amp; Reisen<\/title>\n<meta name=\"robots\" content=\"index, follow, max-snippet:-1, max-image-preview:large, max-video-preview:-1\" \/>\n<link rel=\"canonical\" href=\"https:\/\/www.urlaubcornwall.de\/blog\/wanderung-entlang-der-kueste-bei-st-agnes\/\" \/>\n<meta property=\"og:locale\" content=\"en_US\" \/>\n<meta property=\"og:type\" content=\"article\" \/>\n<meta property=\"og:title\" content=\"WANDERUNG entlang der K\u00fcste bei St Agnes - Urlaub &amp; Reisen\" \/>\n<meta property=\"og:description\" content=\"Der S\u00fcdwestk\u00fcstenpfad ist Gro\u00dfbritanniens l\u00e4ngster Langstrecken-Wanderweg und bietet auf dem Abschnitt um die K\u00fcste von Cornwall gro\u00dfartige Herausforderungen und herrlich abwechslungsreiche, reizvolle Landschaft. \u2022 St Agnes ist ein bei Touristen beliebter Ort an der Hauptverbindungsstra\u00dfe zwischen Redruth und Perranporth. \u2022 Bis in die 1920er Jahre war es ein pr\u00e4historisches und modernes Zentrum f\u00fcr den Abbau [&hellip;]\" \/>\n<meta property=\"og:url\" content=\"https:\/\/www.urlaubcornwall.de\/blog\/wanderung-entlang-der-kueste-bei-st-agnes\/\" \/>\n<meta property=\"og:site_name\" content=\"Urlaub &amp; Reisen\" \/>\n<meta property=\"article:modified_time\" content=\"2021-07-19T10:47:37+00:00\" \/>\n<meta property=\"og:image\" content=\"https:\/\/www.urlaubcornwall.de\/blog\/wp-content\/uploads\/2021\/07\/st-agnes-wanderurlaub.jpg\" \/>\n<meta name=\"twitter:card\" content=\"summary\" \/>\n<meta name=\"twitter:label1\" content=\"Est. reading time\" \/>\n\t<meta name=\"twitter:data1\" content=\"1 minute\" \/>\n<script type=\"application\/ld+json\" class=\"yoast-schema-graph\">{\"@context\":\"https:\/\/schema.org\",\"@graph\":[{\"@type\":\"WebSite\",\"@id\":\"https:\/\/www.urlaubcornwall.de\/blog\/#website\",\"url\":\"https:\/\/www.urlaubcornwall.de\/blog\/\",\"name\":\"Urlaub &amp; Reisen\",\"description\":\"Urlaub, Reisen, Cornwall und S\u00fcdengland: eine perfekte Kombination\",\"potentialAction\":[{\"@type\":\"SearchAction\",\"target\":{\"@type\":\"EntryPoint\",\"urlTemplate\":\"https:\/\/www.urlaubcornwall.de\/blog\/?s={search_term_string}\"},\"query-input\":\"required name=search_term_string\"}],\"inLanguage\":\"en-US\"},{\"@type\":\"WebPage\",\"@id\":\"https:\/\/www.urlaubcornwall.de\/blog\/wanderung-entlang-der-kueste-bei-st-agnes\/\",\"url\":\"https:\/\/www.urlaubcornwall.de\/blog\/wanderung-entlang-der-kueste-bei-st-agnes\/\",\"name\":\"WANDERUNG entlang der K\u00fcste bei St Agnes - Urlaub &amp; Reisen\",\"isPartOf\":{\"@id\":\"https:\/\/www.urlaubcornwall.de\/blog\/#website\"},\"datePublished\":\"2021-07-19T10:46:05+00:00\",\"dateModified\":\"2021-07-19T10:47:37+00:00\",\"breadcrumb\":{\"@id\":\"https:\/\/www.urlaubcornwall.de\/blog\/wanderung-entlang-der-kueste-bei-st-agnes\/#breadcrumb\"},\"inLanguage\":\"en-US\",\"potentialAction\":[{\"@type\":\"ReadAction\",\"target\":[\"https:\/\/www.urlaubcornwall.de\/blog\/wanderung-entlang-der-kueste-bei-st-agnes\/\"]}]},{\"@type\":\"BreadcrumbList\",\"@id\":\"https:\/\/www.urlaubcornwall.de\/blog\/wanderung-entlang-der-kueste-bei-st-agnes\/#breadcrumb\",\"itemListElement\":[{\"@type\":\"ListItem\",\"position\":1,\"name\":\"Home\",\"item\":\"https:\/\/www.urlaubcornwall.de\/blog\/\"},{\"@type\":\"ListItem\",\"position\":2,\"name\":\"WANDERUNG entlang der K\u00fcste bei St Agnes\"}]}]}<\/script>\n<!-- \/ Yoast SEO plugin. -->","yoast_head_json":{"title":"WANDERUNG entlang der K\u00fcste bei St Agnes - Urlaub &amp; Reisen","robots":{"index":"index","follow":"follow","max-snippet":"max-snippet:-1","max-image-preview":"max-image-preview:large","max-video-preview":"max-video-preview:-1"},"canonical":"https:\/\/www.urlaubcornwall.de\/blog\/wanderung-entlang-der-kueste-bei-st-agnes\/","og_locale":"en_US","og_type":"article","og_title":"WANDERUNG entlang der K\u00fcste bei St Agnes - Urlaub &amp; Reisen","og_description":"Der S\u00fcdwestk\u00fcstenpfad ist Gro\u00dfbritanniens l\u00e4ngster Langstrecken-Wanderweg und bietet auf dem Abschnitt um die K\u00fcste von Cornwall gro\u00dfartige Herausforderungen und herrlich abwechslungsreiche, reizvolle Landschaft. \u2022 St Agnes ist ein bei Touristen beliebter Ort an der Hauptverbindungsstra\u00dfe zwischen Redruth und Perranporth. \u2022 Bis in die 1920er Jahre war es ein pr\u00e4historisches und modernes Zentrum f\u00fcr den Abbau [&hellip;]","og_url":"https:\/\/www.urlaubcornwall.de\/blog\/wanderung-entlang-der-kueste-bei-st-agnes\/","og_site_name":"Urlaub &amp; Reisen","article_modified_time":"2021-07-19T10:47:37+00:00","og_image":[{"url":"https:\/\/www.urlaubcornwall.de\/blog\/wp-content\/uploads\/2021\/07\/st-agnes-wanderurlaub.jpg"}],"twitter_card":"summary","twitter_misc":{"Est. reading time":"1 minute"},"schema":{"@context":"https:\/\/schema.org","@graph":[{"@type":"WebSite","@id":"https:\/\/www.urlaubcornwall.de\/blog\/#website","url":"https:\/\/www.urlaubcornwall.de\/blog\/","name":"Urlaub &amp; Reisen","description":"Urlaub, Reisen, Cornwall und S\u00fcdengland: eine perfekte Kombination","potentialAction":[{"@type":"SearchAction","target":{"@type":"EntryPoint","urlTemplate":"https:\/\/www.urlaubcornwall.de\/blog\/?s={search_term_string}"},"query-input":"required name=search_term_string"}],"inLanguage":"en-US"},{"@type":"WebPage","@id":"https:\/\/www.urlaubcornwall.de\/blog\/wanderung-entlang-der-kueste-bei-st-agnes\/","url":"https:\/\/www.urlaubcornwall.de\/blog\/wanderung-entlang-der-kueste-bei-st-agnes\/","name":"WANDERUNG entlang der K\u00fcste bei St Agnes - Urlaub &amp; Reisen","isPartOf":{"@id":"https:\/\/www.urlaubcornwall.de\/blog\/#website"},"datePublished":"2021-07-19T10:46:05+00:00","dateModified":"2021-07-19T10:47:37+00:00","breadcrumb":{"@id":"https:\/\/www.urlaubcornwall.de\/blog\/wanderung-entlang-der-kueste-bei-st-agnes\/#breadcrumb"},"inLanguage":"en-US","potentialAction":[{"@type":"ReadAction","target":["https:\/\/www.urlaubcornwall.de\/blog\/wanderung-entlang-der-kueste-bei-st-agnes\/"]}]},{"@type":"BreadcrumbList","@id":"https:\/\/www.urlaubcornwall.de\/blog\/wanderung-entlang-der-kueste-bei-st-agnes\/#breadcrumb","itemListElement":[{"@type":"ListItem","position":1,"name":"Home","item":"https:\/\/www.urlaubcornwall.de\/blog\/"},{"@type":"ListItem","position":2,"name":"WANDERUNG entlang der K\u00fcste bei St Agnes"}]}]}},"_links":{"self":[{"href":"https:\/\/www.urlaubcornwall.de\/blog\/wp-json\/wp\/v2\/pages\/41891"}],"collection":[{"href":"https:\/\/www.urlaubcornwall.de\/blog\/wp-json\/wp\/v2\/pages"}],"about":[{"href":"https:\/\/www.urlaubcornwall.de\/blog\/wp-json\/wp\/v2\/types\/page"}],"author":[{"embeddable":true,"href":"https:\/\/www.urlaubcornwall.de\/blog\/wp-json\/wp\/v2\/users\/1"}],"replies":[{"embeddable":true,"href":"https:\/\/www.urlaubcornwall.de\/blog\/wp-json\/wp\/v2\/comments?post=41891"}],"version-history":[{"count":2,"href":"https:\/\/www.urlaubcornwall.de\/blog\/wp-json\/wp\/v2\/pages\/41891\/revisions"}],"predecessor-version":[{"id":41895,"href":"https:\/\/www.urlaubcornwall.de\/blog\/wp-json\/wp\/v2\/pages\/41891\/revisions\/41895"}],"wp:attachment":[{"href":"https:\/\/www.urlaubcornwall.de\/blog\/wp-json\/wp\/v2\/media?parent=41891"}],"curies":[{"name":"wp","href":"https:\/\/api.w.org\/{rel}","templated":true}]}}