{"id":41767,"date":"2021-07-06T08:14:48","date_gmt":"2021-07-06T08:14:48","guid":{"rendered":"https:\/\/www.urlaubcornwall.de\/blog\/?page_id=41767"},"modified":"2024-05-30T14:34:28","modified_gmt":"2024-05-30T14:34:28","slug":"romantischsten-orte-in-suedengland","status":"publish","type":"page","link":"https:\/\/www.urlaubcornwall.de\/blog\/romantischsten-orte-in-suedengland\/","title":{"rendered":"Die romantischsten Orte in S\u00fcdengland"},"content":{"rendered":"<p><a href=\"https:\/\/www.urlaubcornwall.de\/blog\/wp-content\/uploads\/2024\/03\/oxford.jpg\"><img loading=\"lazy\" src=\"https:\/\/www.urlaubcornwall.de\/blog\/wp-content\/uploads\/2024\/03\/oxford.jpg\" alt=\"oxford\" width=\"750\" height=\"431\" class=\"alignnone size-full wp-image-47819\" srcset=\"https:\/\/www.urlaubcornwall.de\/blog\/wp-content\/uploads\/2024\/03\/oxford.jpg 750w, https:\/\/www.urlaubcornwall.de\/blog\/wp-content\/uploads\/2024\/03\/oxford-300x172.jpg 300w\" sizes=\"(max-width: 750px) 100vw, 750px\" \/><\/a><\/p>\n<p>Die Stadt Oxford wird dominiert von ihrer Universit\u00e4t; <a href=\"https:\/\/www.urlaubcornwall.de\/ferienhaeuser-fewos\/eng\/oxfordshire\/oxfordshire.html\">die Universit\u00e4t Oxford<\/a> soll eine der besten der Welt sein und die \u00e4lteste in der englischsprachigen Welt. Die Universit\u00e4t wird erstmals erw\u00e4hnt in Aufzeichnungen des 12. Jahrhunderts, und heute besteht die Oxford Universit\u00e4t aus mehr als 40 Colleges in der ganzen Stadt. Einige der Geb\u00e4ude sind historisch und herrlich, wie die Bodleian Bibliothek aus dem 16. Jahrhundert, die sich anschlie\u00dfende mittelalterliche Divinity School und das Wren\u2019s Sheldonian Theater.&nbsp; Unter den spektakul\u00e4rsten Colleges befindet sich Christ Church, sein Turm, Tom Tower, wurde designt von Sir Christopher Wren und 1681-82 errichtet. <\/p>\n<p><a href=\"https:\/\/www.urlaubcornwall.de\/blog\/wp-content\/uploads\/2024\/03\/cambridge.jpg\"><img loading=\"lazy\" src=\"https:\/\/www.urlaubcornwall.de\/blog\/wp-content\/uploads\/2024\/03\/cambridge.jpg\" alt=\"cambridge\" width=\"750\" height=\"500\" class=\"alignnone size-full wp-image-47818\" srcset=\"https:\/\/www.urlaubcornwall.de\/blog\/wp-content\/uploads\/2024\/03\/cambridge.jpg 750w, https:\/\/www.urlaubcornwall.de\/blog\/wp-content\/uploads\/2024\/03\/cambridge-300x200.jpg 300w\" sizes=\"(max-width: 750px) 100vw, 750px\" \/><\/a><\/p>\n<p><a href=\"https:\/\/www.urlaubcornwall.de\/blog\/urlaub-in-cambridge-east-anglia\/\">Cambridge ist eine Stadt f\u00fcr jede Jahreszeit<\/a>, die inspiriert durch ihre zahlreichen wundersch\u00f6nen Museen und Kunstgalerien. Bewundern Sie die h\u00fcbsche Architektur und herrschaftlichen Hochschulgeb\u00e4ude. Erkunden Sie urige Passagen um den historischen Marktplatz und die Hochschulen herum. Dort finden Sie eine einzigartige entspannte Einkaufsatmosph\u00e4re. Bekannt geworden durch seine Universit\u00e4t, die entlang der Flussufer des Cam gewachsen ist, hat es sich dennoch die Atmosph\u00e4re einer l\u00e4ndlichen Marktstadt erhalten.<\/p>\n<p><img loading=\"lazy\" class=\"aligncenter size-full wp-image-19579\" src=\"https:\/\/www.urlaubcornwall.de\/blog\/wp-content\/uploads\/2015\/08\/cotswolds-urlaub.jpg\" alt=\"cotswolds painswick\" width=\"749\" height=\"412\"\/><\/p>\n<p><a href=\"https:\/\/www.urlaubcornwall.de\/reiseziel\/cotswolds.php\">Urlaub in den Cotswolds<\/a>, typisch englisch! In einem Gebiet besonderer Natursch\u00f6nheit gelegen mit einer Vielzahl an Attraktionen, ziehen die Cotswolds Besucher von nah und fern an in diese bildhaft sch\u00f6ne und typisch englische Region. Reisen Sie Ihrem eigenen Tempo entsprechend durch die Cotswolds und genie\u00dfen Sie die Landschaft und honigfarbenen D\u00f6rfer, die in ihrer Ausstrahlung das typisch l\u00e4ndliche England darstellen &#8211; Broadway, Stow-on-the-Wold, Bourton-on-the-Water sind lediglich ein paar, die Sie wirklich besuchen sollten. Schauen Sie sich unsere Liste der besten Sehensw\u00fcrdigkeiten in den Cotswolds an.<\/p>\n<p style=\"text-align: right;\"><img loading=\"lazy\" class=\"aligncenter size-full wp-image-33743\" src=\"https:\/\/www.urlaubcornwall.de\/blog\/wp-content\/uploads\/2018\/04\/Esthwaite-Water-urlaub-lake-district.jpg\" alt=\"Esthwaite Water Urlaub lake district\" width=\"746\" height=\"497\" srcset=\"https:\/\/www.urlaubcornwall.de\/blog\/wp-content\/uploads\/2018\/04\/Esthwaite-Water-urlaub-lake-district.jpg 746w, https:\/\/www.urlaubcornwall.de\/blog\/wp-content\/uploads\/2018\/04\/Esthwaite-Water-urlaub-lake-district-300x200.jpg 300w\" sizes=\"(max-width: 746px) 100vw, 746px\" \/><\/p>\n<p style=\"text-align: right;\">\u00a9 <a href=\"https:\/\/www.123rf.com\/profile_grahammoore999\"rel=\"nofollow\">grahammoore999 \/ 123RF Stock Photo<\/a><\/p>\n<p><a href=\"https:\/\/www.urlaubcornwall.de\/reiseziel\/lake-district-nationalpark.php\">Urlaub im Lake District Nationalpark und Cumbria<\/a> &#8211; Diese wundersch\u00f6ne Ecke im Nordwesten Englands hat sich trotz seiner Beliebtheit einen Hauch Leere und Abgeschiedenheit bewahrt. Enge Stra\u00dfen, hoch aufragende Berge, herabst\u00fcrzende Wasserf\u00e4lle und Seen jeglichen Umfangs und jeglicher Form schaffen eine Landschaft, die Dichter, Schriftsteller und K\u00fcnstler seit mehr als 200 Jahren inspiriert.<\/p>\n<p><a href=\"https:\/\/www.urlaubcornwall.de\/blog\/wp-content\/uploads\/2024\/03\/mousehole_urlaub.jpg\"><img loading=\"lazy\" src=\"https:\/\/www.urlaubcornwall.de\/blog\/wp-content\/uploads\/2024\/03\/mousehole_urlaub.jpg\" alt=\"\" width=\"750\" height=\"665\" class=\"alignnone size-full wp-image-48071\" srcset=\"https:\/\/www.urlaubcornwall.de\/blog\/wp-content\/uploads\/2024\/03\/mousehole_urlaub.jpg 750w, https:\/\/www.urlaubcornwall.de\/blog\/wp-content\/uploads\/2024\/03\/mousehole_urlaub-300x266.jpg 300w\" sizes=\"(max-width: 750px) 100vw, 750px\" \/><\/a><\/p>\n<p><a href=\"https:\/\/www.urlaubcornwall.de\/reiseziel\/cornwall.php\">Englands sch\u00f6nstes Urlaubsziel<\/a>: Ihr Traumurlaub beginnt hier! Cornwall ist unter deutschen Urlaubern das beliebteste Reiseziel in England und Gro\u00dfbritannien. Das ist auch kein Wunder, denn Cornwall hat alle Zutaten, die man f\u00fcr einen perfekten Urlaub braucht. Genie\u00dfen Sie die fantastische kornische Landschaft, die schon durch die Verfilmungen der Rosamunde Pilcher Romane in Deutschland ber\u00fchmt gemacht wurden.<\/p>\n<div class=\"snippet\"> <a class=\"featured-item\" href=\"https:\/\/www.urlaubcornwall.de\/ferienhaeuser.php\"> <span class=\"image-holder\" style=\"background-image: url('https:\/\/www.urlaubcornwall.de\/blog\/wp-content\/uploads\/2018\/11\/landhaus-cornwall-1.jpg');\"><\/span> <span class=\"featured-content\"> \n<h2 class=\"featured-title\">Ferienh\u00e4user in Gro\u00dfbritannien<\/h2>\n<p class=\"featured-body\">Bei uns finden Sie Ferienh\u00e4user zum Verlieben &#8211; so einfach ist das! Wir bieten eine Auswahl an handerlesenen und inspizierten Ferienh\u00e4usern und Ferienwohnungen in England, Wales und Schottland an. Mit unseren Partnern, die \u00fcber 40 Jahre Erfahrung auf sich vereinen, garantieren wir die feinsten Urlaubsunterk\u00fcnfte&#8230;&#8230;<\/p><\/span> <span class=\"featured-link-holder\"> <span class=\"featured-extra-info\"> \n<p>F\u00fcr Paare, Familien &#038; Gruppen<\/p>\n<\/span> \n<p class=\"featured-link\">DETAILS<\/p>\n<\/span> <\/a><\/div>\n","protected":false},"excerpt":{"rendered":"<p>Die Stadt Oxford wird dominiert von ihrer Universit\u00e4t; die Universit\u00e4t Oxford soll eine der besten der Welt sein und die \u00e4lteste in der englischsprachigen Welt. Die Universit\u00e4t wird erstmals erw\u00e4hnt in Aufzeichnungen des 12. Jahrhunderts, und heute besteht die Oxford Universit\u00e4t aus mehr als 40 Colleges in der ganzen Stadt. Einige der Geb\u00e4ude sind historisch [&hellip;]<\/p>\n","protected":false},"author":1,"featured_media":0,"parent":0,"menu_order":0,"comment_status":"closed","ping_status":"closed","template":"single-four.php","meta":[],"acf":[],"yoast_head":"<!-- This site is optimized with the Yoast SEO plugin v19.4 - https:\/\/yoast.com\/wordpress\/plugins\/seo\/ -->\n<title>Die romantischsten Orte in S\u00fcdengland - Urlaub &amp; Reisen<\/title>\n<meta name=\"robots\" content=\"index, follow, max-snippet:-1, max-image-preview:large, max-video-preview:-1\" \/>\n<link rel=\"canonical\" href=\"https:\/\/www.urlaubcornwall.de\/blog\/romantischsten-orte-in-suedengland\/\" \/>\n<meta property=\"og:locale\" content=\"en_US\" \/>\n<meta property=\"og:type\" content=\"article\" \/>\n<meta property=\"og:title\" content=\"Die romantischsten Orte in S\u00fcdengland - Urlaub &amp; Reisen\" \/>\n<meta property=\"og:description\" content=\"Die Stadt Oxford wird dominiert von ihrer Universit\u00e4t; die Universit\u00e4t Oxford soll eine der besten der Welt sein und die \u00e4lteste in der englischsprachigen Welt. Die Universit\u00e4t wird erstmals erw\u00e4hnt in Aufzeichnungen des 12. Jahrhunderts, und heute besteht die Oxford Universit\u00e4t aus mehr als 40 Colleges in der ganzen Stadt. Einige der Geb\u00e4ude sind historisch [&hellip;]\" \/>\n<meta property=\"og:url\" content=\"https:\/\/www.urlaubcornwall.de\/blog\/romantischsten-orte-in-suedengland\/\" \/>\n<meta property=\"og:site_name\" content=\"Urlaub &amp; Reisen\" \/>\n<meta property=\"article:modified_time\" content=\"2024-05-30T14:34:28+00:00\" \/>\n<meta property=\"og:image\" content=\"https:\/\/www.urlaubcornwall.de\/blog\/wp-content\/uploads\/2024\/03\/oxford.jpg\" \/>\n<meta name=\"twitter:card\" content=\"summary\" \/>\n<meta name=\"twitter:label1\" content=\"Est. reading time\" \/>\n\t<meta name=\"twitter:data1\" content=\"3 minutes\" \/>\n<script type=\"application\/ld+json\" class=\"yoast-schema-graph\">{\"@context\":\"https:\/\/schema.org\",\"@graph\":[{\"@type\":\"WebSite\",\"@id\":\"https:\/\/www.urlaubcornwall.de\/blog\/#website\",\"url\":\"https:\/\/www.urlaubcornwall.de\/blog\/\",\"name\":\"Urlaub &amp; Reisen\",\"description\":\"Urlaub, Reisen, Cornwall und S\u00fcdengland: eine perfekte Kombination\",\"potentialAction\":[{\"@type\":\"SearchAction\",\"target\":{\"@type\":\"EntryPoint\",\"urlTemplate\":\"https:\/\/www.urlaubcornwall.de\/blog\/?s={search_term_string}\"},\"query-input\":\"required name=search_term_string\"}],\"inLanguage\":\"en-US\"},{\"@type\":\"WebPage\",\"@id\":\"https:\/\/www.urlaubcornwall.de\/blog\/romantischsten-orte-in-suedengland\/\",\"url\":\"https:\/\/www.urlaubcornwall.de\/blog\/romantischsten-orte-in-suedengland\/\",\"name\":\"Die romantischsten Orte in S\u00fcdengland - Urlaub &amp; Reisen\",\"isPartOf\":{\"@id\":\"https:\/\/www.urlaubcornwall.de\/blog\/#website\"},\"datePublished\":\"2021-07-06T08:14:48+00:00\",\"dateModified\":\"2024-05-30T14:34:28+00:00\",\"breadcrumb\":{\"@id\":\"https:\/\/www.urlaubcornwall.de\/blog\/romantischsten-orte-in-suedengland\/#breadcrumb\"},\"inLanguage\":\"en-US\",\"potentialAction\":[{\"@type\":\"ReadAction\",\"target\":[\"https:\/\/www.urlaubcornwall.de\/blog\/romantischsten-orte-in-suedengland\/\"]}]},{\"@type\":\"BreadcrumbList\",\"@id\":\"https:\/\/www.urlaubcornwall.de\/blog\/romantischsten-orte-in-suedengland\/#breadcrumb\",\"itemListElement\":[{\"@type\":\"ListItem\",\"position\":1,\"name\":\"Home\",\"item\":\"https:\/\/www.urlaubcornwall.de\/blog\/\"},{\"@type\":\"ListItem\",\"position\":2,\"name\":\"Die romantischsten Orte in S\u00fcdengland\"}]}]}<\/script>\n<!-- \/ Yoast SEO plugin. -->","yoast_head_json":{"title":"Die romantischsten Orte in S\u00fcdengland - Urlaub &amp; Reisen","robots":{"index":"index","follow":"follow","max-snippet":"max-snippet:-1","max-image-preview":"max-image-preview:large","max-video-preview":"max-video-preview:-1"},"canonical":"https:\/\/www.urlaubcornwall.de\/blog\/romantischsten-orte-in-suedengland\/","og_locale":"en_US","og_type":"article","og_title":"Die romantischsten Orte in S\u00fcdengland - Urlaub &amp; Reisen","og_description":"Die Stadt Oxford wird dominiert von ihrer Universit\u00e4t; die Universit\u00e4t Oxford soll eine der besten der Welt sein und die \u00e4lteste in der englischsprachigen Welt. Die Universit\u00e4t wird erstmals erw\u00e4hnt in Aufzeichnungen des 12. Jahrhunderts, und heute besteht die Oxford Universit\u00e4t aus mehr als 40 Colleges in der ganzen Stadt. Einige der Geb\u00e4ude sind historisch [&hellip;]","og_url":"https:\/\/www.urlaubcornwall.de\/blog\/romantischsten-orte-in-suedengland\/","og_site_name":"Urlaub &amp; Reisen","article_modified_time":"2024-05-30T14:34:28+00:00","og_image":[{"url":"https:\/\/www.urlaubcornwall.de\/blog\/wp-content\/uploads\/2024\/03\/oxford.jpg"}],"twitter_card":"summary","twitter_misc":{"Est. reading time":"3 minutes"},"schema":{"@context":"https:\/\/schema.org","@graph":[{"@type":"WebSite","@id":"https:\/\/www.urlaubcornwall.de\/blog\/#website","url":"https:\/\/www.urlaubcornwall.de\/blog\/","name":"Urlaub &amp; Reisen","description":"Urlaub, Reisen, Cornwall und S\u00fcdengland: eine perfekte Kombination","potentialAction":[{"@type":"SearchAction","target":{"@type":"EntryPoint","urlTemplate":"https:\/\/www.urlaubcornwall.de\/blog\/?s={search_term_string}"},"query-input":"required name=search_term_string"}],"inLanguage":"en-US"},{"@type":"WebPage","@id":"https:\/\/www.urlaubcornwall.de\/blog\/romantischsten-orte-in-suedengland\/","url":"https:\/\/www.urlaubcornwall.de\/blog\/romantischsten-orte-in-suedengland\/","name":"Die romantischsten Orte in S\u00fcdengland - Urlaub &amp; Reisen","isPartOf":{"@id":"https:\/\/www.urlaubcornwall.de\/blog\/#website"},"datePublished":"2021-07-06T08:14:48+00:00","dateModified":"2024-05-30T14:34:28+00:00","breadcrumb":{"@id":"https:\/\/www.urlaubcornwall.de\/blog\/romantischsten-orte-in-suedengland\/#breadcrumb"},"inLanguage":"en-US","potentialAction":[{"@type":"ReadAction","target":["https:\/\/www.urlaubcornwall.de\/blog\/romantischsten-orte-in-suedengland\/"]}]},{"@type":"BreadcrumbList","@id":"https:\/\/www.urlaubcornwall.de\/blog\/romantischsten-orte-in-suedengland\/#breadcrumb","itemListElement":[{"@type":"ListItem","position":1,"name":"Home","item":"https:\/\/www.urlaubcornwall.de\/blog\/"},{"@type":"ListItem","position":2,"name":"Die romantischsten Orte in S\u00fcdengland"}]}]}},"_links":{"self":[{"href":"https:\/\/www.urlaubcornwall.de\/blog\/wp-json\/wp\/v2\/pages\/41767"}],"collection":[{"href":"https:\/\/www.urlaubcornwall.de\/blog\/wp-json\/wp\/v2\/pages"}],"about":[{"href":"https:\/\/www.urlaubcornwall.de\/blog\/wp-json\/wp\/v2\/types\/page"}],"author":[{"embeddable":true,"href":"https:\/\/www.urlaubcornwall.de\/blog\/wp-json\/wp\/v2\/users\/1"}],"replies":[{"embeddable":true,"href":"https:\/\/www.urlaubcornwall.de\/blog\/wp-json\/wp\/v2\/comments?post=41767"}],"version-history":[{"count":6,"href":"https:\/\/www.urlaubcornwall.de\/blog\/wp-json\/wp\/v2\/pages\/41767\/revisions"}],"predecessor-version":[{"id":51109,"href":"https:\/\/www.urlaubcornwall.de\/blog\/wp-json\/wp\/v2\/pages\/41767\/revisions\/51109"}],"wp:attachment":[{"href":"https:\/\/www.urlaubcornwall.de\/blog\/wp-json\/wp\/v2\/media?parent=41767"}],"curies":[{"name":"wp","href":"https:\/\/api.w.org\/{rel}","templated":true}]}}