{"id":41741,"date":"2021-06-12T10:40:13","date_gmt":"2021-06-12T10:40:13","guid":{"rendered":"https:\/\/www.urlaubcornwall.de\/blog\/?page_id=41741"},"modified":"2024-05-31T08:05:07","modified_gmt":"2024-05-31T08:05:07","slug":"die-koenigin-ist-gastgeberin-eines-banketts-der-g7-weltfuehrer-im-eden-project-in-cornwall","status":"publish","type":"page","link":"https:\/\/www.urlaubcornwall.de\/blog\/die-koenigin-ist-gastgeberin-eines-banketts-der-g7-weltfuehrer-im-eden-project-in-cornwall\/","title":{"rendered":"Die Queen ist Gastgeberin eines Banketts der G7 Weltf\u00fchrer im Eden Project in Cornwall"},"content":{"rendered":"<p>Ihre K\u00f6nigliche Hoheit, Prinz Charles, Camilla, Prinz William und Kate gesellten sich w\u00e4hrend eines Banketts im weltber\u00fchmten <a href=\"https:\/\/www.urlaubcornwall.de\/blog\/all-das-was-sie-schon-immer-ueber-das-eden-project-wissen-wollten\/\">Eden Project<\/a> zu den G7 Weltf\u00fchrern.<\/p>\n<p>Die K\u00f6nigin und Mitglieder der K\u00f6niglichen Familie nahmen in einem der herrlichen Biome in Cornwalls top Touristenattraktion an einem Bankett teil.<\/p>\n<p>W\u00e4hrend eines nahezu beispiellosen Besuches in <a href=\"https:\/\/www.urlaubcornwall.de\/ferienhaeuser-fewos\/cornwall.html\">Cornwall<\/a>, haben die K\u00f6nigin, Prinz Charles, Camilla, William und Kate am Empfang im Eden Project teilgenommen, das aus einer ehemaligen Porzellanerdgrube entstanden ist, bevor sie es den Politikern \u00fcberlie\u00dfen, mit vor Ort gefangenem gebratenem Steinbutt und neuen Kartoffeln zu schmausen.<\/p>\n<p>Nur sehr selten treten die Monarchin und die n\u00e4chsten beiden Thronerben gemeinsam w\u00e4hrend eines k\u00f6niglichen Besuches auf, doch das G7 Gipfeltreffen, das heute in <a href=\"https:\/\/www.urlaubcornwall.de\/ferienhaeuser-fewos\/carbis-bay.html\">Carbis Bay<\/a>, <a href=\"https:\/\/www.urlaubcornwall.de\/ferienhaeuser-fewos\/st-ives.html\">St Ives<\/a>, stattfindet, wird offensichtlich als eine Veranstaltung gesehen, die eine derartig \u00fcberragende k\u00f6nigliche Anwesenheit rechtfertigt.  <\/p>\n<p>Das Eden Project wird h\u00e4ufig betitelt als das \u201cachte Weltwunder\u201d und ist ein besonderer Ort zu speisen, w\u00e4hrend eines Wochenendes, das damit verbracht wird, riesige Anliegen zu  debattieren, wie den weltweiten Klimawandel und den Wiederaufbau der Wirtschaft nach  Covid.<\/p>\n<p><strong>Urlaubsinspiration<\/strong><\/p>\n<p>Cornwallurlaube bedeuten lange Tage an goldfarbenen Str\u00e4nden, neue <a href=\"https:\/\/www.urlaubcornwall.de\/reiseziel\/cornwall\/sehenswuerdigkeiten.php\">familienfreundliche Attraktionen<\/a> erkunden und in wundersch\u00f6ner Landschaft entspannen, die mehr den Eindruck gibt, irgendwo im Mediterranen zu sein als an einem Ufer Gro\u00dfbritanniens. <a href=\"https:\/\/www.urlaubcornwall.de\/reiseziel\/cornwall.php\">UrlaubCornwall.de<\/a>, die einheimischen Experten, haben eine Liste ihrer Top-Auswahl zusammengestellt. Wie viele davon werden Sie wohl w\u00e4hrend Ihres n\u00e4chsten Urlaubs abhaken k\u00f6nnen?<\/p>\n<div class=\"snippet\"> <a class=\"featured-item\" href=\"https:\/\/www.urlaubcornwall.de\/ferienhaeuser\/cornwall.php\"> <span class=\"image-holder\" style=\"background-image: url('https:\/\/www.urlaubcornwall.de\/blog\/wp-content\/uploads\/2018\/12\/familienurlaub-corwnall-snippet.jpg');\"><\/span> <span class=\"featured-content\"> \n<h2 class=\"featured-title\">Ferienh\u00e4user in Cornwall am Meer<\/h2>\n<p class=\"featured-body\">Cornwall besitzt mehr K\u00fcstenlinien als jede andere Grafschaft und bietet einige der besten Str\u00e4nde, K\u00fcstenwanderwege und Klippenlandschaften, die man \u00fcberhaupt finden kann&#8230; <\/p><\/span> <span class=\"featured-link-holder\"> <span class=\"featured-extra-info\"> \n<p>F\u00fcr Paare, Familien &#038; Gruppen<\/p>\n<\/span> \n<p class=\"featured-link\">DETAILS<\/p>\n<\/span> <\/a><\/div>\n","protected":false},"excerpt":{"rendered":"<p>Ihre K\u00f6nigliche Hoheit, Prinz Charles, Camilla, Prinz William und Kate gesellten sich w\u00e4hrend eines Banketts im weltber\u00fchmten Eden Project zu den G7 Weltf\u00fchrern. Die K\u00f6nigin und Mitglieder der K\u00f6niglichen Familie nahmen in einem der herrlichen Biome in Cornwalls top Touristenattraktion an einem Bankett teil. W\u00e4hrend eines nahezu beispiellosen Besuches in Cornwall, haben die K\u00f6nigin, Prinz [&hellip;]<\/p>\n","protected":false},"author":1,"featured_media":0,"parent":0,"menu_order":0,"comment_status":"closed","ping_status":"closed","template":"single-four.php","meta":[],"acf":[],"yoast_head":"<!-- This site is optimized with the Yoast SEO plugin v19.4 - https:\/\/yoast.com\/wordpress\/plugins\/seo\/ -->\n<title>Die Queen ist Gastgeberin eines Banketts der G7 Weltf\u00fchrer im Eden Project in Cornwall - Urlaub &amp; Reisen<\/title>\n<meta name=\"robots\" content=\"index, follow, max-snippet:-1, max-image-preview:large, max-video-preview:-1\" \/>\n<link rel=\"canonical\" href=\"https:\/\/www.urlaubcornwall.de\/blog\/die-koenigin-ist-gastgeberin-eines-banketts-der-g7-weltfuehrer-im-eden-project-in-cornwall\/\" \/>\n<meta property=\"og:locale\" content=\"en_US\" \/>\n<meta property=\"og:type\" content=\"article\" \/>\n<meta property=\"og:title\" content=\"Die Queen ist Gastgeberin eines Banketts der G7 Weltf\u00fchrer im Eden Project in Cornwall - Urlaub &amp; Reisen\" \/>\n<meta property=\"og:description\" content=\"Ihre K\u00f6nigliche Hoheit, Prinz Charles, Camilla, Prinz William und Kate gesellten sich w\u00e4hrend eines Banketts im weltber\u00fchmten Eden Project zu den G7 Weltf\u00fchrern. Die K\u00f6nigin und Mitglieder der K\u00f6niglichen Familie nahmen in einem der herrlichen Biome in Cornwalls top Touristenattraktion an einem Bankett teil. W\u00e4hrend eines nahezu beispiellosen Besuches in Cornwall, haben die K\u00f6nigin, Prinz [&hellip;]\" \/>\n<meta property=\"og:url\" content=\"https:\/\/www.urlaubcornwall.de\/blog\/die-koenigin-ist-gastgeberin-eines-banketts-der-g7-weltfuehrer-im-eden-project-in-cornwall\/\" \/>\n<meta property=\"og:site_name\" content=\"Urlaub &amp; Reisen\" \/>\n<meta property=\"article:modified_time\" content=\"2024-05-31T08:05:07+00:00\" \/>\n<meta name=\"twitter:card\" content=\"summary\" \/>\n<meta name=\"twitter:label1\" content=\"Est. reading time\" \/>\n\t<meta name=\"twitter:data1\" content=\"2 minutes\" \/>\n<script type=\"application\/ld+json\" class=\"yoast-schema-graph\">{\"@context\":\"https:\/\/schema.org\",\"@graph\":[{\"@type\":\"WebSite\",\"@id\":\"https:\/\/www.urlaubcornwall.de\/blog\/#website\",\"url\":\"https:\/\/www.urlaubcornwall.de\/blog\/\",\"name\":\"Urlaub &amp; Reisen\",\"description\":\"Urlaub, Reisen, Cornwall und S\u00fcdengland: eine perfekte Kombination\",\"potentialAction\":[{\"@type\":\"SearchAction\",\"target\":{\"@type\":\"EntryPoint\",\"urlTemplate\":\"https:\/\/www.urlaubcornwall.de\/blog\/?s={search_term_string}\"},\"query-input\":\"required name=search_term_string\"}],\"inLanguage\":\"en-US\"},{\"@type\":\"WebPage\",\"@id\":\"https:\/\/www.urlaubcornwall.de\/blog\/die-koenigin-ist-gastgeberin-eines-banketts-der-g7-weltfuehrer-im-eden-project-in-cornwall\/\",\"url\":\"https:\/\/www.urlaubcornwall.de\/blog\/die-koenigin-ist-gastgeberin-eines-banketts-der-g7-weltfuehrer-im-eden-project-in-cornwall\/\",\"name\":\"Die Queen ist Gastgeberin eines Banketts der G7 Weltf\u00fchrer im Eden Project in Cornwall - Urlaub &amp; Reisen\",\"isPartOf\":{\"@id\":\"https:\/\/www.urlaubcornwall.de\/blog\/#website\"},\"datePublished\":\"2021-06-12T10:40:13+00:00\",\"dateModified\":\"2024-05-31T08:05:07+00:00\",\"breadcrumb\":{\"@id\":\"https:\/\/www.urlaubcornwall.de\/blog\/die-koenigin-ist-gastgeberin-eines-banketts-der-g7-weltfuehrer-im-eden-project-in-cornwall\/#breadcrumb\"},\"inLanguage\":\"en-US\",\"potentialAction\":[{\"@type\":\"ReadAction\",\"target\":[\"https:\/\/www.urlaubcornwall.de\/blog\/die-koenigin-ist-gastgeberin-eines-banketts-der-g7-weltfuehrer-im-eden-project-in-cornwall\/\"]}]},{\"@type\":\"BreadcrumbList\",\"@id\":\"https:\/\/www.urlaubcornwall.de\/blog\/die-koenigin-ist-gastgeberin-eines-banketts-der-g7-weltfuehrer-im-eden-project-in-cornwall\/#breadcrumb\",\"itemListElement\":[{\"@type\":\"ListItem\",\"position\":1,\"name\":\"Home\",\"item\":\"https:\/\/www.urlaubcornwall.de\/blog\/\"},{\"@type\":\"ListItem\",\"position\":2,\"name\":\"Die Queen ist Gastgeberin eines Banketts der G7 Weltf\u00fchrer im Eden Project in Cornwall\"}]}]}<\/script>\n<!-- \/ Yoast SEO plugin. -->","yoast_head_json":{"title":"Die Queen ist Gastgeberin eines Banketts der G7 Weltf\u00fchrer im Eden Project in Cornwall - Urlaub &amp; Reisen","robots":{"index":"index","follow":"follow","max-snippet":"max-snippet:-1","max-image-preview":"max-image-preview:large","max-video-preview":"max-video-preview:-1"},"canonical":"https:\/\/www.urlaubcornwall.de\/blog\/die-koenigin-ist-gastgeberin-eines-banketts-der-g7-weltfuehrer-im-eden-project-in-cornwall\/","og_locale":"en_US","og_type":"article","og_title":"Die Queen ist Gastgeberin eines Banketts der G7 Weltf\u00fchrer im Eden Project in Cornwall - Urlaub &amp; Reisen","og_description":"Ihre K\u00f6nigliche Hoheit, Prinz Charles, Camilla, Prinz William und Kate gesellten sich w\u00e4hrend eines Banketts im weltber\u00fchmten Eden Project zu den G7 Weltf\u00fchrern. Die K\u00f6nigin und Mitglieder der K\u00f6niglichen Familie nahmen in einem der herrlichen Biome in Cornwalls top Touristenattraktion an einem Bankett teil. W\u00e4hrend eines nahezu beispiellosen Besuches in Cornwall, haben die K\u00f6nigin, Prinz [&hellip;]","og_url":"https:\/\/www.urlaubcornwall.de\/blog\/die-koenigin-ist-gastgeberin-eines-banketts-der-g7-weltfuehrer-im-eden-project-in-cornwall\/","og_site_name":"Urlaub &amp; Reisen","article_modified_time":"2024-05-31T08:05:07+00:00","twitter_card":"summary","twitter_misc":{"Est. reading time":"2 minutes"},"schema":{"@context":"https:\/\/schema.org","@graph":[{"@type":"WebSite","@id":"https:\/\/www.urlaubcornwall.de\/blog\/#website","url":"https:\/\/www.urlaubcornwall.de\/blog\/","name":"Urlaub &amp; Reisen","description":"Urlaub, Reisen, Cornwall und S\u00fcdengland: eine perfekte Kombination","potentialAction":[{"@type":"SearchAction","target":{"@type":"EntryPoint","urlTemplate":"https:\/\/www.urlaubcornwall.de\/blog\/?s={search_term_string}"},"query-input":"required name=search_term_string"}],"inLanguage":"en-US"},{"@type":"WebPage","@id":"https:\/\/www.urlaubcornwall.de\/blog\/die-koenigin-ist-gastgeberin-eines-banketts-der-g7-weltfuehrer-im-eden-project-in-cornwall\/","url":"https:\/\/www.urlaubcornwall.de\/blog\/die-koenigin-ist-gastgeberin-eines-banketts-der-g7-weltfuehrer-im-eden-project-in-cornwall\/","name":"Die Queen ist Gastgeberin eines Banketts der G7 Weltf\u00fchrer im Eden Project in Cornwall - Urlaub &amp; Reisen","isPartOf":{"@id":"https:\/\/www.urlaubcornwall.de\/blog\/#website"},"datePublished":"2021-06-12T10:40:13+00:00","dateModified":"2024-05-31T08:05:07+00:00","breadcrumb":{"@id":"https:\/\/www.urlaubcornwall.de\/blog\/die-koenigin-ist-gastgeberin-eines-banketts-der-g7-weltfuehrer-im-eden-project-in-cornwall\/#breadcrumb"},"inLanguage":"en-US","potentialAction":[{"@type":"ReadAction","target":["https:\/\/www.urlaubcornwall.de\/blog\/die-koenigin-ist-gastgeberin-eines-banketts-der-g7-weltfuehrer-im-eden-project-in-cornwall\/"]}]},{"@type":"BreadcrumbList","@id":"https:\/\/www.urlaubcornwall.de\/blog\/die-koenigin-ist-gastgeberin-eines-banketts-der-g7-weltfuehrer-im-eden-project-in-cornwall\/#breadcrumb","itemListElement":[{"@type":"ListItem","position":1,"name":"Home","item":"https:\/\/www.urlaubcornwall.de\/blog\/"},{"@type":"ListItem","position":2,"name":"Die Queen ist Gastgeberin eines Banketts der G7 Weltf\u00fchrer im Eden Project in Cornwall"}]}]}},"_links":{"self":[{"href":"https:\/\/www.urlaubcornwall.de\/blog\/wp-json\/wp\/v2\/pages\/41741"}],"collection":[{"href":"https:\/\/www.urlaubcornwall.de\/blog\/wp-json\/wp\/v2\/pages"}],"about":[{"href":"https:\/\/www.urlaubcornwall.de\/blog\/wp-json\/wp\/v2\/types\/page"}],"author":[{"embeddable":true,"href":"https:\/\/www.urlaubcornwall.de\/blog\/wp-json\/wp\/v2\/users\/1"}],"replies":[{"embeddable":true,"href":"https:\/\/www.urlaubcornwall.de\/blog\/wp-json\/wp\/v2\/comments?post=41741"}],"version-history":[{"count":3,"href":"https:\/\/www.urlaubcornwall.de\/blog\/wp-json\/wp\/v2\/pages\/41741\/revisions"}],"predecessor-version":[{"id":51218,"href":"https:\/\/www.urlaubcornwall.de\/blog\/wp-json\/wp\/v2\/pages\/41741\/revisions\/51218"}],"wp:attachment":[{"href":"https:\/\/www.urlaubcornwall.de\/blog\/wp-json\/wp\/v2\/media?parent=41741"}],"curies":[{"name":"wp","href":"https:\/\/api.w.org\/{rel}","templated":true}]}}