{"id":41616,"date":"2021-05-02T16:00:09","date_gmt":"2021-05-02T16:00:09","guid":{"rendered":"https:\/\/www.urlaubcornwall.de\/blog\/?page_id=41616"},"modified":"2024-04-30T15:46:22","modified_gmt":"2024-04-30T15:46:22","slug":"urlaub-avebury-in-der-grafschaft-wiltshire","status":"publish","type":"page","link":"https:\/\/www.urlaubcornwall.de\/blog\/urlaub-avebury-in-der-grafschaft-wiltshire\/","title":{"rendered":"Urlaub Avebury in der Grafschaft Wiltshire"},"content":{"rendered":"<p><img loading=\"lazy\" class=\"aligncenter size-full wp-image-48141\" src=\"https:\/\/www.urlaubcornwall.de\/blog\/wp-content\/uploads\/2024\/03\/avebury.jpg\" alt=\"avebury\" width=\"750\" height=\"500\" srcset=\"https:\/\/www.urlaubcornwall.de\/blog\/wp-content\/uploads\/2024\/03\/avebury.jpg 750w, https:\/\/www.urlaubcornwall.de\/blog\/wp-content\/uploads\/2024\/03\/avebury-300x200.jpg 300w\" sizes=\"(max-width: 750px) 100vw, 750px\" \/><\/p>\n<p>\u00d6stlich von <a href=\"https:\/\/www.urlaubcornwall.de\/ferienhaeuser-fewos\/eng\/somerset\/bath.html\">Bath<\/a>, in der Grafschaft <a href=\"https:\/\/www.urlaubcornwall.de\/ferienhaeuser-fewos\/eng\/wiltshire\/wiltshire.html\">Wiltshire<\/a>, befindet sich der Steinkreis von Avebury. Dieser ist einer der gr\u00f6\u00dften Steinkreise in England (einschl. des umgebenden Walls umfasst er eine Fl\u00e4che von ca. 15 Hektar) und mit seinem Alter von 5000 Jahren ist er sogar \u00e4lter als der bekannte Steinkreis von Stonehenge, der nur ca. 30 km s\u00fcdlich von Avebury liegt. Genau wie Stonehenge geh\u00f6rt auch Avebury zum Weltkulturerbe der UNESCO. Im Gegensatz zu Stonehenge kann man in Avebury die Steine ganz aus der N\u00e4he betrachten und sogar ber\u00fchren. Der Steinkreis von Avebury ist um eine mittelalterliche Ortschaft herum gebaut und durch die Gr\u00f6\u00dfe der Anlage ist das Bauwerk beeindruckend und f\u00fcr Interessierte sicher sehenswert!<\/p>\n<div class=\"snippet\"> <a class=\"featured-item\" href=\"https:\/\/www.urlaubcornwall.de\/ferienhaeuser\/suedengland.php\"> <span class=\"image-holder\" style=\"background-image: url('https:\/\/www.urlaubcornwall.de\/blog\/wp-content\/uploads\/2024\/03\/ferienhaus-england-cornwall.jpg');\"><\/span> <span class=\"featured-content\"> \n<h2 class=\"featured-title\">Ferienh\u00e4user in Wiltshire &#038; S\u00fcdengland<\/h2>\n<p class=\"featured-body\">Bei uns finden Sie Ferienh\u00e4user zum Verlieben &#8211; so einfach ist das! Dank seiner langen Geschichte, der reizvollen Landschaften und seinen vielen Attraktionen ist S\u00fcdengland ein wahres Mekka f\u00fcr Urlauber&#8230;..<\/p><\/span> <span class=\"featured-link-holder\"> <span class=\"featured-extra-info\"> \n<p>Pers\u00f6nlich inspizierter Ferienh\u00e4user<\/p>\n<\/span> \n<p class=\"featured-link\">DETAILS<\/p>\n<\/span> <\/a><\/div>\n","protected":false},"excerpt":{"rendered":"<p>\u00d6stlich von Bath, in der Grafschaft Wiltshire, befindet sich der Steinkreis von Avebury. Dieser ist einer der gr\u00f6\u00dften Steinkreise in England (einschl. des umgebenden Walls umfasst er eine Fl\u00e4che von ca. 15 Hektar) und mit seinem Alter von 5000 Jahren ist er sogar \u00e4lter als der bekannte Steinkreis von Stonehenge, der nur ca. 30 km [&hellip;]<\/p>\n","protected":false},"author":1,"featured_media":0,"parent":0,"menu_order":0,"comment_status":"closed","ping_status":"closed","template":"single-four.php","meta":[],"acf":[],"yoast_head":"<!-- This site is optimized with the Yoast SEO plugin v19.4 - https:\/\/yoast.com\/wordpress\/plugins\/seo\/ -->\n<title>Urlaub Avebury in der Grafschaft Wiltshire - Urlaub &amp; Reisen<\/title>\n<meta name=\"robots\" content=\"index, follow, max-snippet:-1, max-image-preview:large, max-video-preview:-1\" \/>\n<link rel=\"canonical\" href=\"https:\/\/www.urlaubcornwall.de\/blog\/urlaub-avebury-in-der-grafschaft-wiltshire\/\" \/>\n<meta property=\"og:locale\" content=\"en_US\" \/>\n<meta property=\"og:type\" content=\"article\" \/>\n<meta property=\"og:title\" content=\"Urlaub Avebury in der Grafschaft Wiltshire - Urlaub &amp; Reisen\" \/>\n<meta property=\"og:description\" content=\"\u00d6stlich von Bath, in der Grafschaft Wiltshire, befindet sich der Steinkreis von Avebury. Dieser ist einer der gr\u00f6\u00dften Steinkreise in England (einschl. des umgebenden Walls umfasst er eine Fl\u00e4che von ca. 15 Hektar) und mit seinem Alter von 5000 Jahren ist er sogar \u00e4lter als der bekannte Steinkreis von Stonehenge, der nur ca. 30 km [&hellip;]\" \/>\n<meta property=\"og:url\" content=\"https:\/\/www.urlaubcornwall.de\/blog\/urlaub-avebury-in-der-grafschaft-wiltshire\/\" \/>\n<meta property=\"og:site_name\" content=\"Urlaub &amp; Reisen\" \/>\n<meta property=\"article:modified_time\" content=\"2024-04-30T15:46:22+00:00\" \/>\n<meta property=\"og:image\" content=\"https:\/\/www.urlaubcornwall.de\/blog\/wp-content\/uploads\/2024\/03\/avebury.jpg\" \/>\n<meta name=\"twitter:card\" content=\"summary\" \/>\n<meta name=\"twitter:label1\" content=\"Est. reading time\" \/>\n\t<meta name=\"twitter:data1\" content=\"1 minute\" \/>\n<script type=\"application\/ld+json\" class=\"yoast-schema-graph\">{\"@context\":\"https:\/\/schema.org\",\"@graph\":[{\"@type\":\"WebSite\",\"@id\":\"https:\/\/www.urlaubcornwall.de\/blog\/#website\",\"url\":\"https:\/\/www.urlaubcornwall.de\/blog\/\",\"name\":\"Urlaub &amp; Reisen\",\"description\":\"Urlaub, Reisen, Cornwall und S\u00fcdengland: eine perfekte Kombination\",\"potentialAction\":[{\"@type\":\"SearchAction\",\"target\":{\"@type\":\"EntryPoint\",\"urlTemplate\":\"https:\/\/www.urlaubcornwall.de\/blog\/?s={search_term_string}\"},\"query-input\":\"required name=search_term_string\"}],\"inLanguage\":\"en-US\"},{\"@type\":\"WebPage\",\"@id\":\"https:\/\/www.urlaubcornwall.de\/blog\/urlaub-avebury-in-der-grafschaft-wiltshire\/\",\"url\":\"https:\/\/www.urlaubcornwall.de\/blog\/urlaub-avebury-in-der-grafschaft-wiltshire\/\",\"name\":\"Urlaub Avebury in der Grafschaft Wiltshire - Urlaub &amp; Reisen\",\"isPartOf\":{\"@id\":\"https:\/\/www.urlaubcornwall.de\/blog\/#website\"},\"datePublished\":\"2021-05-02T16:00:09+00:00\",\"dateModified\":\"2024-04-30T15:46:22+00:00\",\"breadcrumb\":{\"@id\":\"https:\/\/www.urlaubcornwall.de\/blog\/urlaub-avebury-in-der-grafschaft-wiltshire\/#breadcrumb\"},\"inLanguage\":\"en-US\",\"potentialAction\":[{\"@type\":\"ReadAction\",\"target\":[\"https:\/\/www.urlaubcornwall.de\/blog\/urlaub-avebury-in-der-grafschaft-wiltshire\/\"]}]},{\"@type\":\"BreadcrumbList\",\"@id\":\"https:\/\/www.urlaubcornwall.de\/blog\/urlaub-avebury-in-der-grafschaft-wiltshire\/#breadcrumb\",\"itemListElement\":[{\"@type\":\"ListItem\",\"position\":1,\"name\":\"Home\",\"item\":\"https:\/\/www.urlaubcornwall.de\/blog\/\"},{\"@type\":\"ListItem\",\"position\":2,\"name\":\"Urlaub Avebury in der Grafschaft Wiltshire\"}]}]}<\/script>\n<!-- \/ Yoast SEO plugin. -->","yoast_head_json":{"title":"Urlaub Avebury in der Grafschaft Wiltshire - Urlaub &amp; Reisen","robots":{"index":"index","follow":"follow","max-snippet":"max-snippet:-1","max-image-preview":"max-image-preview:large","max-video-preview":"max-video-preview:-1"},"canonical":"https:\/\/www.urlaubcornwall.de\/blog\/urlaub-avebury-in-der-grafschaft-wiltshire\/","og_locale":"en_US","og_type":"article","og_title":"Urlaub Avebury in der Grafschaft Wiltshire - Urlaub &amp; Reisen","og_description":"\u00d6stlich von Bath, in der Grafschaft Wiltshire, befindet sich der Steinkreis von Avebury. Dieser ist einer der gr\u00f6\u00dften Steinkreise in England (einschl. des umgebenden Walls umfasst er eine Fl\u00e4che von ca. 15 Hektar) und mit seinem Alter von 5000 Jahren ist er sogar \u00e4lter als der bekannte Steinkreis von Stonehenge, der nur ca. 30 km [&hellip;]","og_url":"https:\/\/www.urlaubcornwall.de\/blog\/urlaub-avebury-in-der-grafschaft-wiltshire\/","og_site_name":"Urlaub &amp; Reisen","article_modified_time":"2024-04-30T15:46:22+00:00","og_image":[{"url":"https:\/\/www.urlaubcornwall.de\/blog\/wp-content\/uploads\/2024\/03\/avebury.jpg"}],"twitter_card":"summary","twitter_misc":{"Est. reading time":"1 minute"},"schema":{"@context":"https:\/\/schema.org","@graph":[{"@type":"WebSite","@id":"https:\/\/www.urlaubcornwall.de\/blog\/#website","url":"https:\/\/www.urlaubcornwall.de\/blog\/","name":"Urlaub &amp; Reisen","description":"Urlaub, Reisen, Cornwall und S\u00fcdengland: eine perfekte Kombination","potentialAction":[{"@type":"SearchAction","target":{"@type":"EntryPoint","urlTemplate":"https:\/\/www.urlaubcornwall.de\/blog\/?s={search_term_string}"},"query-input":"required name=search_term_string"}],"inLanguage":"en-US"},{"@type":"WebPage","@id":"https:\/\/www.urlaubcornwall.de\/blog\/urlaub-avebury-in-der-grafschaft-wiltshire\/","url":"https:\/\/www.urlaubcornwall.de\/blog\/urlaub-avebury-in-der-grafschaft-wiltshire\/","name":"Urlaub Avebury in der Grafschaft Wiltshire - Urlaub &amp; Reisen","isPartOf":{"@id":"https:\/\/www.urlaubcornwall.de\/blog\/#website"},"datePublished":"2021-05-02T16:00:09+00:00","dateModified":"2024-04-30T15:46:22+00:00","breadcrumb":{"@id":"https:\/\/www.urlaubcornwall.de\/blog\/urlaub-avebury-in-der-grafschaft-wiltshire\/#breadcrumb"},"inLanguage":"en-US","potentialAction":[{"@type":"ReadAction","target":["https:\/\/www.urlaubcornwall.de\/blog\/urlaub-avebury-in-der-grafschaft-wiltshire\/"]}]},{"@type":"BreadcrumbList","@id":"https:\/\/www.urlaubcornwall.de\/blog\/urlaub-avebury-in-der-grafschaft-wiltshire\/#breadcrumb","itemListElement":[{"@type":"ListItem","position":1,"name":"Home","item":"https:\/\/www.urlaubcornwall.de\/blog\/"},{"@type":"ListItem","position":2,"name":"Urlaub Avebury in der Grafschaft Wiltshire"}]}]}},"_links":{"self":[{"href":"https:\/\/www.urlaubcornwall.de\/blog\/wp-json\/wp\/v2\/pages\/41616"}],"collection":[{"href":"https:\/\/www.urlaubcornwall.de\/blog\/wp-json\/wp\/v2\/pages"}],"about":[{"href":"https:\/\/www.urlaubcornwall.de\/blog\/wp-json\/wp\/v2\/types\/page"}],"author":[{"embeddable":true,"href":"https:\/\/www.urlaubcornwall.de\/blog\/wp-json\/wp\/v2\/users\/1"}],"replies":[{"embeddable":true,"href":"https:\/\/www.urlaubcornwall.de\/blog\/wp-json\/wp\/v2\/comments?post=41616"}],"version-history":[{"count":5,"href":"https:\/\/www.urlaubcornwall.de\/blog\/wp-json\/wp\/v2\/pages\/41616\/revisions"}],"predecessor-version":[{"id":50005,"href":"https:\/\/www.urlaubcornwall.de\/blog\/wp-json\/wp\/v2\/pages\/41616\/revisions\/50005"}],"wp:attachment":[{"href":"https:\/\/www.urlaubcornwall.de\/blog\/wp-json\/wp\/v2\/media?parent=41616"}],"curies":[{"name":"wp","href":"https:\/\/api.w.org\/{rel}","templated":true}]}}