{"id":41552,"date":"2021-04-14T15:14:29","date_gmt":"2021-04-14T15:14:29","guid":{"rendered":"https:\/\/www.urlaubcornwall.de\/blog\/?page_id=41552"},"modified":"2021-05-03T14:49:22","modified_gmt":"2021-05-03T14:49:22","slug":"isles-of-scilly-urlaub-allgemeine-informationen","status":"publish","type":"page","link":"https:\/\/www.urlaubcornwall.de\/blog\/isles-of-scilly-urlaub-allgemeine-informationen\/","title":{"rendered":"Isles of Scilly Urlaub \u2013 Allgemeine Informationen"},"content":{"rendered":"<p><img loading=\"lazy\" class=\"aligncenter size-full wp-image-40112\" src=\"https:\/\/www.urlaubcornwall.de\/blog\/wp-content\/uploads\/2020\/05\/blick-st-martins-scilly_insta.jpg\" alt=\"blick st martins scilly\" width=\"750\" height=\"653\" srcset=\"https:\/\/www.urlaubcornwall.de\/blog\/wp-content\/uploads\/2020\/05\/blick-st-martins-scilly_insta.jpg 750w, https:\/\/www.urlaubcornwall.de\/blog\/wp-content\/uploads\/2020\/05\/blick-st-martins-scilly_insta-300x261.jpg 300w\" sizes=\"(max-width: 750px) 100vw, 750px\" \/><\/p>\n<p>Wei\u00dfe unber\u00fchrte Sandstr\u00e4nde, klares t\u00fcrkisblaues Meer, gr\u00fcne Palmen und einzigartige Panoramablicke \u2013 das sind die <a href=\"https:\/\/www.urlaubcornwall.de\/Scilly-Inseln.php\">Scilly Islands<\/a>, eine geheimnisvolle Inselgruppe, die in etwa 45 Kilometer s\u00fcdwestlich von Land\u00b4s End im Atlantik liegt. Sie bestehen aus hunderten von kleinen Inseln, von denen jedoch nur f\u00fcnf bewohnt sind (<a href=\"https:\/\/www.urlaubcornwall.de\/blog\/scilly-inseln-st-marys\/\">St. Mary\u00b4s<\/a>, <a href=\"https:\/\/www.urlaubcornwall.de\/blog\/scilly-inseln-tresco\/\">Tresco<\/a>, <a href=\"https:\/\/www.urlaubcornwall.de\/blog\/scilly-inseln-st-martins\/\">St. Martin\u00b4s<\/a>, <a href=\"https:\/\/www.urlaubcornwall.de\/blog\/scilly-inseln-st-agnes\/\">St. Agnes<\/a>, <a href=\"https:\/\/www.urlaubcornwall.de\/blog\/scilly-inseln-bryher\/\">Bryher<\/a>).<\/p>\n<p>Die Scilly Islands, die auch die gl\u00fccklichen Inseln (Fortunate Islands) genannt werden, sind zweifelsohne ein absoluter Geheimtipp, Cornwalls bestgeh\u00fctetes Geheimnis und Englands s\u00fcdlichstes Ende. Auf diesem Fleck Erde, fern ab des Vereinigten K\u00f6nigreiches, wo die Zeit keine Rolle zu spielen scheint, kommen Naturliebhaber, Fahrradfahrer, Segler, Ruderer und Taucher voll auf ihre Kosten.<\/p>\n<p><strong>Anreise:<\/strong><\/p>\n<p>Die <a href=\"https:\/\/www.urlaubcornwall.de\/anreise-zu-den-scilly-inseln.php\">Anreise f\u00fcr Ihren Scilly Islands<\/a> Urlaub erfolgt vom englischen Festland entweder per F\u00e4hre ab Penzance oder per Kleinflugzeug ab Lands\u2019s End, Newquay oder Exeter. Die Inseln sind autofrei, man kann alles zu Fu\u00df oder per Boot oder per Fahrrad erreichen.<\/p>\n<p><strong>Klima und Reisezeit:<\/strong><\/p>\n<p><a href=\"https:\/\/www.urlaubcornwall.de\/blog\/scilly-inseln-klima-und-wassertemperatur\/\">Das milde Klima<\/a>, die vielen exotischen Pflanzen und die einsamen wundersch\u00f6nen Landschaften lassen wahres S\u00fcdseefeeling aufkommen. Bereisen kann man diese Inselgruppe nur von M\u00e4rz bis November. Da die Unterbringungen und auch die Fl\u00fcge auf die Hauptinsel in den Sommermonaten Juni, Juli und August extrem gut gebucht sind, empfiehlt sich eine fr\u00fchzeitige Buchung!<\/p>\n<p><strong>Aufenthaltsdauer:<\/strong><\/p>\n<p>Da diese Inselgruppe ein ganz spezielles Erlebnis ist, sollte man einen Aufenthalt von 1 Woche einplanen, wenn man nur die Inseln bereist. Wenn Sie einen Scilly Islands Urlaub in eine <a href=\"https:\/\/www.urlaubcornwall.de\/rundreisen\/cornwall-suedengland.php\">Rundreise durch S\u00fcdengland<\/a> integrieren m\u00f6chten, dann sollten Sie sich 3-4 Tage Zeit nehmen. Viele der Unterk\u00fcnfte haben in den Sommermonaten auch einen Mindestaufenthalt.<\/p>\n<p><strong>Buchungen f\u00fcr Ihren Scilly Islands Urlaub:<\/strong><\/p>\n<p>Als langj\u00e4hriger England-Spezialist k\u00f6nnen wir Ihnen die gesamte, teils <a href=\"https:\/\/www.urlaubcornwall.de\/Scilly-Inseln\/reiseservice.php\">komplizierte Planung und Organisation<\/a> abnehmen und Ihnen ein individuelles Paket schn\u00fcren, inklusive Anreise und Unterkunft f\u00fcr einen gelungen Scilly Islands Urlaub.<\/p>\n<p style=\"text-align: center;\"><a class=\"tidycta\" href=\"http:\/\/www.urlaubcornwall.de\/anfrage.php?tourcode=Scilly Inseln\">Scilly Inseln Anfrage<\/a><\/p>\n","protected":false},"excerpt":{"rendered":"<p>Wei\u00dfe unber\u00fchrte Sandstr\u00e4nde, klares t\u00fcrkisblaues Meer, gr\u00fcne Palmen und einzigartige Panoramablicke \u2013 das sind die Scilly Islands, eine geheimnisvolle Inselgruppe, die in etwa 45 Kilometer s\u00fcdwestlich von Land\u00b4s End im Atlantik liegt. Sie bestehen aus hunderten von kleinen Inseln, von denen jedoch nur f\u00fcnf bewohnt sind (St. Mary\u00b4s, Tresco, St. Martin\u00b4s, St. Agnes, Bryher). Die [&hellip;]<\/p>\n","protected":false},"author":1,"featured_media":0,"parent":0,"menu_order":0,"comment_status":"closed","ping_status":"closed","template":"single-four.php","meta":[],"acf":[],"yoast_head":"<!-- This site is optimized with the Yoast SEO plugin v19.4 - https:\/\/yoast.com\/wordpress\/plugins\/seo\/ -->\n<title>Isles of Scilly Urlaub \u2013 Allgemeine Informationen - Urlaub &amp; Reisen<\/title>\n<meta name=\"robots\" content=\"index, follow, max-snippet:-1, max-image-preview:large, max-video-preview:-1\" \/>\n<link rel=\"canonical\" href=\"https:\/\/www.urlaubcornwall.de\/blog\/isles-of-scilly-urlaub-allgemeine-informationen\/\" \/>\n<meta property=\"og:locale\" content=\"en_US\" \/>\n<meta property=\"og:type\" content=\"article\" \/>\n<meta property=\"og:title\" content=\"Isles of Scilly Urlaub \u2013 Allgemeine Informationen - Urlaub &amp; Reisen\" \/>\n<meta property=\"og:description\" content=\"Wei\u00dfe unber\u00fchrte Sandstr\u00e4nde, klares t\u00fcrkisblaues Meer, gr\u00fcne Palmen und einzigartige Panoramablicke \u2013 das sind die Scilly Islands, eine geheimnisvolle Inselgruppe, die in etwa 45 Kilometer s\u00fcdwestlich von Land\u00b4s End im Atlantik liegt. Sie bestehen aus hunderten von kleinen Inseln, von denen jedoch nur f\u00fcnf bewohnt sind (St. Mary\u00b4s, Tresco, St. Martin\u00b4s, St. Agnes, Bryher). Die [&hellip;]\" \/>\n<meta property=\"og:url\" content=\"https:\/\/www.urlaubcornwall.de\/blog\/isles-of-scilly-urlaub-allgemeine-informationen\/\" \/>\n<meta property=\"og:site_name\" content=\"Urlaub &amp; Reisen\" \/>\n<meta property=\"article:modified_time\" content=\"2021-05-03T14:49:22+00:00\" \/>\n<meta property=\"og:image\" content=\"https:\/\/www.urlaubcornwall.de\/blog\/wp-content\/uploads\/2020\/05\/blick-st-martins-scilly_insta.jpg\" \/>\n<meta name=\"twitter:card\" content=\"summary\" \/>\n<meta name=\"twitter:label1\" content=\"Est. reading time\" \/>\n\t<meta name=\"twitter:data1\" content=\"2 minutes\" \/>\n<script type=\"application\/ld+json\" class=\"yoast-schema-graph\">{\"@context\":\"https:\/\/schema.org\",\"@graph\":[{\"@type\":\"WebSite\",\"@id\":\"https:\/\/www.urlaubcornwall.de\/blog\/#website\",\"url\":\"https:\/\/www.urlaubcornwall.de\/blog\/\",\"name\":\"Urlaub &amp; Reisen\",\"description\":\"Urlaub, Reisen, Cornwall und S\u00fcdengland: eine perfekte Kombination\",\"potentialAction\":[{\"@type\":\"SearchAction\",\"target\":{\"@type\":\"EntryPoint\",\"urlTemplate\":\"https:\/\/www.urlaubcornwall.de\/blog\/?s={search_term_string}\"},\"query-input\":\"required name=search_term_string\"}],\"inLanguage\":\"en-US\"},{\"@type\":\"WebPage\",\"@id\":\"https:\/\/www.urlaubcornwall.de\/blog\/isles-of-scilly-urlaub-allgemeine-informationen\/\",\"url\":\"https:\/\/www.urlaubcornwall.de\/blog\/isles-of-scilly-urlaub-allgemeine-informationen\/\",\"name\":\"Isles of Scilly Urlaub \u2013 Allgemeine Informationen - Urlaub &amp; Reisen\",\"isPartOf\":{\"@id\":\"https:\/\/www.urlaubcornwall.de\/blog\/#website\"},\"datePublished\":\"2021-04-14T15:14:29+00:00\",\"dateModified\":\"2021-05-03T14:49:22+00:00\",\"breadcrumb\":{\"@id\":\"https:\/\/www.urlaubcornwall.de\/blog\/isles-of-scilly-urlaub-allgemeine-informationen\/#breadcrumb\"},\"inLanguage\":\"en-US\",\"potentialAction\":[{\"@type\":\"ReadAction\",\"target\":[\"https:\/\/www.urlaubcornwall.de\/blog\/isles-of-scilly-urlaub-allgemeine-informationen\/\"]}]},{\"@type\":\"BreadcrumbList\",\"@id\":\"https:\/\/www.urlaubcornwall.de\/blog\/isles-of-scilly-urlaub-allgemeine-informationen\/#breadcrumb\",\"itemListElement\":[{\"@type\":\"ListItem\",\"position\":1,\"name\":\"Home\",\"item\":\"https:\/\/www.urlaubcornwall.de\/blog\/\"},{\"@type\":\"ListItem\",\"position\":2,\"name\":\"Isles of Scilly Urlaub \u2013 Allgemeine Informationen\"}]}]}<\/script>\n<!-- \/ Yoast SEO plugin. -->","yoast_head_json":{"title":"Isles of Scilly Urlaub \u2013 Allgemeine Informationen - Urlaub &amp; Reisen","robots":{"index":"index","follow":"follow","max-snippet":"max-snippet:-1","max-image-preview":"max-image-preview:large","max-video-preview":"max-video-preview:-1"},"canonical":"https:\/\/www.urlaubcornwall.de\/blog\/isles-of-scilly-urlaub-allgemeine-informationen\/","og_locale":"en_US","og_type":"article","og_title":"Isles of Scilly Urlaub \u2013 Allgemeine Informationen - Urlaub &amp; Reisen","og_description":"Wei\u00dfe unber\u00fchrte Sandstr\u00e4nde, klares t\u00fcrkisblaues Meer, gr\u00fcne Palmen und einzigartige Panoramablicke \u2013 das sind die Scilly Islands, eine geheimnisvolle Inselgruppe, die in etwa 45 Kilometer s\u00fcdwestlich von Land\u00b4s End im Atlantik liegt. Sie bestehen aus hunderten von kleinen Inseln, von denen jedoch nur f\u00fcnf bewohnt sind (St. Mary\u00b4s, Tresco, St. Martin\u00b4s, St. Agnes, Bryher). Die [&hellip;]","og_url":"https:\/\/www.urlaubcornwall.de\/blog\/isles-of-scilly-urlaub-allgemeine-informationen\/","og_site_name":"Urlaub &amp; Reisen","article_modified_time":"2021-05-03T14:49:22+00:00","og_image":[{"url":"https:\/\/www.urlaubcornwall.de\/blog\/wp-content\/uploads\/2020\/05\/blick-st-martins-scilly_insta.jpg"}],"twitter_card":"summary","twitter_misc":{"Est. reading time":"2 minutes"},"schema":{"@context":"https:\/\/schema.org","@graph":[{"@type":"WebSite","@id":"https:\/\/www.urlaubcornwall.de\/blog\/#website","url":"https:\/\/www.urlaubcornwall.de\/blog\/","name":"Urlaub &amp; Reisen","description":"Urlaub, Reisen, Cornwall und S\u00fcdengland: eine perfekte Kombination","potentialAction":[{"@type":"SearchAction","target":{"@type":"EntryPoint","urlTemplate":"https:\/\/www.urlaubcornwall.de\/blog\/?s={search_term_string}"},"query-input":"required name=search_term_string"}],"inLanguage":"en-US"},{"@type":"WebPage","@id":"https:\/\/www.urlaubcornwall.de\/blog\/isles-of-scilly-urlaub-allgemeine-informationen\/","url":"https:\/\/www.urlaubcornwall.de\/blog\/isles-of-scilly-urlaub-allgemeine-informationen\/","name":"Isles of Scilly Urlaub \u2013 Allgemeine Informationen - Urlaub &amp; Reisen","isPartOf":{"@id":"https:\/\/www.urlaubcornwall.de\/blog\/#website"},"datePublished":"2021-04-14T15:14:29+00:00","dateModified":"2021-05-03T14:49:22+00:00","breadcrumb":{"@id":"https:\/\/www.urlaubcornwall.de\/blog\/isles-of-scilly-urlaub-allgemeine-informationen\/#breadcrumb"},"inLanguage":"en-US","potentialAction":[{"@type":"ReadAction","target":["https:\/\/www.urlaubcornwall.de\/blog\/isles-of-scilly-urlaub-allgemeine-informationen\/"]}]},{"@type":"BreadcrumbList","@id":"https:\/\/www.urlaubcornwall.de\/blog\/isles-of-scilly-urlaub-allgemeine-informationen\/#breadcrumb","itemListElement":[{"@type":"ListItem","position":1,"name":"Home","item":"https:\/\/www.urlaubcornwall.de\/blog\/"},{"@type":"ListItem","position":2,"name":"Isles of Scilly Urlaub \u2013 Allgemeine Informationen"}]}]}},"_links":{"self":[{"href":"https:\/\/www.urlaubcornwall.de\/blog\/wp-json\/wp\/v2\/pages\/41552"}],"collection":[{"href":"https:\/\/www.urlaubcornwall.de\/blog\/wp-json\/wp\/v2\/pages"}],"about":[{"href":"https:\/\/www.urlaubcornwall.de\/blog\/wp-json\/wp\/v2\/types\/page"}],"author":[{"embeddable":true,"href":"https:\/\/www.urlaubcornwall.de\/blog\/wp-json\/wp\/v2\/users\/1"}],"replies":[{"embeddable":true,"href":"https:\/\/www.urlaubcornwall.de\/blog\/wp-json\/wp\/v2\/comments?post=41552"}],"version-history":[{"count":1,"href":"https:\/\/www.urlaubcornwall.de\/blog\/wp-json\/wp\/v2\/pages\/41552\/revisions"}],"predecessor-version":[{"id":41553,"href":"https:\/\/www.urlaubcornwall.de\/blog\/wp-json\/wp\/v2\/pages\/41552\/revisions\/41553"}],"wp:attachment":[{"href":"https:\/\/www.urlaubcornwall.de\/blog\/wp-json\/wp\/v2\/media?parent=41552"}],"curies":[{"name":"wp","href":"https:\/\/api.w.org\/{rel}","templated":true}]}}