{"id":41454,"date":"2021-03-15T11:36:40","date_gmt":"2021-03-15T11:36:40","guid":{"rendered":"https:\/\/www.urlaubcornwall.de\/blog\/?page_id=41454"},"modified":"2024-04-03T10:07:44","modified_gmt":"2024-04-03T10:07:44","slug":"entdecken-sie-die-urlaubsgeheimnisse-des-suedostens-von-england","status":"publish","type":"page","link":"https:\/\/www.urlaubcornwall.de\/blog\/entdecken-sie-die-urlaubsgeheimnisse-des-suedostens-von-england\/","title":{"rendered":"Entdecken Sie die Urlaubs Geheimnisse des S\u00fcdostens von England"},"content":{"rendered":"<p><img loading=\"lazy\" class=\"aligncenter size-full wp-image-48006\" src=\"https:\/\/www.urlaubcornwall.de\/blog\/wp-content\/uploads\/2024\/03\/white-cliffs-cuckmere-haven-sussex.jpg\" alt=\"white cliffs cuckmere haven sussex\" width=\"750\" height=\"563\" srcset=\"https:\/\/www.urlaubcornwall.de\/blog\/wp-content\/uploads\/2024\/03\/white-cliffs-cuckmere-haven-sussex.jpg 750w, https:\/\/www.urlaubcornwall.de\/blog\/wp-content\/uploads\/2024\/03\/white-cliffs-cuckmere-haven-sussex-300x225.jpg 300w\" sizes=\"(max-width: 750px) 100vw, 750px\" \/><\/p>\n<p>Von einer Oase an Frieden, Geruhsamkeit und einem langsameren Lebensrhythmus bis hin zu einem bezaubernden Paradies kosmopolitischer Badeorte, wei\u00dfer Kalkklippen und einzigartiger nat\u00fcrlicher Pracht \u2013 die <a href=\"https:\/\/www.urlaubcornwall.de\/reiseziel\/suedengland.php\">Grafschaften des S\u00fcdostens<\/a>, <a href=\"https:\/\/www.urlaubcornwall.de\/reiseziel\/kent.php\">Kent<\/a> &#038; <a href=\"https:\/\/www.urlaubcornwall.de\/reiseziel\/sussex.php\">Sussex<\/a>, haben jedermann etwas zu bieten. <\/p>\n<p><strong>Der beste Weinanbau<\/strong><\/p>\n<p><img loading=\"lazy\" class=\"aligncenter size-full wp-image-48169\" src=\"https:\/\/www.urlaubcornwall.de\/blog\/wp-content\/uploads\/2024\/03\/Chapel-Down-vineyard.jpg\" alt=\"Chapel-Down-vineyard\" width=\"750\" height=\"500\" srcset=\"https:\/\/www.urlaubcornwall.de\/blog\/wp-content\/uploads\/2024\/03\/Chapel-Down-vineyard.jpg 750w, https:\/\/www.urlaubcornwall.de\/blog\/wp-content\/uploads\/2024\/03\/Chapel-Down-vineyard-300x200.jpg 300w\" sizes=\"(max-width: 750px) 100vw, 750px\" \/><\/p>\n<p>Lediglich eine kurze Autofahrt von der kleinen l\u00e4ndlichen Stadt Tenterden entfernt, finden Sie den originalen Chapel Down Weinanbau. Dank des ikonischen Kalkbodens und perfekter klimatischer Bedingungen in <a href=\"https:\/\/www.urlaubcornwall.de\/ferienhaeuser\/kent.php\">Kent<\/a>, produziert Chapel Down preisgekr\u00f6nte englische Weine, die von einigen der gr\u00f6\u00dften Namen Britanniens geliebt werden, einschlie\u00dflich Gordon Ramsey und Jamie Oliver. Sie werden auch ausgeschenkt in gro\u00dfartigen Instituten wie dem  Royal Opera House und Ascot Pferderennen. Das herrliche Restaurant und die Bar bieten Blick auf 22 Ar Weinanbaugebiet, eine Landschaft, die anerkannt wurde als \u2018Gebiet von hervorragender Natursch\u00f6nheit\u2018, und die Weintouren und Verkostungen sind perfekt f\u00fcr einen Ausflugstag mit Freunden. <\/p>\n<p><strong>Der beste Ausblick<\/strong><\/p>\n<p><img loading=\"lazy\" class=\"aligncenter size-full wp-image-41457\" src=\"https:\/\/www.urlaubcornwall.de\/blog\/wp-content\/uploads\/2021\/03\/Brighton-i360_edit.jpg\" alt=\"Brighton i360 urlaub\" width=\"750\" height=\"456\"\/><\/p>\n<p>Zwischen den beiden Grafschaften gibt es Hunderte von atemberaubenden Ausblicken, von den imposanten Klippen bei Dover bis hin zum weitl\u00e4ufigen Tal von Devils Dike. Doch keiner davon ist so eindrucksvoll wie eine Fahrt zur Spitze des British Airways i360. Da er sich \u00fcber dem unverkennbaren Kieselstrand von <a href=\"https:\/\/www.urlaubcornwall.de\/blog\/urlaub-in-brighton-sussex-sehenswuerdigkeiten-unterkunft-und-geschichte\/\">Brighton und Hove<\/a> befindet, sehen Sie von hier aus die Sch\u00f6nheit der S\u00fcdk\u00fcste wie nie zuvor. Gleiten Sie sanft bis zu 450ft hinauf in einem futuristischen Glasaussichtsbeh\u00e4lter, der designt wurde von den Sch\u00f6pfern des London Eye, und bewundern Sie einen beeindruckenden 360 Grad Blick \u00fcber die Stadt, \u00fcber den South Downs Nationalpark hinweg, und an den klarsten Tagen sogar bis zur Isle of Wight. <\/p>\n<p><strong>Das beste Speiseeis<\/strong><\/p>\n<p><img loading=\"lazy\" class=\"aligncenter size-full wp-image-47983\" src=\"https:\/\/www.urlaubcornwall.de\/blog\/wp-content\/uploads\/2024\/03\/broadstairs.jpg\" alt=\"broadstairs\" width=\"750\" height=\"422\" srcset=\"https:\/\/www.urlaubcornwall.de\/blog\/wp-content\/uploads\/2024\/03\/broadstairs.jpg 750w, https:\/\/www.urlaubcornwall.de\/blog\/wp-content\/uploads\/2024\/03\/broadstairs-300x169.jpg 300w\" sizes=\"(max-width: 750px) 100vw, 750px\" \/><\/p>\n<p>Wenn Sie Urlaub verbringen in einer von Britanniens meistbekannten Regionen aufgrund ihrer ikonischen Speiseangebote und wundersch\u00f6nen Str\u00e4nde, dann k\u00f6nnen Sie nicht wieder weggehen, bevor Sie nicht ein echtes, traditionellen s\u00fcd\u00f6stliches Speiseeis hatten. Und wenn Sie nach dem Besten Ausschau halten, dann liegen Sie bei Morellis in <a href=\"https:\/\/www.urlaubcornwall.de\/ferienhaeuser-fewos\/eng\/kent\/broadstairs.html\">Broadstairs<\/a> gerade richtig. Diese Retro-Eisdiele \u00f6ffnete im Jahre 1932 entlang der malerischen Meerespromenade der Viking Bay und f\u00fchrt Sie in die Vergangenheit mit Wasserfont\u00e4nen, einer Jukebox, pinken Kunstledersitzen und t\u00e4glich frischem Eis, so dass Ihnen das Wasser im Munde zusammenl\u00e4uft. Sie bieten eine breite Auswahl an Geschmacksrichtungen, angerichtet in Waffelt\u00fcten, Eisbechern, auf Waffeln und Cr\u00eapes, und auch in einem einzigartigen Napf, designt f\u00fcr ihre hundefreundlichen Leckereien. <\/p>\n<p><strong>Der beste Strand<\/strong><\/p>\n<p><img loading=\"lazy\" class=\"aligncenter size-full wp-image-47888\" src=\"https:\/\/www.urlaubcornwall.de\/blog\/wp-content\/uploads\/2024\/03\/camber-sands.jpg\" alt=\"camber sands\" width=\"750\" height=\"563\" srcset=\"https:\/\/www.urlaubcornwall.de\/blog\/wp-content\/uploads\/2024\/03\/camber-sands.jpg 750w, https:\/\/www.urlaubcornwall.de\/blog\/wp-content\/uploads\/2024\/03\/camber-sands-300x225.jpg 300w\" sizes=\"(max-width: 750px) 100vw, 750px\" \/><\/p>\n<p>Mit mehr als drei Meilen weicher, goldener K\u00fcste und sanften B\u00fcrstd\u00fcnen ist es nicht verwunderlich, dass <a href=\"https:\/\/www.urlaubcornwall.de\/ferienhaeuser-fewos\/eng\/sussex\/camber.html\">Camber Sands<\/a> einer unserer Lieblingsstr\u00e4nde der Umgebung ist. Ob Sie nun einen Spaziergang bei Sonnenuntergang entlang des Wassers machen oder einen Tag in der Sonne mit Ihrem Lieblingsschm\u00f6ker verbringen wollen, so finden Sie an diesem einfachen und wundersch\u00f6nen Sandstrand ein kleines St\u00fcckchen Paradies. Und er ist auch hundefreundlich. Der gesamte Strand steht im Winter Ihren Vierbeinern zur Verf\u00fcgung, und im Hochsommer ist ein Abschnitt davon reserviert f\u00fcr unsere vierbeinigen Gesellen. <\/p>\n<p><strong>Das beste Nachtleben<\/strong><\/p>\n<p><img loading=\"lazy\" class=\"aligncenter size-full wp-image-48027\" src=\"https:\/\/www.urlaubcornwall.de\/blog\/wp-content\/uploads\/2024\/03\/brighton-pier-night.jpg\" alt=\"brighton pier night\" width=\"750\" height=\"442\" srcset=\"https:\/\/www.urlaubcornwall.de\/blog\/wp-content\/uploads\/2024\/03\/brighton-pier-night.jpg 750w, https:\/\/www.urlaubcornwall.de\/blog\/wp-content\/uploads\/2024\/03\/brighton-pier-night-300x177.jpg 300w\" sizes=\"(max-width: 750px) 100vw, 750px\" \/><\/p>\n<p>Sollten Sie nach <a href=\"https:\/\/www.urlaubcornwall.de\/ferienhaeuser-fewos\/eng\/sussex\/sussex.html\">Sussex<\/a> gekommen sein, um zu feiern, so werden Sie nicht entt\u00e4uscht sein. <a href=\"https:\/\/www.urlaubcornwall.de\/ferienhaeuser-fewos\/eng\/sussex\/brighton.html\">Brightons<\/a> quirlige North Laines bieten eine breite Vielfalt an Kneipen und Bars, von eher traditionellen Lokalit\u00e4ten mit w\u00f6chentlichen Quizveranstaltungen bis hin zu trendigen Cocktail Bars, die einzigartige und wundervolle Getr\u00e4nkekreationen servieren. Die Speisen hier sind mit einer Auswahl an Speisen aus der ganzen Welt ebenso abwechslungsreich, treffen sicherlich jeden Geschmacksnerv und lassen das Wasser im Munde zusammenlaufen. Sollten Sie ein Fan von Live Musik sein, so werden Sie diese Stadt lieben, die gro\u00dfe Namen hervorgebracht hat und die verstecktes Talent birgt. M\u00f6chten Sie tanzen? Die Nightclubs entlang des Ufers lassen Sie bis in die fr\u00fchen Morgenstunden feiern.<\/p>\n<p><strong>Rye Hafen<\/strong><\/p>\n<p><img loading=\"lazy\" class=\"aligncenter size-full wp-image-48046\" src=\"https:\/\/www.urlaubcornwall.de\/blog\/wp-content\/uploads\/2024\/03\/rye-sussex.jpg\" alt=\"rye sussex\" width=\"750\" height=\"486\" srcset=\"https:\/\/www.urlaubcornwall.de\/blog\/wp-content\/uploads\/2024\/03\/rye-sussex.jpg 750w, https:\/\/www.urlaubcornwall.de\/blog\/wp-content\/uploads\/2024\/03\/rye-sussex-300x194.jpg 300w\" sizes=\"(max-width: 750px) 100vw, 750px\" \/><\/p>\n<p>Ein gem\u00fctlicher Spaziergang um das Rye Harbour Naturreservat herum ist voller atemberaubender Meereslandschaften und Wahrzeichen. Das Team hier hat mehr als 4500 Pflanzen- und Tierarten verzeichnet, wovon mehr als 300 Arten als national selten oder bedroht gelten. Wenn Sie ein begeisterter Vogelbeobachter sind, finden Sie hier Hunderte von br\u00fctenden Seeschwalben, und einige weitere Arten kommen zum Fressen hierher. Sie lieben Spazierg\u00e4nge in der Natur? Dann ist auch <a href=\"https:\/\/www.urlaubcornwall.de\/ferienhaeuser-fewos\/eng\/sussex\/rye-harbour.html\">Rye Harbour<\/a> f\u00fcr Sie perfekt. Es gibt zwei Pfade, denen Sie folgen k\u00f6nnen, eine beschwingte 3km lange Wanderung oder eine l\u00e4ngere, 8km lange Tour. Falls Rye ein bisschen zu weit entfernt ist von Ihrem Unterkunftsort, ist dies kein Grund zur Panik, da beide Grafschaften voller wild lebender Tiere sind, und es gibt mehr als nur ein Gebiet hervorragender Natursch\u00f6nheit in der N\u00e4he.<\/p>\n<p><strong>Das Open<\/strong><\/p>\n<p><img loading=\"lazy\" class=\"aligncenter size-full wp-image-48157\" src=\"https:\/\/www.urlaubcornwall.de\/blog\/wp-content\/uploads\/2024\/03\/Falmouth_4-scaled-e1710172871510.jpg\" alt=\"golf\" width=\"750\" height=\"563\"\/><\/p>\n<p>2021 wird das ikonische Open Championship zum ersten Mal seit 2011 nach Royal St George\u2019s in <a href=\"https:\/\/www.urlaubcornwall.de\/blog\/sandwich-kent-unterkunft-sehenswuerdigkeiten-und-geschichte\/\">Sandwich<\/a> zur\u00fcckkehren. Das 149. Open findet an der spektakul\u00e4ren K\u00fcste von Kent statt und wird einige der weltbesten Golfspieler zur Schau stellen, die um den Claret Jug wetteifern. Jeder, der diesen Golfplatz kennt, wird das herrliche 6. Loch wiedererkennen, \u2018The Maiden\u2019, und dies ist sicherlich ein beliebter Aussichtspunkt, wenn Zuschauer die hoch aufragenden D\u00fcnen s\u00e4umen, die das Gr\u00fcn umgeben. Wenn Sie also diesen Sommer in der N\u00e4he dieser Aktion untergebracht sein wollen, k\u00f6nnte ein gem\u00fctliches Cottage in der N\u00e4he das perfekte Fleckchen f\u00fcr Sie sein. Entdecken Sie sie hier.<\/p>\n<p>Ob Sie nun mit der Familie entlang breiter goldener Str\u00e4nde entspannen, das Wochenende mit Freunden in der lebendigen Stadt verbringen oder mit Ihrem treuen Gesellen die Ausblicke und Ger\u00e4usche eines Gebiets hervorragender Natursch\u00f6nheit genie\u00dfen, so bringen wir Sie den Menschen und Orten, die Sie lieben, n\u00e4her. <\/p>\n<p>Entdecken Sie Ihren authentischen S\u00fcdost-Aufenthaltsort noch heute mit <a href=\"https:\/\/www.urlaubcornwall.de\/reiseziel\/suedengland.php\">unseren Ferienwohnungen in Kent und Sussex<\/a>.<\/p>\n","protected":false},"excerpt":{"rendered":"<p>Von einer Oase an Frieden, Geruhsamkeit und einem langsameren Lebensrhythmus bis hin zu einem bezaubernden Paradies kosmopolitischer Badeorte, wei\u00dfer Kalkklippen und einzigartiger nat\u00fcrlicher Pracht \u2013 die Grafschaften des S\u00fcdostens, Kent &#038; Sussex, haben jedermann etwas zu bieten. Der beste Weinanbau Lediglich eine kurze Autofahrt von der kleinen l\u00e4ndlichen Stadt Tenterden entfernt, finden Sie den originalen [&hellip;]<\/p>\n","protected":false},"author":1,"featured_media":0,"parent":0,"menu_order":0,"comment_status":"closed","ping_status":"closed","template":"single-four.php","meta":[],"acf":[],"yoast_head":"<!-- This site is optimized with the Yoast SEO plugin v19.4 - https:\/\/yoast.com\/wordpress\/plugins\/seo\/ -->\n<title>Entdecken Sie die Urlaubs Geheimnisse des S\u00fcdostens von England - Urlaub &amp; Reisen<\/title>\n<meta name=\"robots\" content=\"index, follow, max-snippet:-1, max-image-preview:large, max-video-preview:-1\" \/>\n<link rel=\"canonical\" href=\"https:\/\/www.urlaubcornwall.de\/blog\/entdecken-sie-die-urlaubsgeheimnisse-des-suedostens-von-england\/\" \/>\n<meta property=\"og:locale\" content=\"en_US\" \/>\n<meta property=\"og:type\" content=\"article\" \/>\n<meta property=\"og:title\" content=\"Entdecken Sie die Urlaubs Geheimnisse des S\u00fcdostens von England - Urlaub &amp; Reisen\" \/>\n<meta property=\"og:description\" content=\"Von einer Oase an Frieden, Geruhsamkeit und einem langsameren Lebensrhythmus bis hin zu einem bezaubernden Paradies kosmopolitischer Badeorte, wei\u00dfer Kalkklippen und einzigartiger nat\u00fcrlicher Pracht \u2013 die Grafschaften des S\u00fcdostens, Kent &#038; Sussex, haben jedermann etwas zu bieten. Der beste Weinanbau Lediglich eine kurze Autofahrt von der kleinen l\u00e4ndlichen Stadt Tenterden entfernt, finden Sie den originalen [&hellip;]\" \/>\n<meta property=\"og:url\" content=\"https:\/\/www.urlaubcornwall.de\/blog\/entdecken-sie-die-urlaubsgeheimnisse-des-suedostens-von-england\/\" \/>\n<meta property=\"og:site_name\" content=\"Urlaub &amp; Reisen\" \/>\n<meta property=\"article:modified_time\" content=\"2024-04-03T10:07:44+00:00\" \/>\n<meta property=\"og:image\" content=\"https:\/\/www.urlaubcornwall.de\/blog\/wp-content\/uploads\/2024\/03\/white-cliffs-cuckmere-haven-sussex.jpg\" \/>\n<meta name=\"twitter:card\" content=\"summary\" \/>\n<meta name=\"twitter:label1\" content=\"Est. reading time\" \/>\n\t<meta name=\"twitter:data1\" content=\"6 minutes\" \/>\n<script type=\"application\/ld+json\" class=\"yoast-schema-graph\">{\"@context\":\"https:\/\/schema.org\",\"@graph\":[{\"@type\":\"WebSite\",\"@id\":\"https:\/\/www.urlaubcornwall.de\/blog\/#website\",\"url\":\"https:\/\/www.urlaubcornwall.de\/blog\/\",\"name\":\"Urlaub &amp; Reisen\",\"description\":\"Urlaub, Reisen, Cornwall und S\u00fcdengland: eine perfekte Kombination\",\"potentialAction\":[{\"@type\":\"SearchAction\",\"target\":{\"@type\":\"EntryPoint\",\"urlTemplate\":\"https:\/\/www.urlaubcornwall.de\/blog\/?s={search_term_string}\"},\"query-input\":\"required name=search_term_string\"}],\"inLanguage\":\"en-US\"},{\"@type\":\"WebPage\",\"@id\":\"https:\/\/www.urlaubcornwall.de\/blog\/entdecken-sie-die-urlaubsgeheimnisse-des-suedostens-von-england\/\",\"url\":\"https:\/\/www.urlaubcornwall.de\/blog\/entdecken-sie-die-urlaubsgeheimnisse-des-suedostens-von-england\/\",\"name\":\"Entdecken Sie die Urlaubs Geheimnisse des S\u00fcdostens von England - Urlaub &amp; Reisen\",\"isPartOf\":{\"@id\":\"https:\/\/www.urlaubcornwall.de\/blog\/#website\"},\"datePublished\":\"2021-03-15T11:36:40+00:00\",\"dateModified\":\"2024-04-03T10:07:44+00:00\",\"breadcrumb\":{\"@id\":\"https:\/\/www.urlaubcornwall.de\/blog\/entdecken-sie-die-urlaubsgeheimnisse-des-suedostens-von-england\/#breadcrumb\"},\"inLanguage\":\"en-US\",\"potentialAction\":[{\"@type\":\"ReadAction\",\"target\":[\"https:\/\/www.urlaubcornwall.de\/blog\/entdecken-sie-die-urlaubsgeheimnisse-des-suedostens-von-england\/\"]}]},{\"@type\":\"BreadcrumbList\",\"@id\":\"https:\/\/www.urlaubcornwall.de\/blog\/entdecken-sie-die-urlaubsgeheimnisse-des-suedostens-von-england\/#breadcrumb\",\"itemListElement\":[{\"@type\":\"ListItem\",\"position\":1,\"name\":\"Home\",\"item\":\"https:\/\/www.urlaubcornwall.de\/blog\/\"},{\"@type\":\"ListItem\",\"position\":2,\"name\":\"Entdecken Sie die Urlaubs Geheimnisse des S\u00fcdostens von England\"}]}]}<\/script>\n<!-- \/ Yoast SEO plugin. -->","yoast_head_json":{"title":"Entdecken Sie die Urlaubs Geheimnisse des S\u00fcdostens von England - Urlaub &amp; Reisen","robots":{"index":"index","follow":"follow","max-snippet":"max-snippet:-1","max-image-preview":"max-image-preview:large","max-video-preview":"max-video-preview:-1"},"canonical":"https:\/\/www.urlaubcornwall.de\/blog\/entdecken-sie-die-urlaubsgeheimnisse-des-suedostens-von-england\/","og_locale":"en_US","og_type":"article","og_title":"Entdecken Sie die Urlaubs Geheimnisse des S\u00fcdostens von England - Urlaub &amp; Reisen","og_description":"Von einer Oase an Frieden, Geruhsamkeit und einem langsameren Lebensrhythmus bis hin zu einem bezaubernden Paradies kosmopolitischer Badeorte, wei\u00dfer Kalkklippen und einzigartiger nat\u00fcrlicher Pracht \u2013 die Grafschaften des S\u00fcdostens, Kent &#038; Sussex, haben jedermann etwas zu bieten. Der beste Weinanbau Lediglich eine kurze Autofahrt von der kleinen l\u00e4ndlichen Stadt Tenterden entfernt, finden Sie den originalen [&hellip;]","og_url":"https:\/\/www.urlaubcornwall.de\/blog\/entdecken-sie-die-urlaubsgeheimnisse-des-suedostens-von-england\/","og_site_name":"Urlaub &amp; Reisen","article_modified_time":"2024-04-03T10:07:44+00:00","og_image":[{"url":"https:\/\/www.urlaubcornwall.de\/blog\/wp-content\/uploads\/2024\/03\/white-cliffs-cuckmere-haven-sussex.jpg"}],"twitter_card":"summary","twitter_misc":{"Est. reading time":"6 minutes"},"schema":{"@context":"https:\/\/schema.org","@graph":[{"@type":"WebSite","@id":"https:\/\/www.urlaubcornwall.de\/blog\/#website","url":"https:\/\/www.urlaubcornwall.de\/blog\/","name":"Urlaub &amp; Reisen","description":"Urlaub, Reisen, Cornwall und S\u00fcdengland: eine perfekte Kombination","potentialAction":[{"@type":"SearchAction","target":{"@type":"EntryPoint","urlTemplate":"https:\/\/www.urlaubcornwall.de\/blog\/?s={search_term_string}"},"query-input":"required name=search_term_string"}],"inLanguage":"en-US"},{"@type":"WebPage","@id":"https:\/\/www.urlaubcornwall.de\/blog\/entdecken-sie-die-urlaubsgeheimnisse-des-suedostens-von-england\/","url":"https:\/\/www.urlaubcornwall.de\/blog\/entdecken-sie-die-urlaubsgeheimnisse-des-suedostens-von-england\/","name":"Entdecken Sie die Urlaubs Geheimnisse des S\u00fcdostens von England - Urlaub &amp; Reisen","isPartOf":{"@id":"https:\/\/www.urlaubcornwall.de\/blog\/#website"},"datePublished":"2021-03-15T11:36:40+00:00","dateModified":"2024-04-03T10:07:44+00:00","breadcrumb":{"@id":"https:\/\/www.urlaubcornwall.de\/blog\/entdecken-sie-die-urlaubsgeheimnisse-des-suedostens-von-england\/#breadcrumb"},"inLanguage":"en-US","potentialAction":[{"@type":"ReadAction","target":["https:\/\/www.urlaubcornwall.de\/blog\/entdecken-sie-die-urlaubsgeheimnisse-des-suedostens-von-england\/"]}]},{"@type":"BreadcrumbList","@id":"https:\/\/www.urlaubcornwall.de\/blog\/entdecken-sie-die-urlaubsgeheimnisse-des-suedostens-von-england\/#breadcrumb","itemListElement":[{"@type":"ListItem","position":1,"name":"Home","item":"https:\/\/www.urlaubcornwall.de\/blog\/"},{"@type":"ListItem","position":2,"name":"Entdecken Sie die Urlaubs Geheimnisse des S\u00fcdostens von England"}]}]}},"_links":{"self":[{"href":"https:\/\/www.urlaubcornwall.de\/blog\/wp-json\/wp\/v2\/pages\/41454"}],"collection":[{"href":"https:\/\/www.urlaubcornwall.de\/blog\/wp-json\/wp\/v2\/pages"}],"about":[{"href":"https:\/\/www.urlaubcornwall.de\/blog\/wp-json\/wp\/v2\/types\/page"}],"author":[{"embeddable":true,"href":"https:\/\/www.urlaubcornwall.de\/blog\/wp-json\/wp\/v2\/users\/1"}],"replies":[{"embeddable":true,"href":"https:\/\/www.urlaubcornwall.de\/blog\/wp-json\/wp\/v2\/comments?post=41454"}],"version-history":[{"count":12,"href":"https:\/\/www.urlaubcornwall.de\/blog\/wp-json\/wp\/v2\/pages\/41454\/revisions"}],"predecessor-version":[{"id":50411,"href":"https:\/\/www.urlaubcornwall.de\/blog\/wp-json\/wp\/v2\/pages\/41454\/revisions\/50411"}],"wp:attachment":[{"href":"https:\/\/www.urlaubcornwall.de\/blog\/wp-json\/wp\/v2\/media?parent=41454"}],"curies":[{"name":"wp","href":"https:\/\/api.w.org\/{rel}","templated":true}]}}