{"id":41394,"date":"2021-01-12T14:13:32","date_gmt":"2021-01-12T14:13:32","guid":{"rendered":"https:\/\/www.urlaubcornwall.de\/blog\/?page_id=41394"},"modified":"2024-08-22T12:23:07","modified_gmt":"2024-08-22T12:23:07","slug":"anreise-kanalinseln-faehre-oder-fluege","status":"publish","type":"page","link":"https:\/\/www.urlaubcornwall.de\/blog\/anreise-kanalinseln-faehre-oder-fluege\/","title":{"rendered":"Anreise Kanalinseln &#8211; F\u00e4hre oder Fl\u00fcge"},"content":{"rendered":"<p><strong>Anreise per Flugzeug<\/strong><\/p>\n<p>Chartermaschinen von fast allen deutschen Flugh\u00e4fen nonstop nach Jersey und ab 2024 auch weiter nach Guernsey &#8211; Ein komplettes Reisepaket mit Inklusive Flug.<\/p>\n<p>Von verschiedenen Flugh\u00e4fen in Deutschland, \u00d6sterreich und der Schweiz werden Direktfl\u00fcge auf den <a href=\"https:\/\/www.urlaubcornwall.de\/reiseziel\/kanalinseln\/\">Kanalinseln<\/a> (<a href=\"https:\/\/www.urlaubcornwall.de\/reiseziel\/kanalinseln\/jersey.php\">Jersey<\/a> oder <a href=\"https:\/\/www.urlaubcornwall.de\/reiseziel\/kanalinseln\/guernsey.php\">Guernsey<\/a>) angeboten.<\/p>\n<p><strong>M\u00fcnchen<\/strong> \u2013 Samstag mit Lufthansa | <strong>D\u00fcsseldorf<\/strong> \u2013 Samstag mit Eurowings<\/p>\n<p>Alternativ gibt es aber auch gute Umsteigeverbindungen \u00fcber Gro\u00dfbritannien (z.B. London Gatwick, London Stansted, Bristol, Manchester, East Midlands etc.).<\/p>\n<p><strong>Anreise per F\u00e4hre<\/strong><\/p>\n<p>Wer mit dem eigenen Fahrzeug anreisen will, nimmt die Autof\u00e4hre von Condor Ferries. Die \u00dcberfahrt von St Malo (Frankreich) nach Jersey dauert ca. 1,5 Stunden und nach Guernsey ca. 3 Stunden. Man kann aber auch von S\u00fcdengland (Poole oder Portsmouth) auf die Kanalinseln \u00fcbersetzen (Poole \u2013 Guernsey ca. 3 Stunden \/ Poole \u2013 Jersey ca. 4,5 Stunden). Von Portsmouth aus dauert es deutlich l\u00e4nger, da keine Schnellf\u00e4hren sondern konventionelle F\u00e4hren eingesetzt werden. Achtung: Auf Jersey braucht man auf \u00f6ffentlichen Parkpl\u00e4tzen und in Parkh\u00e4usern \u201epaycards\u201c, die man in den Touristenb\u00fcros, in einigen Gesch\u00e4ften und in Parkh\u00e4usern bekommt. Wer mit dem eigenen PKW anreist, muss F\u00fchrerschein, Kfz-Schein und die gr\u00fcne internationale Versicherungskarte dabeihaben. Au\u00dferdem empfiehlt sich die Mitnahme eines Auslandsschutzbriefs.<\/p>\n<p><strong>Einreisebestimmungen<\/strong><\/p>\n<p>B\u00fcrger aus Deutschland, \u00d6sterreich und der Schweiz ben\u00f6tigen zur Einreise auf die Kanalinseln einen g\u00fcltigen Personalausweis oder Reisepass (\u00c4nderungen nach dem Brexit sind nicht ausgeschlossen).<\/p>\n<p><strong>Haustiere<\/strong><\/p>\n<p>Haustiere, die ohne Quarant\u00e4ne aus EU L\u00e4ndern oder L\u00e4ndern des europ\u00e4ischen Wirtschaftsraums eingef\u00fchrt werden sollen, m\u00fcssen die im Pet Travel Scheme (PETS) vorgegebenen Bedingungen erf\u00fcllen. F\u00fcr die Vorbereitung (Mikrochip zur Identifikation, Impfung, Bluttest) m\u00fcssen ca. 7 Monate eingeplant werden. Informationen bekommt man bei Visitbritain oder im Internet (www.gov.uk\/take -pet-abroad). Auf Jersey d\u00fcrfen Hunde zwischen Mai uns September von 10:30 bis 18:00 Uhr nur angeleint an den St\u00e4nden gef\u00fchrt werden. \u00c4nderungen nach dem Brexit sind m\u00f6glich.<\/p>\n","protected":false},"excerpt":{"rendered":"<p>Anreise per Flugzeug Chartermaschinen von fast allen deutschen Flugh\u00e4fen nonstop nach Jersey und ab 2024 auch weiter nach Guernsey &#8211; Ein komplettes Reisepaket mit Inklusive Flug. Von verschiedenen Flugh\u00e4fen in Deutschland, \u00d6sterreich und der Schweiz werden Direktfl\u00fcge auf den Kanalinseln (Jersey oder Guernsey) angeboten. M\u00fcnchen \u2013 Samstag mit Lufthansa | D\u00fcsseldorf \u2013 Samstag mit Eurowings [&hellip;]<\/p>\n","protected":false},"author":1,"featured_media":0,"parent":0,"menu_order":0,"comment_status":"closed","ping_status":"closed","template":"page-products.php","meta":[],"acf":[],"yoast_head":"<!-- This site is optimized with the Yoast SEO plugin v19.4 - https:\/\/yoast.com\/wordpress\/plugins\/seo\/ -->\n<title>Anreise Kanalinseln - F\u00e4hre oder Fl\u00fcge - Urlaub &amp; Reisen<\/title>\n<meta name=\"description\" content=\"Chartermaschinen von fast allen deutschen Flugh\u00e4fen nonstop nach Jersey und ab 2022 auch weiter nach Guernsey.\" \/>\n<meta name=\"robots\" content=\"index, follow, max-snippet:-1, max-image-preview:large, max-video-preview:-1\" \/>\n<link rel=\"canonical\" href=\"https:\/\/www.urlaubcornwall.de\/blog\/anreise-kanalinseln-faehre-oder-fluege\/\" \/>\n<meta property=\"og:locale\" content=\"en_US\" \/>\n<meta property=\"og:type\" content=\"article\" \/>\n<meta property=\"og:title\" content=\"Anreise Kanalinseln - F\u00e4hre oder Fl\u00fcge - Urlaub &amp; Reisen\" \/>\n<meta property=\"og:description\" content=\"Chartermaschinen von fast allen deutschen Flugh\u00e4fen nonstop nach Jersey und ab 2022 auch weiter nach Guernsey.\" \/>\n<meta property=\"og:url\" content=\"https:\/\/www.urlaubcornwall.de\/blog\/anreise-kanalinseln-faehre-oder-fluege\/\" \/>\n<meta property=\"og:site_name\" content=\"Urlaub &amp; Reisen\" \/>\n<meta property=\"article:modified_time\" content=\"2024-08-22T12:23:07+00:00\" \/>\n<meta name=\"twitter:card\" content=\"summary\" \/>\n<meta name=\"twitter:label1\" content=\"Est. reading time\" \/>\n\t<meta name=\"twitter:data1\" content=\"2 minutes\" \/>\n<script type=\"application\/ld+json\" class=\"yoast-schema-graph\">{\"@context\":\"https:\/\/schema.org\",\"@graph\":[{\"@type\":\"WebSite\",\"@id\":\"https:\/\/www.urlaubcornwall.de\/blog\/#website\",\"url\":\"https:\/\/www.urlaubcornwall.de\/blog\/\",\"name\":\"Urlaub &amp; Reisen\",\"description\":\"Urlaub, Reisen, Cornwall und S\u00fcdengland: eine perfekte Kombination\",\"potentialAction\":[{\"@type\":\"SearchAction\",\"target\":{\"@type\":\"EntryPoint\",\"urlTemplate\":\"https:\/\/www.urlaubcornwall.de\/blog\/?s={search_term_string}\"},\"query-input\":\"required name=search_term_string\"}],\"inLanguage\":\"en-US\"},{\"@type\":\"WebPage\",\"@id\":\"https:\/\/www.urlaubcornwall.de\/blog\/anreise-kanalinseln-faehre-oder-fluege\/\",\"url\":\"https:\/\/www.urlaubcornwall.de\/blog\/anreise-kanalinseln-faehre-oder-fluege\/\",\"name\":\"Anreise Kanalinseln - F\u00e4hre oder Fl\u00fcge - Urlaub &amp; Reisen\",\"isPartOf\":{\"@id\":\"https:\/\/www.urlaubcornwall.de\/blog\/#website\"},\"datePublished\":\"2021-01-12T14:13:32+00:00\",\"dateModified\":\"2024-08-22T12:23:07+00:00\",\"description\":\"Chartermaschinen von fast allen deutschen Flugh\u00e4fen nonstop nach Jersey und ab 2022 auch weiter nach Guernsey.\",\"breadcrumb\":{\"@id\":\"https:\/\/www.urlaubcornwall.de\/blog\/anreise-kanalinseln-faehre-oder-fluege\/#breadcrumb\"},\"inLanguage\":\"en-US\",\"potentialAction\":[{\"@type\":\"ReadAction\",\"target\":[\"https:\/\/www.urlaubcornwall.de\/blog\/anreise-kanalinseln-faehre-oder-fluege\/\"]}]},{\"@type\":\"BreadcrumbList\",\"@id\":\"https:\/\/www.urlaubcornwall.de\/blog\/anreise-kanalinseln-faehre-oder-fluege\/#breadcrumb\",\"itemListElement\":[{\"@type\":\"ListItem\",\"position\":1,\"name\":\"Home\",\"item\":\"https:\/\/www.urlaubcornwall.de\/blog\/\"},{\"@type\":\"ListItem\",\"position\":2,\"name\":\"Anreise Kanalinseln &#8211; F\u00e4hre oder Fl\u00fcge\"}]}]}<\/script>\n<!-- \/ Yoast SEO plugin. -->","yoast_head_json":{"title":"Anreise Kanalinseln - F\u00e4hre oder Fl\u00fcge - Urlaub &amp; Reisen","description":"Chartermaschinen von fast allen deutschen Flugh\u00e4fen nonstop nach Jersey und ab 2022 auch weiter nach Guernsey.","robots":{"index":"index","follow":"follow","max-snippet":"max-snippet:-1","max-image-preview":"max-image-preview:large","max-video-preview":"max-video-preview:-1"},"canonical":"https:\/\/www.urlaubcornwall.de\/blog\/anreise-kanalinseln-faehre-oder-fluege\/","og_locale":"en_US","og_type":"article","og_title":"Anreise Kanalinseln - F\u00e4hre oder Fl\u00fcge - Urlaub &amp; Reisen","og_description":"Chartermaschinen von fast allen deutschen Flugh\u00e4fen nonstop nach Jersey und ab 2022 auch weiter nach Guernsey.","og_url":"https:\/\/www.urlaubcornwall.de\/blog\/anreise-kanalinseln-faehre-oder-fluege\/","og_site_name":"Urlaub &amp; Reisen","article_modified_time":"2024-08-22T12:23:07+00:00","twitter_card":"summary","twitter_misc":{"Est. reading time":"2 minutes"},"schema":{"@context":"https:\/\/schema.org","@graph":[{"@type":"WebSite","@id":"https:\/\/www.urlaubcornwall.de\/blog\/#website","url":"https:\/\/www.urlaubcornwall.de\/blog\/","name":"Urlaub &amp; Reisen","description":"Urlaub, Reisen, Cornwall und S\u00fcdengland: eine perfekte Kombination","potentialAction":[{"@type":"SearchAction","target":{"@type":"EntryPoint","urlTemplate":"https:\/\/www.urlaubcornwall.de\/blog\/?s={search_term_string}"},"query-input":"required name=search_term_string"}],"inLanguage":"en-US"},{"@type":"WebPage","@id":"https:\/\/www.urlaubcornwall.de\/blog\/anreise-kanalinseln-faehre-oder-fluege\/","url":"https:\/\/www.urlaubcornwall.de\/blog\/anreise-kanalinseln-faehre-oder-fluege\/","name":"Anreise Kanalinseln - F\u00e4hre oder Fl\u00fcge - Urlaub &amp; Reisen","isPartOf":{"@id":"https:\/\/www.urlaubcornwall.de\/blog\/#website"},"datePublished":"2021-01-12T14:13:32+00:00","dateModified":"2024-08-22T12:23:07+00:00","description":"Chartermaschinen von fast allen deutschen Flugh\u00e4fen nonstop nach Jersey und ab 2022 auch weiter nach Guernsey.","breadcrumb":{"@id":"https:\/\/www.urlaubcornwall.de\/blog\/anreise-kanalinseln-faehre-oder-fluege\/#breadcrumb"},"inLanguage":"en-US","potentialAction":[{"@type":"ReadAction","target":["https:\/\/www.urlaubcornwall.de\/blog\/anreise-kanalinseln-faehre-oder-fluege\/"]}]},{"@type":"BreadcrumbList","@id":"https:\/\/www.urlaubcornwall.de\/blog\/anreise-kanalinseln-faehre-oder-fluege\/#breadcrumb","itemListElement":[{"@type":"ListItem","position":1,"name":"Home","item":"https:\/\/www.urlaubcornwall.de\/blog\/"},{"@type":"ListItem","position":2,"name":"Anreise Kanalinseln &#8211; F\u00e4hre oder Fl\u00fcge"}]}]}},"_links":{"self":[{"href":"https:\/\/www.urlaubcornwall.de\/blog\/wp-json\/wp\/v2\/pages\/41394"}],"collection":[{"href":"https:\/\/www.urlaubcornwall.de\/blog\/wp-json\/wp\/v2\/pages"}],"about":[{"href":"https:\/\/www.urlaubcornwall.de\/blog\/wp-json\/wp\/v2\/types\/page"}],"author":[{"embeddable":true,"href":"https:\/\/www.urlaubcornwall.de\/blog\/wp-json\/wp\/v2\/users\/1"}],"replies":[{"embeddable":true,"href":"https:\/\/www.urlaubcornwall.de\/blog\/wp-json\/wp\/v2\/comments?post=41394"}],"version-history":[{"count":25,"href":"https:\/\/www.urlaubcornwall.de\/blog\/wp-json\/wp\/v2\/pages\/41394\/revisions"}],"predecessor-version":[{"id":51545,"href":"https:\/\/www.urlaubcornwall.de\/blog\/wp-json\/wp\/v2\/pages\/41394\/revisions\/51545"}],"wp:attachment":[{"href":"https:\/\/www.urlaubcornwall.de\/blog\/wp-json\/wp\/v2\/media?parent=41394"}],"curies":[{"name":"wp","href":"https:\/\/api.w.org\/{rel}","templated":true}]}}