{"id":4139,"date":"2012-08-04T15:46:54","date_gmt":"2012-08-04T15:46:54","guid":{"rendered":"https:\/\/www.urlaubcornwall.de\/blog\/?page_id=4139"},"modified":"2021-05-27T11:16:06","modified_gmt":"2021-05-27T11:16:06","slug":"sea-garden-cottages-tresco-scilly-inseln","status":"publish","type":"page","link":"https:\/\/www.urlaubcornwall.de\/blog\/sea-garden-cottages-tresco-scilly-inseln\/","title":{"rendered":"Sea Garden Cottages: 5-Sterne Luxus Ferienh\u00e4user am Tresco, Scilly-Inseln"},"content":{"rendered":"<p>Jedes dieser luxuri\u00f6sen, modernen 5-Sterne Ferienh\u00e4user mit 1 Schlafzimmer steht alln\u00e4chtlich zur Verf\u00fcgung und bietet unseren G\u00e4sten somit ultimative Flexibilit\u00e4t. Speisen Sie im mediterran inspirierten Ruin\u00a0Beach Caf\u00e9\u00a0oder kochen Sie selbst. Es sind drei Tarife erh\u00e4ltlich: Halbpension, \u00dcbernachtung und Fr\u00fchst\u00fcck oder Selbstverpflegung.<\/p>\n<p>Alle Cottages sind mit Liebe ausgestattet und bieten 5-Sterne-Qualit\u00e4t in einer der sch\u00f6nsten Gegenden der <a href=\"http:\/\/www.urlaubcornwall.de\/Scilly-Inseln.php\"><span style=\"text-decoration: underline;\"><strong>Scilly-Inseln<\/strong><\/span><\/a>. In jedem Cottage erwarten Sie ein gro\u00dfes Doppelzimmer, Lounge und K\u00fcchenbereich, Balkons oder Terrassen. F\u00fcr kleine Kinder gibt es im unteren Stockwerk auch eine Schlafcouch.<\/p>\n<p>Handgemachte, voll ausgestattete K\u00fcchen mit schicken und modernen M\u00f6beln mit wundervollem Meeresblick und direktem Zugang zum Strand.<\/p>\n<h2>UrlaubCornwall \u2013 der <span style=\"text-decoration: underline;\"><a href=\"https:\/\/www.urlaubcornwall.de\/blog\/2013\/06\/urlaubcornwall-der-reiseservice-fuer-die-scilly-inseln\/\">Reiseservice f\u00fcr die Scilly-Inseln<\/a><\/span><a href=\"https:\/\/www.urlaubcornwall.de\/blog\/2013\/06\/urlaubcornwall-der-reiseservice-fuer-die-scilly-inseln\/\">&gt;&gt;<\/a><\/h2>\n<p style=\"text-align: center;\"><a class=\"tidycta\" href=\"https:\/\/www.urlaubcornwall.de\/reisebuchung.php\">Anfrage<\/a><\/p>\n<p style=\"text-align: left;\"><strong>N\u00fctzliche Informationen<\/strong><\/p>\n<p><span style=\"text-decoration: underline;\"><strong><a href=\"http:\/\/www.urlaubcornwall.de\/pdf\/tresco_island_cottage_map.pdf\">Landkarte von Tresco<\/a><\/strong><\/span> , <span style=\"text-decoration: underline;\"><strong><a href=\"https:\/\/www.urlaubcornwall.de\/blog\/2012\/03\/lebensmittel-und-getraenke-auf-tresco\/\" target=\"_blank\" rel=\"noopener\">Lebensmittel und Getr\u00e4nke auf Tresco<\/a><\/strong><\/span> , <span style=\"text-decoration: underline;\"><strong><a href=\"https:\/\/www.urlaubcornwall.de\/blog\/?p=3979\" target=\"_blank\" rel=\"noopener\">Nat\u00fcrliche Umgebung<\/a><\/strong><\/span> , <span style=\"text-decoration: underline;\"><strong><a href=\"https:\/\/www.urlaubcornwall.de\/blog\/?p=3990\" target=\"_blank\" rel=\"noopener\">Geschichte von Tresco <\/a><\/strong><\/span>, <span style=\"text-decoration: underline;\"><strong><a href=\"https:\/\/www.urlaubcornwall.de\/blog\/?p=3798\" target=\"_blank\" rel=\"noopener\">Bildergalerie<\/a><\/strong><\/span><\/p>\n","protected":false},"excerpt":{"rendered":"<p>Jedes dieser luxuri\u00f6sen, modernen 5-Sterne Ferienh\u00e4user mit 1 Schlafzimmer steht alln\u00e4chtlich zur Verf\u00fcgung und bietet unseren G\u00e4sten somit ultimative Flexibilit\u00e4t. Speisen Sie im mediterran inspirierten Ruin\u00a0Beach Caf\u00e9\u00a0oder kochen Sie selbst. Es sind drei Tarife erh\u00e4ltlich: Halbpension, \u00dcbernachtung und Fr\u00fchst\u00fcck oder Selbstverpflegung. Alle Cottages sind mit Liebe ausgestattet und bieten 5-Sterne-Qualit\u00e4t in einer der sch\u00f6nsten Gegenden [&hellip;]<\/p>\n","protected":false},"author":1,"featured_media":0,"parent":0,"menu_order":0,"comment_status":"closed","ping_status":"closed","template":"single-three.php","meta":[],"acf":[],"yoast_head":"<!-- This site is optimized with the Yoast SEO plugin v19.4 - https:\/\/yoast.com\/wordpress\/plugins\/seo\/ -->\n<title>Sea Garden Cottages: 5-Sterne Luxus Ferienh\u00e4user am Tresco, Scilly-Inseln - Urlaub &amp; Reisen<\/title>\n<meta name=\"robots\" content=\"index, follow, max-snippet:-1, max-image-preview:large, max-video-preview:-1\" \/>\n<link rel=\"canonical\" href=\"https:\/\/www.urlaubcornwall.de\/blog\/sea-garden-cottages-tresco-scilly-inseln\/\" \/>\n<meta property=\"og:locale\" content=\"en_US\" \/>\n<meta property=\"og:type\" content=\"article\" \/>\n<meta property=\"og:title\" content=\"Sea Garden Cottages: 5-Sterne Luxus Ferienh\u00e4user am Tresco, Scilly-Inseln - Urlaub &amp; Reisen\" \/>\n<meta property=\"og:description\" content=\"Jedes dieser luxuri\u00f6sen, modernen 5-Sterne Ferienh\u00e4user mit 1 Schlafzimmer steht alln\u00e4chtlich zur Verf\u00fcgung und bietet unseren G\u00e4sten somit ultimative Flexibilit\u00e4t. Speisen Sie im mediterran inspirierten Ruin\u00a0Beach Caf\u00e9\u00a0oder kochen Sie selbst. Es sind drei Tarife erh\u00e4ltlich: Halbpension, \u00dcbernachtung und Fr\u00fchst\u00fcck oder Selbstverpflegung. Alle Cottages sind mit Liebe ausgestattet und bieten 5-Sterne-Qualit\u00e4t in einer der sch\u00f6nsten Gegenden [&hellip;]\" \/>\n<meta property=\"og:url\" content=\"https:\/\/www.urlaubcornwall.de\/blog\/sea-garden-cottages-tresco-scilly-inseln\/\" \/>\n<meta property=\"og:site_name\" content=\"Urlaub &amp; Reisen\" \/>\n<meta property=\"article:modified_time\" content=\"2021-05-27T11:16:06+00:00\" \/>\n<meta name=\"twitter:card\" content=\"summary\" \/>\n<meta name=\"twitter:label1\" content=\"Est. reading time\" \/>\n\t<meta name=\"twitter:data1\" content=\"1 minute\" \/>\n<script type=\"application\/ld+json\" class=\"yoast-schema-graph\">{\"@context\":\"https:\/\/schema.org\",\"@graph\":[{\"@type\":\"WebSite\",\"@id\":\"https:\/\/www.urlaubcornwall.de\/blog\/#website\",\"url\":\"https:\/\/www.urlaubcornwall.de\/blog\/\",\"name\":\"Urlaub &amp; Reisen\",\"description\":\"Urlaub, Reisen, Cornwall und S\u00fcdengland: eine perfekte Kombination\",\"potentialAction\":[{\"@type\":\"SearchAction\",\"target\":{\"@type\":\"EntryPoint\",\"urlTemplate\":\"https:\/\/www.urlaubcornwall.de\/blog\/?s={search_term_string}\"},\"query-input\":\"required name=search_term_string\"}],\"inLanguage\":\"en-US\"},{\"@type\":\"WebPage\",\"@id\":\"https:\/\/www.urlaubcornwall.de\/blog\/sea-garden-cottages-tresco-scilly-inseln\/\",\"url\":\"https:\/\/www.urlaubcornwall.de\/blog\/sea-garden-cottages-tresco-scilly-inseln\/\",\"name\":\"Sea Garden Cottages: 5-Sterne Luxus Ferienh\u00e4user am Tresco, Scilly-Inseln - Urlaub &amp; Reisen\",\"isPartOf\":{\"@id\":\"https:\/\/www.urlaubcornwall.de\/blog\/#website\"},\"datePublished\":\"2012-08-04T15:46:54+00:00\",\"dateModified\":\"2021-05-27T11:16:06+00:00\",\"breadcrumb\":{\"@id\":\"https:\/\/www.urlaubcornwall.de\/blog\/sea-garden-cottages-tresco-scilly-inseln\/#breadcrumb\"},\"inLanguage\":\"en-US\",\"potentialAction\":[{\"@type\":\"ReadAction\",\"target\":[\"https:\/\/www.urlaubcornwall.de\/blog\/sea-garden-cottages-tresco-scilly-inseln\/\"]}]},{\"@type\":\"BreadcrumbList\",\"@id\":\"https:\/\/www.urlaubcornwall.de\/blog\/sea-garden-cottages-tresco-scilly-inseln\/#breadcrumb\",\"itemListElement\":[{\"@type\":\"ListItem\",\"position\":1,\"name\":\"Home\",\"item\":\"https:\/\/www.urlaubcornwall.de\/blog\/\"},{\"@type\":\"ListItem\",\"position\":2,\"name\":\"Sea Garden Cottages: 5-Sterne Luxus Ferienh\u00e4user am Tresco, Scilly-Inseln\"}]}]}<\/script>\n<!-- \/ Yoast SEO plugin. -->","yoast_head_json":{"title":"Sea Garden Cottages: 5-Sterne Luxus Ferienh\u00e4user am Tresco, Scilly-Inseln - Urlaub &amp; Reisen","robots":{"index":"index","follow":"follow","max-snippet":"max-snippet:-1","max-image-preview":"max-image-preview:large","max-video-preview":"max-video-preview:-1"},"canonical":"https:\/\/www.urlaubcornwall.de\/blog\/sea-garden-cottages-tresco-scilly-inseln\/","og_locale":"en_US","og_type":"article","og_title":"Sea Garden Cottages: 5-Sterne Luxus Ferienh\u00e4user am Tresco, Scilly-Inseln - Urlaub &amp; Reisen","og_description":"Jedes dieser luxuri\u00f6sen, modernen 5-Sterne Ferienh\u00e4user mit 1 Schlafzimmer steht alln\u00e4chtlich zur Verf\u00fcgung und bietet unseren G\u00e4sten somit ultimative Flexibilit\u00e4t. Speisen Sie im mediterran inspirierten Ruin\u00a0Beach Caf\u00e9\u00a0oder kochen Sie selbst. Es sind drei Tarife erh\u00e4ltlich: Halbpension, \u00dcbernachtung und Fr\u00fchst\u00fcck oder Selbstverpflegung. Alle Cottages sind mit Liebe ausgestattet und bieten 5-Sterne-Qualit\u00e4t in einer der sch\u00f6nsten Gegenden [&hellip;]","og_url":"https:\/\/www.urlaubcornwall.de\/blog\/sea-garden-cottages-tresco-scilly-inseln\/","og_site_name":"Urlaub &amp; Reisen","article_modified_time":"2021-05-27T11:16:06+00:00","twitter_card":"summary","twitter_misc":{"Est. reading time":"1 minute"},"schema":{"@context":"https:\/\/schema.org","@graph":[{"@type":"WebSite","@id":"https:\/\/www.urlaubcornwall.de\/blog\/#website","url":"https:\/\/www.urlaubcornwall.de\/blog\/","name":"Urlaub &amp; Reisen","description":"Urlaub, Reisen, Cornwall und S\u00fcdengland: eine perfekte Kombination","potentialAction":[{"@type":"SearchAction","target":{"@type":"EntryPoint","urlTemplate":"https:\/\/www.urlaubcornwall.de\/blog\/?s={search_term_string}"},"query-input":"required name=search_term_string"}],"inLanguage":"en-US"},{"@type":"WebPage","@id":"https:\/\/www.urlaubcornwall.de\/blog\/sea-garden-cottages-tresco-scilly-inseln\/","url":"https:\/\/www.urlaubcornwall.de\/blog\/sea-garden-cottages-tresco-scilly-inseln\/","name":"Sea Garden Cottages: 5-Sterne Luxus Ferienh\u00e4user am Tresco, Scilly-Inseln - Urlaub &amp; Reisen","isPartOf":{"@id":"https:\/\/www.urlaubcornwall.de\/blog\/#website"},"datePublished":"2012-08-04T15:46:54+00:00","dateModified":"2021-05-27T11:16:06+00:00","breadcrumb":{"@id":"https:\/\/www.urlaubcornwall.de\/blog\/sea-garden-cottages-tresco-scilly-inseln\/#breadcrumb"},"inLanguage":"en-US","potentialAction":[{"@type":"ReadAction","target":["https:\/\/www.urlaubcornwall.de\/blog\/sea-garden-cottages-tresco-scilly-inseln\/"]}]},{"@type":"BreadcrumbList","@id":"https:\/\/www.urlaubcornwall.de\/blog\/sea-garden-cottages-tresco-scilly-inseln\/#breadcrumb","itemListElement":[{"@type":"ListItem","position":1,"name":"Home","item":"https:\/\/www.urlaubcornwall.de\/blog\/"},{"@type":"ListItem","position":2,"name":"Sea Garden Cottages: 5-Sterne Luxus Ferienh\u00e4user am Tresco, Scilly-Inseln"}]}]}},"_links":{"self":[{"href":"https:\/\/www.urlaubcornwall.de\/blog\/wp-json\/wp\/v2\/pages\/4139"}],"collection":[{"href":"https:\/\/www.urlaubcornwall.de\/blog\/wp-json\/wp\/v2\/pages"}],"about":[{"href":"https:\/\/www.urlaubcornwall.de\/blog\/wp-json\/wp\/v2\/types\/page"}],"author":[{"embeddable":true,"href":"https:\/\/www.urlaubcornwall.de\/blog\/wp-json\/wp\/v2\/users\/1"}],"replies":[{"embeddable":true,"href":"https:\/\/www.urlaubcornwall.de\/blog\/wp-json\/wp\/v2\/comments?post=4139"}],"version-history":[{"count":40,"href":"https:\/\/www.urlaubcornwall.de\/blog\/wp-json\/wp\/v2\/pages\/4139\/revisions"}],"predecessor-version":[{"id":41733,"href":"https:\/\/www.urlaubcornwall.de\/blog\/wp-json\/wp\/v2\/pages\/4139\/revisions\/41733"}],"wp:attachment":[{"href":"https:\/\/www.urlaubcornwall.de\/blog\/wp-json\/wp\/v2\/media?parent=4139"}],"curies":[{"name":"wp","href":"https:\/\/api.w.org\/{rel}","templated":true}]}}