{"id":41167,"date":"2020-11-09T10:06:23","date_gmt":"2020-11-09T10:06:23","guid":{"rendered":"https:\/\/www.urlaubcornwall.de\/blog\/?page_id=41167"},"modified":"2020-11-09T10:06:23","modified_gmt":"2020-11-09T10:06:23","slug":"st-loys-cove-in-west-cornwall","status":"publish","type":"page","link":"https:\/\/www.urlaubcornwall.de\/blog\/st-loys-cove-in-west-cornwall\/","title":{"rendered":"St Loys Cove in West Cornwall"},"content":{"rendered":"<p><img loading=\"lazy\" class=\"aligncenter size-full wp-image-23956\" src=\"https:\/\/www.urlaubcornwall.de\/blog\/wp-content\/uploads\/2016\/05\/st-loy-cornwall.jpg\" alt=\"st loy-cornwall\" height=\"404\" width=\"749\"\/><\/p>\n<p><strong>St Loys Bucht <\/strong> ist bestbekannt f\u00fcr sein bewaldetes Tal, das hinunter zur Bucht f\u00fchrt. Es ist ein h\u00fcbscher Spaziergang,vor allem im Fr\u00fchling, wenn die Sternhyazinthen bl\u00fchen. Es ist eine felsige Bucht ohne Sand, doch eine Sonnenfalle, und sie soll das w\u00e4rmste Meer Britanniens haben.<\/p>\n<p>6 von Cornwalls versteckt gelegenen <a href=\"https:\/\/www.urlaubcornwall.de\/blog\/6-von-cornwalls-versteckt-gelegenen-buchten-und-straenden\/\">Buchten und Str\u00e4nden<\/a> <\/p>\n<div class=\"snippet\"> <a class=\"featured-item\" href=\"https:\/\/www.urlaubcornwall.de\/ferienhaeuser\/cornwall.php\"> <span class=\"image-holder\" style=\"background-image: url('https:\/\/www.urlaubcornwall.de\/blog\/wp-content\/uploads\/2018\/12\/familienurlaub-corwnall-snippet.jpg');\"><\/span> <span class=\"featured-content\"> \n<h2 class=\"featured-title\">Ferienh\u00e4user in Cornwall am Meer<\/h2>\n<p class=\"featured-body\">Cornwall besitzt mehr K\u00fcstenlinien als jede andere Grafschaft und bietet einige der besten Str\u00e4nde, K\u00fcstenwanderwege und Klippenlandschaften, die man \u00fcberhaupt finden kann&#8230; <\/p><\/span> <span class=\"featured-link-holder\"> <span class=\"featured-extra-info\"> \n<p>F\u00fcr Paare, Familien &#038; Gruppen<\/p>\n<\/span> \n<p class=\"featured-link\">DETAILS<\/p>\n<\/span> <\/a><\/div>\n","protected":false},"excerpt":{"rendered":"<p>St Loys Bucht ist bestbekannt f\u00fcr sein bewaldetes Tal, das hinunter zur Bucht f\u00fchrt. Es ist ein h\u00fcbscher Spaziergang,vor allem im Fr\u00fchling, wenn die Sternhyazinthen bl\u00fchen. Es ist eine felsige Bucht ohne Sand, doch eine Sonnenfalle, und sie soll das w\u00e4rmste Meer Britanniens haben. 6 von Cornwalls versteckt gelegenen Buchten und Str\u00e4nden Ferienh\u00e4user in Cornwall [&hellip;]<\/p>\n","protected":false},"author":1,"featured_media":0,"parent":0,"menu_order":0,"comment_status":"closed","ping_status":"closed","template":"single-four.php","meta":[],"acf":[],"yoast_head":"<!-- This site is optimized with the Yoast SEO plugin v19.4 - https:\/\/yoast.com\/wordpress\/plugins\/seo\/ -->\n<title>St Loys Cove in West Cornwall - Urlaub &amp; Reisen<\/title>\n<meta name=\"robots\" content=\"index, follow, max-snippet:-1, max-image-preview:large, max-video-preview:-1\" \/>\n<link rel=\"canonical\" href=\"https:\/\/www.urlaubcornwall.de\/blog\/st-loys-cove-in-west-cornwall\/\" \/>\n<meta property=\"og:locale\" content=\"en_US\" \/>\n<meta property=\"og:type\" content=\"article\" \/>\n<meta property=\"og:title\" content=\"St Loys Cove in West Cornwall - Urlaub &amp; Reisen\" \/>\n<meta property=\"og:description\" content=\"St Loys Bucht ist bestbekannt f\u00fcr sein bewaldetes Tal, das hinunter zur Bucht f\u00fchrt. Es ist ein h\u00fcbscher Spaziergang,vor allem im Fr\u00fchling, wenn die Sternhyazinthen bl\u00fchen. Es ist eine felsige Bucht ohne Sand, doch eine Sonnenfalle, und sie soll das w\u00e4rmste Meer Britanniens haben. 6 von Cornwalls versteckt gelegenen Buchten und Str\u00e4nden Ferienh\u00e4user in Cornwall [&hellip;]\" \/>\n<meta property=\"og:url\" content=\"https:\/\/www.urlaubcornwall.de\/blog\/st-loys-cove-in-west-cornwall\/\" \/>\n<meta property=\"og:site_name\" content=\"Urlaub &amp; Reisen\" \/>\n<meta property=\"og:image\" content=\"https:\/\/www.urlaubcornwall.de\/blog\/wp-content\/uploads\/2016\/05\/st-loy-cornwall.jpg\" \/>\n<meta name=\"twitter:card\" content=\"summary\" \/>\n<script type=\"application\/ld+json\" class=\"yoast-schema-graph\">{\"@context\":\"https:\/\/schema.org\",\"@graph\":[{\"@type\":\"WebSite\",\"@id\":\"https:\/\/www.urlaubcornwall.de\/blog\/#website\",\"url\":\"https:\/\/www.urlaubcornwall.de\/blog\/\",\"name\":\"Urlaub &amp; Reisen\",\"description\":\"Urlaub, Reisen, Cornwall und S\u00fcdengland: eine perfekte Kombination\",\"potentialAction\":[{\"@type\":\"SearchAction\",\"target\":{\"@type\":\"EntryPoint\",\"urlTemplate\":\"https:\/\/www.urlaubcornwall.de\/blog\/?s={search_term_string}\"},\"query-input\":\"required name=search_term_string\"}],\"inLanguage\":\"en-US\"},{\"@type\":\"WebPage\",\"@id\":\"https:\/\/www.urlaubcornwall.de\/blog\/st-loys-cove-in-west-cornwall\/\",\"url\":\"https:\/\/www.urlaubcornwall.de\/blog\/st-loys-cove-in-west-cornwall\/\",\"name\":\"St Loys Cove in West Cornwall - Urlaub &amp; Reisen\",\"isPartOf\":{\"@id\":\"https:\/\/www.urlaubcornwall.de\/blog\/#website\"},\"datePublished\":\"2020-11-09T10:06:23+00:00\",\"dateModified\":\"2020-11-09T10:06:23+00:00\",\"breadcrumb\":{\"@id\":\"https:\/\/www.urlaubcornwall.de\/blog\/st-loys-cove-in-west-cornwall\/#breadcrumb\"},\"inLanguage\":\"en-US\",\"potentialAction\":[{\"@type\":\"ReadAction\",\"target\":[\"https:\/\/www.urlaubcornwall.de\/blog\/st-loys-cove-in-west-cornwall\/\"]}]},{\"@type\":\"BreadcrumbList\",\"@id\":\"https:\/\/www.urlaubcornwall.de\/blog\/st-loys-cove-in-west-cornwall\/#breadcrumb\",\"itemListElement\":[{\"@type\":\"ListItem\",\"position\":1,\"name\":\"Home\",\"item\":\"https:\/\/www.urlaubcornwall.de\/blog\/\"},{\"@type\":\"ListItem\",\"position\":2,\"name\":\"St Loys Cove in West Cornwall\"}]}]}<\/script>\n<!-- \/ Yoast SEO plugin. -->","yoast_head_json":{"title":"St Loys Cove in West Cornwall - Urlaub &amp; Reisen","robots":{"index":"index","follow":"follow","max-snippet":"max-snippet:-1","max-image-preview":"max-image-preview:large","max-video-preview":"max-video-preview:-1"},"canonical":"https:\/\/www.urlaubcornwall.de\/blog\/st-loys-cove-in-west-cornwall\/","og_locale":"en_US","og_type":"article","og_title":"St Loys Cove in West Cornwall - Urlaub &amp; Reisen","og_description":"St Loys Bucht ist bestbekannt f\u00fcr sein bewaldetes Tal, das hinunter zur Bucht f\u00fchrt. Es ist ein h\u00fcbscher Spaziergang,vor allem im Fr\u00fchling, wenn die Sternhyazinthen bl\u00fchen. Es ist eine felsige Bucht ohne Sand, doch eine Sonnenfalle, und sie soll das w\u00e4rmste Meer Britanniens haben. 6 von Cornwalls versteckt gelegenen Buchten und Str\u00e4nden Ferienh\u00e4user in Cornwall [&hellip;]","og_url":"https:\/\/www.urlaubcornwall.de\/blog\/st-loys-cove-in-west-cornwall\/","og_site_name":"Urlaub &amp; Reisen","og_image":[{"url":"https:\/\/www.urlaubcornwall.de\/blog\/wp-content\/uploads\/2016\/05\/st-loy-cornwall.jpg"}],"twitter_card":"summary","schema":{"@context":"https:\/\/schema.org","@graph":[{"@type":"WebSite","@id":"https:\/\/www.urlaubcornwall.de\/blog\/#website","url":"https:\/\/www.urlaubcornwall.de\/blog\/","name":"Urlaub &amp; Reisen","description":"Urlaub, Reisen, Cornwall und S\u00fcdengland: eine perfekte Kombination","potentialAction":[{"@type":"SearchAction","target":{"@type":"EntryPoint","urlTemplate":"https:\/\/www.urlaubcornwall.de\/blog\/?s={search_term_string}"},"query-input":"required name=search_term_string"}],"inLanguage":"en-US"},{"@type":"WebPage","@id":"https:\/\/www.urlaubcornwall.de\/blog\/st-loys-cove-in-west-cornwall\/","url":"https:\/\/www.urlaubcornwall.de\/blog\/st-loys-cove-in-west-cornwall\/","name":"St Loys Cove in West Cornwall - Urlaub &amp; Reisen","isPartOf":{"@id":"https:\/\/www.urlaubcornwall.de\/blog\/#website"},"datePublished":"2020-11-09T10:06:23+00:00","dateModified":"2020-11-09T10:06:23+00:00","breadcrumb":{"@id":"https:\/\/www.urlaubcornwall.de\/blog\/st-loys-cove-in-west-cornwall\/#breadcrumb"},"inLanguage":"en-US","potentialAction":[{"@type":"ReadAction","target":["https:\/\/www.urlaubcornwall.de\/blog\/st-loys-cove-in-west-cornwall\/"]}]},{"@type":"BreadcrumbList","@id":"https:\/\/www.urlaubcornwall.de\/blog\/st-loys-cove-in-west-cornwall\/#breadcrumb","itemListElement":[{"@type":"ListItem","position":1,"name":"Home","item":"https:\/\/www.urlaubcornwall.de\/blog\/"},{"@type":"ListItem","position":2,"name":"St Loys Cove in West Cornwall"}]}]}},"_links":{"self":[{"href":"https:\/\/www.urlaubcornwall.de\/blog\/wp-json\/wp\/v2\/pages\/41167"}],"collection":[{"href":"https:\/\/www.urlaubcornwall.de\/blog\/wp-json\/wp\/v2\/pages"}],"about":[{"href":"https:\/\/www.urlaubcornwall.de\/blog\/wp-json\/wp\/v2\/types\/page"}],"author":[{"embeddable":true,"href":"https:\/\/www.urlaubcornwall.de\/blog\/wp-json\/wp\/v2\/users\/1"}],"replies":[{"embeddable":true,"href":"https:\/\/www.urlaubcornwall.de\/blog\/wp-json\/wp\/v2\/comments?post=41167"}],"version-history":[{"count":1,"href":"https:\/\/www.urlaubcornwall.de\/blog\/wp-json\/wp\/v2\/pages\/41167\/revisions"}],"predecessor-version":[{"id":41168,"href":"https:\/\/www.urlaubcornwall.de\/blog\/wp-json\/wp\/v2\/pages\/41167\/revisions\/41168"}],"wp:attachment":[{"href":"https:\/\/www.urlaubcornwall.de\/blog\/wp-json\/wp\/v2\/media?parent=41167"}],"curies":[{"name":"wp","href":"https:\/\/api.w.org\/{rel}","templated":true}]}}