{"id":41159,"date":"2020-11-09T09:54:10","date_gmt":"2020-11-09T09:54:10","guid":{"rendered":"https:\/\/www.urlaubcornwall.de\/blog\/?page_id=41159"},"modified":"2020-11-09T09:54:10","modified_gmt":"2020-11-09T09:54:10","slug":"penberth-cove-in-der-naehe-lands-end","status":"publish","type":"page","link":"https:\/\/www.urlaubcornwall.de\/blog\/penberth-cove-in-der-naehe-lands-end\/","title":{"rendered":"Penberth Cove in der N\u00e4he Land&#8217;s End"},"content":{"rendered":"<p><img loading=\"lazy\" class=\"aligncenter size-full wp-image-23952\" src=\"https:\/\/www.urlaubcornwall.de\/blog\/wp-content\/uploads\/2016\/05\/Penberth-bucht.jpg\" alt=\"Penberth-bucht\" height=\"500\" width=\"748\"\/><\/p>\n<p><strong>Penberth Cove<\/strong> &#8211; Penberth ist eine winzige malerische Fischerbucht bei <a href=\"https:\/\/www.urlaubcornwall.de\/ferienhaeuser-fewos\/porthcurno.html\">Porthcurno<\/a>. Der Fluss Penberth flie\u00dft durch das bewaldete Tal hinunter zur Bucht. Es gibt noch immer eine kleine Fischerflotte hier und die Fischer bringen ihren t\u00e4glichen Fang an Krabben, Makrelen und Hummern an Land. Sehr viel des Gebietes geh\u00f6rt zum <a href=\"https:\/\/www.urlaubcornwall.de\/blog\/national-trust-historische-haeuser-cornwall-devon\/\">National Trust<\/a>. Es gibt keinen Parkplatz, doch Sie k\u00f6nnen entlang der Stra\u00dfe parken, die zur Bucht f\u00fchrt.<\/p>\n<p>6 von Cornwalls versteckt gelegenen <a href=\"https:\/\/www.urlaubcornwall.de\/blog\/6-von-cornwalls-versteckt-gelegenen-buchten-und-straenden\/\">Buchten und Str\u00e4nden<\/a> <\/p>\n<div class=\"snippet\"> <a class=\"featured-item\" href=\"https:\/\/www.urlaubcornwall.de\/ferienhaeuser\/cornwall.php\"> <span class=\"image-holder\" style=\"background-image: url('https:\/\/www.urlaubcornwall.de\/blog\/wp-content\/uploads\/2018\/12\/familienurlaub-corwnall-snippet.jpg');\"><\/span> <span class=\"featured-content\"> \n<h2 class=\"featured-title\">Ferienh\u00e4user in Cornwall am Meer<\/h2>\n<p class=\"featured-body\">Cornwall besitzt mehr K\u00fcstenlinien als jede andere Grafschaft und bietet einige der besten Str\u00e4nde, K\u00fcstenwanderwege und Klippenlandschaften, die man \u00fcberhaupt finden kann&#8230; <\/p><\/span> <span class=\"featured-link-holder\"> <span class=\"featured-extra-info\"> \n<p>F\u00fcr Paare, Familien &#038; Gruppen<\/p>\n<\/span> \n<p class=\"featured-link\">DETAILS<\/p>\n<\/span> <\/a><\/div>\n","protected":false},"excerpt":{"rendered":"<p>Penberth Cove &#8211; Penberth ist eine winzige malerische Fischerbucht bei Porthcurno. Der Fluss Penberth flie\u00dft durch das bewaldete Tal hinunter zur Bucht. Es gibt noch immer eine kleine Fischerflotte hier und die Fischer bringen ihren t\u00e4glichen Fang an Krabben, Makrelen und Hummern an Land. Sehr viel des Gebietes geh\u00f6rt zum National Trust. Es gibt keinen [&hellip;]<\/p>\n","protected":false},"author":1,"featured_media":0,"parent":0,"menu_order":0,"comment_status":"closed","ping_status":"closed","template":"single-four.php","meta":[],"acf":[],"yoast_head":"<!-- This site is optimized with the Yoast SEO plugin v19.4 - https:\/\/yoast.com\/wordpress\/plugins\/seo\/ -->\n<title>Penberth Cove in der N\u00e4he Land&#039;s End - Urlaub &amp; Reisen<\/title>\n<meta name=\"robots\" content=\"index, follow, max-snippet:-1, max-image-preview:large, max-video-preview:-1\" \/>\n<link rel=\"canonical\" href=\"https:\/\/www.urlaubcornwall.de\/blog\/penberth-cove-in-der-naehe-lands-end\/\" \/>\n<meta property=\"og:locale\" content=\"en_US\" \/>\n<meta property=\"og:type\" content=\"article\" \/>\n<meta property=\"og:title\" content=\"Penberth Cove in der N\u00e4he Land&#039;s End - Urlaub &amp; Reisen\" \/>\n<meta property=\"og:description\" content=\"Penberth Cove &#8211; Penberth ist eine winzige malerische Fischerbucht bei Porthcurno. Der Fluss Penberth flie\u00dft durch das bewaldete Tal hinunter zur Bucht. Es gibt noch immer eine kleine Fischerflotte hier und die Fischer bringen ihren t\u00e4glichen Fang an Krabben, Makrelen und Hummern an Land. Sehr viel des Gebietes geh\u00f6rt zum National Trust. Es gibt keinen [&hellip;]\" \/>\n<meta property=\"og:url\" content=\"https:\/\/www.urlaubcornwall.de\/blog\/penberth-cove-in-der-naehe-lands-end\/\" \/>\n<meta property=\"og:site_name\" content=\"Urlaub &amp; Reisen\" \/>\n<meta property=\"og:image\" content=\"https:\/\/www.urlaubcornwall.de\/blog\/wp-content\/uploads\/2016\/05\/Penberth-bucht.jpg\" \/>\n<meta name=\"twitter:card\" content=\"summary\" \/>\n<meta name=\"twitter:label1\" content=\"Est. reading time\" \/>\n\t<meta name=\"twitter:data1\" content=\"1 minute\" \/>\n<script type=\"application\/ld+json\" class=\"yoast-schema-graph\">{\"@context\":\"https:\/\/schema.org\",\"@graph\":[{\"@type\":\"WebSite\",\"@id\":\"https:\/\/www.urlaubcornwall.de\/blog\/#website\",\"url\":\"https:\/\/www.urlaubcornwall.de\/blog\/\",\"name\":\"Urlaub &amp; Reisen\",\"description\":\"Urlaub, Reisen, Cornwall und S\u00fcdengland: eine perfekte Kombination\",\"potentialAction\":[{\"@type\":\"SearchAction\",\"target\":{\"@type\":\"EntryPoint\",\"urlTemplate\":\"https:\/\/www.urlaubcornwall.de\/blog\/?s={search_term_string}\"},\"query-input\":\"required name=search_term_string\"}],\"inLanguage\":\"en-US\"},{\"@type\":\"WebPage\",\"@id\":\"https:\/\/www.urlaubcornwall.de\/blog\/penberth-cove-in-der-naehe-lands-end\/\",\"url\":\"https:\/\/www.urlaubcornwall.de\/blog\/penberth-cove-in-der-naehe-lands-end\/\",\"name\":\"Penberth Cove in der N\u00e4he Land's End - Urlaub &amp; Reisen\",\"isPartOf\":{\"@id\":\"https:\/\/www.urlaubcornwall.de\/blog\/#website\"},\"datePublished\":\"2020-11-09T09:54:10+00:00\",\"dateModified\":\"2020-11-09T09:54:10+00:00\",\"breadcrumb\":{\"@id\":\"https:\/\/www.urlaubcornwall.de\/blog\/penberth-cove-in-der-naehe-lands-end\/#breadcrumb\"},\"inLanguage\":\"en-US\",\"potentialAction\":[{\"@type\":\"ReadAction\",\"target\":[\"https:\/\/www.urlaubcornwall.de\/blog\/penberth-cove-in-der-naehe-lands-end\/\"]}]},{\"@type\":\"BreadcrumbList\",\"@id\":\"https:\/\/www.urlaubcornwall.de\/blog\/penberth-cove-in-der-naehe-lands-end\/#breadcrumb\",\"itemListElement\":[{\"@type\":\"ListItem\",\"position\":1,\"name\":\"Home\",\"item\":\"https:\/\/www.urlaubcornwall.de\/blog\/\"},{\"@type\":\"ListItem\",\"position\":2,\"name\":\"Penberth Cove in der N\u00e4he Land&#8217;s End\"}]}]}<\/script>\n<!-- \/ Yoast SEO plugin. -->","yoast_head_json":{"title":"Penberth Cove in der N\u00e4he Land's End - Urlaub &amp; Reisen","robots":{"index":"index","follow":"follow","max-snippet":"max-snippet:-1","max-image-preview":"max-image-preview:large","max-video-preview":"max-video-preview:-1"},"canonical":"https:\/\/www.urlaubcornwall.de\/blog\/penberth-cove-in-der-naehe-lands-end\/","og_locale":"en_US","og_type":"article","og_title":"Penberth Cove in der N\u00e4he Land's End - Urlaub &amp; Reisen","og_description":"Penberth Cove &#8211; Penberth ist eine winzige malerische Fischerbucht bei Porthcurno. Der Fluss Penberth flie\u00dft durch das bewaldete Tal hinunter zur Bucht. Es gibt noch immer eine kleine Fischerflotte hier und die Fischer bringen ihren t\u00e4glichen Fang an Krabben, Makrelen und Hummern an Land. Sehr viel des Gebietes geh\u00f6rt zum National Trust. Es gibt keinen [&hellip;]","og_url":"https:\/\/www.urlaubcornwall.de\/blog\/penberth-cove-in-der-naehe-lands-end\/","og_site_name":"Urlaub &amp; Reisen","og_image":[{"url":"https:\/\/www.urlaubcornwall.de\/blog\/wp-content\/uploads\/2016\/05\/Penberth-bucht.jpg"}],"twitter_card":"summary","twitter_misc":{"Est. reading time":"1 minute"},"schema":{"@context":"https:\/\/schema.org","@graph":[{"@type":"WebSite","@id":"https:\/\/www.urlaubcornwall.de\/blog\/#website","url":"https:\/\/www.urlaubcornwall.de\/blog\/","name":"Urlaub &amp; Reisen","description":"Urlaub, Reisen, Cornwall und S\u00fcdengland: eine perfekte Kombination","potentialAction":[{"@type":"SearchAction","target":{"@type":"EntryPoint","urlTemplate":"https:\/\/www.urlaubcornwall.de\/blog\/?s={search_term_string}"},"query-input":"required name=search_term_string"}],"inLanguage":"en-US"},{"@type":"WebPage","@id":"https:\/\/www.urlaubcornwall.de\/blog\/penberth-cove-in-der-naehe-lands-end\/","url":"https:\/\/www.urlaubcornwall.de\/blog\/penberth-cove-in-der-naehe-lands-end\/","name":"Penberth Cove in der N\u00e4he Land's End - Urlaub &amp; Reisen","isPartOf":{"@id":"https:\/\/www.urlaubcornwall.de\/blog\/#website"},"datePublished":"2020-11-09T09:54:10+00:00","dateModified":"2020-11-09T09:54:10+00:00","breadcrumb":{"@id":"https:\/\/www.urlaubcornwall.de\/blog\/penberth-cove-in-der-naehe-lands-end\/#breadcrumb"},"inLanguage":"en-US","potentialAction":[{"@type":"ReadAction","target":["https:\/\/www.urlaubcornwall.de\/blog\/penberth-cove-in-der-naehe-lands-end\/"]}]},{"@type":"BreadcrumbList","@id":"https:\/\/www.urlaubcornwall.de\/blog\/penberth-cove-in-der-naehe-lands-end\/#breadcrumb","itemListElement":[{"@type":"ListItem","position":1,"name":"Home","item":"https:\/\/www.urlaubcornwall.de\/blog\/"},{"@type":"ListItem","position":2,"name":"Penberth Cove in der N\u00e4he Land&#8217;s End"}]}]}},"_links":{"self":[{"href":"https:\/\/www.urlaubcornwall.de\/blog\/wp-json\/wp\/v2\/pages\/41159"}],"collection":[{"href":"https:\/\/www.urlaubcornwall.de\/blog\/wp-json\/wp\/v2\/pages"}],"about":[{"href":"https:\/\/www.urlaubcornwall.de\/blog\/wp-json\/wp\/v2\/types\/page"}],"author":[{"embeddable":true,"href":"https:\/\/www.urlaubcornwall.de\/blog\/wp-json\/wp\/v2\/users\/1"}],"replies":[{"embeddable":true,"href":"https:\/\/www.urlaubcornwall.de\/blog\/wp-json\/wp\/v2\/comments?post=41159"}],"version-history":[{"count":1,"href":"https:\/\/www.urlaubcornwall.de\/blog\/wp-json\/wp\/v2\/pages\/41159\/revisions"}],"predecessor-version":[{"id":41160,"href":"https:\/\/www.urlaubcornwall.de\/blog\/wp-json\/wp\/v2\/pages\/41159\/revisions\/41160"}],"wp:attachment":[{"href":"https:\/\/www.urlaubcornwall.de\/blog\/wp-json\/wp\/v2\/media?parent=41159"}],"curies":[{"name":"wp","href":"https:\/\/api.w.org\/{rel}","templated":true}]}}