{"id":41148,"date":"2020-11-09T09:14:49","date_gmt":"2020-11-09T09:14:49","guid":{"rendered":"https:\/\/www.urlaubcornwall.de\/blog\/?page_id=41148"},"modified":"2021-09-30T12:16:05","modified_gmt":"2021-09-30T12:16:05","slug":"pendennis-castle-in-falmouth","status":"publish","type":"page","link":"https:\/\/www.urlaubcornwall.de\/blog\/pendennis-castle-in-falmouth\/","title":{"rendered":"Pendennis Castle in Falmouth"},"content":{"rendered":"<p><img loading=\"lazy\" class=\"aligncenter size-full wp-image-34271\" src=\"https:\/\/www.urlaubcornwall.de\/blog\/wp-content\/uploads\/2018\/09\/pendennis-schloss-falmouth.jpg\" alt=\"pendennis schloss falmouth\" width=\"748\" height=\"438\"\/><\/p>\n<p><a href=\"http:\/\/www.english-heritage.org.uk\/Pendennis\/Falmouth\" rel=\"nofollow\">Schloss Pendennis, Falmouth<\/a>, ist eine der feinsten Festungen an der K\u00fcste, die von Heinrich VIII errichtet wurde, um die Fal-Flussm\u00fcndung zu sch\u00fctzen; sie hat <a href=\"https:\/\/www.urlaubcornwall.de\/reiseziel\/cornwall.php\">Cornwall<\/a> seit Tudorzeiten vor Invasionen verteidigt. Angeleinte Hunde sind in der Burg und auf dem Grundst\u00fcck gestattet; es gibt eine Sitzm\u00f6glichkeit drau\u00dfen am Caf\u00e9, die hundefreundlich ist. Pendennis Castle ist das ganze Jahr \u00fcber ge\u00f6ffnet.<\/p>\n<p style=\"text-align: center;\"><a class=\"tidycta\" href=\"https:\/\/www.urlaubcornwall.de\/ferienhaeuser-fewos\/falmouth.html\">Suche Ferienh\u00e4user Falmouth<\/a><\/p>\n<div class=\"snippet\"> <a class=\"featured-item\" href=\"https:\/\/www.urlaubcornwall.de\/ferienhaeuser\/cornwall.php\"> <span class=\"image-holder\" style=\"background-image: url('https:\/\/www.urlaubcornwall.de\/blog\/wp-content\/uploads\/2018\/12\/familienurlaub-corwnall-snippet.jpg');\"><\/span> <span class=\"featured-content\"> \n<h2 class=\"featured-title\">Ferienh\u00e4user in Cornwall am Meer<\/h2>\n<p class=\"featured-body\">Cornwall besitzt mehr K\u00fcstenlinien als jede andere Grafschaft und bietet einige der besten Str\u00e4nde, K\u00fcstenwanderwege und Klippenlandschaften, die man \u00fcberhaupt finden kann&#8230; <\/p><\/span> <span class=\"featured-link-holder\"> <span class=\"featured-extra-info\"> \n<p>F\u00fcr Paare, Familien &#038; Gruppen<\/p>\n<\/span> \n<p class=\"featured-link\">DETAILS<\/p>\n<\/span> <\/a><\/div>\n","protected":false},"excerpt":{"rendered":"<p>Schloss Pendennis, Falmouth, ist eine der feinsten Festungen an der K\u00fcste, die von Heinrich VIII errichtet wurde, um die Fal-Flussm\u00fcndung zu sch\u00fctzen; sie hat Cornwall seit Tudorzeiten vor Invasionen verteidigt. Angeleinte Hunde sind in der Burg und auf dem Grundst\u00fcck gestattet; es gibt eine Sitzm\u00f6glichkeit drau\u00dfen am Caf\u00e9, die hundefreundlich ist. Pendennis Castle ist das [&hellip;]<\/p>\n","protected":false},"author":1,"featured_media":0,"parent":0,"menu_order":0,"comment_status":"closed","ping_status":"closed","template":"single-four.php","meta":[],"acf":[],"yoast_head":"<!-- This site is optimized with the Yoast SEO plugin v19.4 - https:\/\/yoast.com\/wordpress\/plugins\/seo\/ -->\n<title>Pendennis Castle in Falmouth - Urlaub &amp; Reisen<\/title>\n<meta name=\"description\" content=\"Schloss Pendennis, Falmouth, ist eine der feinsten Festungen an der K\u00fcste, die von Heinrich VIII errichtet wurde, um die Fal-Flussm\u00fcndung zu sch\u00fctzen; sie hat Cornwall seit Tudorzeiten vor Invasionen verteidigt. Angeleinte Hunde sind in der Burg und auf dem Grundst\u00fcck gestattet; es gibt eine Sitzm\u00f6glichkeit drau\u00dfen am Caf\u00e9, die hundefreundlich ist. Pendennis Castle ist das ganze Jahr \u00fcber ge\u00f6ffnet.\" \/>\n<meta name=\"robots\" content=\"index, follow, max-snippet:-1, max-image-preview:large, max-video-preview:-1\" \/>\n<link rel=\"canonical\" href=\"https:\/\/www.urlaubcornwall.de\/blog\/pendennis-castle-in-falmouth\/\" \/>\n<meta property=\"og:locale\" content=\"en_US\" \/>\n<meta property=\"og:type\" content=\"article\" \/>\n<meta property=\"og:title\" content=\"Pendennis Castle in Falmouth - Urlaub &amp; Reisen\" \/>\n<meta property=\"og:description\" content=\"Schloss Pendennis, Falmouth, ist eine der feinsten Festungen an der K\u00fcste, die von Heinrich VIII errichtet wurde, um die Fal-Flussm\u00fcndung zu sch\u00fctzen; sie hat Cornwall seit Tudorzeiten vor Invasionen verteidigt. Angeleinte Hunde sind in der Burg und auf dem Grundst\u00fcck gestattet; es gibt eine Sitzm\u00f6glichkeit drau\u00dfen am Caf\u00e9, die hundefreundlich ist. Pendennis Castle ist das ganze Jahr \u00fcber ge\u00f6ffnet.\" \/>\n<meta property=\"og:url\" content=\"https:\/\/www.urlaubcornwall.de\/blog\/pendennis-castle-in-falmouth\/\" \/>\n<meta property=\"og:site_name\" content=\"Urlaub &amp; Reisen\" \/>\n<meta property=\"article:modified_time\" content=\"2021-09-30T12:16:05+00:00\" \/>\n<meta property=\"og:image\" content=\"https:\/\/www.urlaubcornwall.de\/blog\/wp-content\/uploads\/2018\/09\/pendennis-schloss-falmouth.jpg\" \/>\n<meta name=\"twitter:card\" content=\"summary\" \/>\n<meta name=\"twitter:label1\" content=\"Est. reading time\" \/>\n\t<meta name=\"twitter:data1\" content=\"1 minute\" \/>\n<script type=\"application\/ld+json\" class=\"yoast-schema-graph\">{\"@context\":\"https:\/\/schema.org\",\"@graph\":[{\"@type\":\"WebSite\",\"@id\":\"https:\/\/www.urlaubcornwall.de\/blog\/#website\",\"url\":\"https:\/\/www.urlaubcornwall.de\/blog\/\",\"name\":\"Urlaub &amp; Reisen\",\"description\":\"Urlaub, Reisen, Cornwall und S\u00fcdengland: eine perfekte Kombination\",\"potentialAction\":[{\"@type\":\"SearchAction\",\"target\":{\"@type\":\"EntryPoint\",\"urlTemplate\":\"https:\/\/www.urlaubcornwall.de\/blog\/?s={search_term_string}\"},\"query-input\":\"required name=search_term_string\"}],\"inLanguage\":\"en-US\"},{\"@type\":\"WebPage\",\"@id\":\"https:\/\/www.urlaubcornwall.de\/blog\/pendennis-castle-in-falmouth\/\",\"url\":\"https:\/\/www.urlaubcornwall.de\/blog\/pendennis-castle-in-falmouth\/\",\"name\":\"Pendennis Castle in Falmouth - Urlaub &amp; Reisen\",\"isPartOf\":{\"@id\":\"https:\/\/www.urlaubcornwall.de\/blog\/#website\"},\"datePublished\":\"2020-11-09T09:14:49+00:00\",\"dateModified\":\"2021-09-30T12:16:05+00:00\",\"description\":\"Schloss Pendennis, Falmouth, ist eine der feinsten Festungen an der K\u00fcste, die von Heinrich VIII errichtet wurde, um die Fal-Flussm\u00fcndung zu sch\u00fctzen; sie hat Cornwall seit Tudorzeiten vor Invasionen verteidigt. Angeleinte Hunde sind in der Burg und auf dem Grundst\u00fcck gestattet; es gibt eine Sitzm\u00f6glichkeit drau\u00dfen am Caf\u00e9, die hundefreundlich ist. Pendennis Castle ist das ganze Jahr \u00fcber ge\u00f6ffnet.\",\"breadcrumb\":{\"@id\":\"https:\/\/www.urlaubcornwall.de\/blog\/pendennis-castle-in-falmouth\/#breadcrumb\"},\"inLanguage\":\"en-US\",\"potentialAction\":[{\"@type\":\"ReadAction\",\"target\":[\"https:\/\/www.urlaubcornwall.de\/blog\/pendennis-castle-in-falmouth\/\"]}]},{\"@type\":\"BreadcrumbList\",\"@id\":\"https:\/\/www.urlaubcornwall.de\/blog\/pendennis-castle-in-falmouth\/#breadcrumb\",\"itemListElement\":[{\"@type\":\"ListItem\",\"position\":1,\"name\":\"Home\",\"item\":\"https:\/\/www.urlaubcornwall.de\/blog\/\"},{\"@type\":\"ListItem\",\"position\":2,\"name\":\"Pendennis Castle in Falmouth\"}]}]}<\/script>\n<!-- \/ Yoast SEO plugin. -->","yoast_head_json":{"title":"Pendennis Castle in Falmouth - Urlaub &amp; Reisen","description":"Schloss Pendennis, Falmouth, ist eine der feinsten Festungen an der K\u00fcste, die von Heinrich VIII errichtet wurde, um die Fal-Flussm\u00fcndung zu sch\u00fctzen; sie hat Cornwall seit Tudorzeiten vor Invasionen verteidigt. Angeleinte Hunde sind in der Burg und auf dem Grundst\u00fcck gestattet; es gibt eine Sitzm\u00f6glichkeit drau\u00dfen am Caf\u00e9, die hundefreundlich ist. Pendennis Castle ist das ganze Jahr \u00fcber ge\u00f6ffnet.","robots":{"index":"index","follow":"follow","max-snippet":"max-snippet:-1","max-image-preview":"max-image-preview:large","max-video-preview":"max-video-preview:-1"},"canonical":"https:\/\/www.urlaubcornwall.de\/blog\/pendennis-castle-in-falmouth\/","og_locale":"en_US","og_type":"article","og_title":"Pendennis Castle in Falmouth - Urlaub &amp; Reisen","og_description":"Schloss Pendennis, Falmouth, ist eine der feinsten Festungen an der K\u00fcste, die von Heinrich VIII errichtet wurde, um die Fal-Flussm\u00fcndung zu sch\u00fctzen; sie hat Cornwall seit Tudorzeiten vor Invasionen verteidigt. Angeleinte Hunde sind in der Burg und auf dem Grundst\u00fcck gestattet; es gibt eine Sitzm\u00f6glichkeit drau\u00dfen am Caf\u00e9, die hundefreundlich ist. Pendennis Castle ist das ganze Jahr \u00fcber ge\u00f6ffnet.","og_url":"https:\/\/www.urlaubcornwall.de\/blog\/pendennis-castle-in-falmouth\/","og_site_name":"Urlaub &amp; Reisen","article_modified_time":"2021-09-30T12:16:05+00:00","og_image":[{"url":"https:\/\/www.urlaubcornwall.de\/blog\/wp-content\/uploads\/2018\/09\/pendennis-schloss-falmouth.jpg"}],"twitter_card":"summary","twitter_misc":{"Est. reading time":"1 minute"},"schema":{"@context":"https:\/\/schema.org","@graph":[{"@type":"WebSite","@id":"https:\/\/www.urlaubcornwall.de\/blog\/#website","url":"https:\/\/www.urlaubcornwall.de\/blog\/","name":"Urlaub &amp; Reisen","description":"Urlaub, Reisen, Cornwall und S\u00fcdengland: eine perfekte Kombination","potentialAction":[{"@type":"SearchAction","target":{"@type":"EntryPoint","urlTemplate":"https:\/\/www.urlaubcornwall.de\/blog\/?s={search_term_string}"},"query-input":"required name=search_term_string"}],"inLanguage":"en-US"},{"@type":"WebPage","@id":"https:\/\/www.urlaubcornwall.de\/blog\/pendennis-castle-in-falmouth\/","url":"https:\/\/www.urlaubcornwall.de\/blog\/pendennis-castle-in-falmouth\/","name":"Pendennis Castle in Falmouth - Urlaub &amp; Reisen","isPartOf":{"@id":"https:\/\/www.urlaubcornwall.de\/blog\/#website"},"datePublished":"2020-11-09T09:14:49+00:00","dateModified":"2021-09-30T12:16:05+00:00","description":"Schloss Pendennis, Falmouth, ist eine der feinsten Festungen an der K\u00fcste, die von Heinrich VIII errichtet wurde, um die Fal-Flussm\u00fcndung zu sch\u00fctzen; sie hat Cornwall seit Tudorzeiten vor Invasionen verteidigt. Angeleinte Hunde sind in der Burg und auf dem Grundst\u00fcck gestattet; es gibt eine Sitzm\u00f6glichkeit drau\u00dfen am Caf\u00e9, die hundefreundlich ist. Pendennis Castle ist das ganze Jahr \u00fcber ge\u00f6ffnet.","breadcrumb":{"@id":"https:\/\/www.urlaubcornwall.de\/blog\/pendennis-castle-in-falmouth\/#breadcrumb"},"inLanguage":"en-US","potentialAction":[{"@type":"ReadAction","target":["https:\/\/www.urlaubcornwall.de\/blog\/pendennis-castle-in-falmouth\/"]}]},{"@type":"BreadcrumbList","@id":"https:\/\/www.urlaubcornwall.de\/blog\/pendennis-castle-in-falmouth\/#breadcrumb","itemListElement":[{"@type":"ListItem","position":1,"name":"Home","item":"https:\/\/www.urlaubcornwall.de\/blog\/"},{"@type":"ListItem","position":2,"name":"Pendennis Castle in Falmouth"}]}]}},"_links":{"self":[{"href":"https:\/\/www.urlaubcornwall.de\/blog\/wp-json\/wp\/v2\/pages\/41148"}],"collection":[{"href":"https:\/\/www.urlaubcornwall.de\/blog\/wp-json\/wp\/v2\/pages"}],"about":[{"href":"https:\/\/www.urlaubcornwall.de\/blog\/wp-json\/wp\/v2\/types\/page"}],"author":[{"embeddable":true,"href":"https:\/\/www.urlaubcornwall.de\/blog\/wp-json\/wp\/v2\/users\/1"}],"replies":[{"embeddable":true,"href":"https:\/\/www.urlaubcornwall.de\/blog\/wp-json\/wp\/v2\/comments?post=41148"}],"version-history":[{"count":4,"href":"https:\/\/www.urlaubcornwall.de\/blog\/wp-json\/wp\/v2\/pages\/41148\/revisions"}],"predecessor-version":[{"id":43153,"href":"https:\/\/www.urlaubcornwall.de\/blog\/wp-json\/wp\/v2\/pages\/41148\/revisions\/43153"}],"wp:attachment":[{"href":"https:\/\/www.urlaubcornwall.de\/blog\/wp-json\/wp\/v2\/media?parent=41148"}],"curies":[{"name":"wp","href":"https:\/\/api.w.org\/{rel}","templated":true}]}}