{"id":41076,"date":"2020-11-04T15:31:26","date_gmt":"2020-11-04T15:31:26","guid":{"rendered":"https:\/\/www.urlaubcornwall.de\/blog\/?page_id=41076"},"modified":"2020-11-04T15:31:26","modified_gmt":"2020-11-04T15:31:26","slug":"schloss-leeds-bei-maidstone-kent","status":"publish","type":"page","link":"https:\/\/www.urlaubcornwall.de\/blog\/schloss-leeds-bei-maidstone-kent\/","title":{"rendered":"Schloss Leeds bei Maidstone, Kent"},"content":{"rendered":"<p><a href=\"https:\/\/www.urlaubcornwall.de\/blog\/wp-content\/uploads\/2015\/08\/leeds-schloss_1.jpg\"><img loading=\"lazy\" class=\"aligncenter size-full wp-image-19442\" src=\"https:\/\/www.urlaubcornwall.de\/blog\/wp-content\/uploads\/2015\/08\/leeds-schloss_1.jpg\" alt=\"leeds schloss\" width=\"748\" height=\"395\"\/><\/a><\/p>\n<p><strong>Leeds Castle: <\/strong>Schloss Leeds bei Maidstone, <a href=\"https:\/\/www.urlaubcornwall.de\/blog\/ferienhaeuser-und-ferienwohnungen-in-kent\/\">Kent<\/a> wurde beschrieben als \u201edie wundervollste Burg der Welt\u201c, und Besucher werden niemals die erste atemberaubende Erscheinung der Burg Leeds vergessen, die sich seit \u00fcber 900 Jahren majest\u00e4tisch vom Burggraben aus erhebt. Die Burg Leeds mit 500 Ar wundersch\u00f6ner Parkanlage und formellen G\u00e4rten, t\u00e4glichen Aktivit\u00e4ten, kostenfreien Flugschauen der Falknerei, besonderen Events und Attraktionen das ganze Jahr \u00fcber, ist eines der besten Ausflugsziele Kents und das ganze Jahr \u00fcber ge\u00f6ffnet.<\/p>\n<div class=\"snippet\"> <a class=\"featured-item\" href=\"https:\/\/www.urlaubcornwall.de\/ferienhaeuser\/suedengland.php\"> <span class=\"image-holder\" style=\"background-image: url('https:\/\/www.urlaubcornwall.de\/blog\/wp-content\/uploads\/2018\/12\/ferienhaus-cornwall-mit-hund.jpg');\"><\/span> <span class=\"featured-content\"> \n<h2 class=\"featured-title\">Ferienh\u00e4user in Kent &#038; S\u00fcdengland<\/h2>\n<p class=\"featured-body\">Bei uns finden Sie Ferienh\u00e4user zum Verlieben &#8211; so einfach ist das! Dank seiner langen Geschichte, der reizvollen Landschaften und seinen vielen Attraktionen ist S\u00fcdengland ein wahres Mekka f\u00fcr Urlauber&#8230;..<\/p><\/span> <span class=\"featured-link-holder\"> <span class=\"featured-extra-info\"> \n<p>Pers\u00f6nlich inspizierter Ferienh\u00e4user<\/p>\n<\/span> \n<p class=\"featured-link\">DETAILS<\/p>\n<\/span> <\/a><\/div>\n<p><a href=\"https:\/\/www.urlaubcornwall.de\/blog\/top-10-reisetipps-kent-die-sie-sehen-und-erleben-sollten\/\">Top 10 Reisetipps Kent: die Sie sehen und erleben sollten<\/a><\/p>\n","protected":false},"excerpt":{"rendered":"<p>Leeds Castle: Schloss Leeds bei Maidstone, Kent wurde beschrieben als \u201edie wundervollste Burg der Welt\u201c, und Besucher werden niemals die erste atemberaubende Erscheinung der Burg Leeds vergessen, die sich seit \u00fcber 900 Jahren majest\u00e4tisch vom Burggraben aus erhebt. Die Burg Leeds mit 500 Ar wundersch\u00f6ner Parkanlage und formellen G\u00e4rten, t\u00e4glichen Aktivit\u00e4ten, kostenfreien Flugschauen der Falknerei, [&hellip;]<\/p>\n","protected":false},"author":1,"featured_media":0,"parent":0,"menu_order":0,"comment_status":"closed","ping_status":"closed","template":"single-four.php","meta":[],"acf":[],"yoast_head":"<!-- This site is optimized with the Yoast SEO plugin v19.4 - https:\/\/yoast.com\/wordpress\/plugins\/seo\/ -->\n<title>Schloss Leeds bei Maidstone, Kent - Urlaub &amp; Reisen<\/title>\n<meta name=\"robots\" content=\"index, follow, max-snippet:-1, max-image-preview:large, max-video-preview:-1\" \/>\n<link rel=\"canonical\" href=\"https:\/\/www.urlaubcornwall.de\/blog\/schloss-leeds-bei-maidstone-kent\/\" \/>\n<meta property=\"og:locale\" content=\"en_US\" \/>\n<meta property=\"og:type\" content=\"article\" \/>\n<meta property=\"og:title\" content=\"Schloss Leeds bei Maidstone, Kent - Urlaub &amp; Reisen\" \/>\n<meta property=\"og:description\" content=\"Leeds Castle: Schloss Leeds bei Maidstone, Kent wurde beschrieben als \u201edie wundervollste Burg der Welt\u201c, und Besucher werden niemals die erste atemberaubende Erscheinung der Burg Leeds vergessen, die sich seit \u00fcber 900 Jahren majest\u00e4tisch vom Burggraben aus erhebt. Die Burg Leeds mit 500 Ar wundersch\u00f6ner Parkanlage und formellen G\u00e4rten, t\u00e4glichen Aktivit\u00e4ten, kostenfreien Flugschauen der Falknerei, [&hellip;]\" \/>\n<meta property=\"og:url\" content=\"https:\/\/www.urlaubcornwall.de\/blog\/schloss-leeds-bei-maidstone-kent\/\" \/>\n<meta property=\"og:site_name\" content=\"Urlaub &amp; Reisen\" \/>\n<meta property=\"og:image\" content=\"https:\/\/www.urlaubcornwall.de\/blog\/wp-content\/uploads\/2015\/08\/leeds-schloss_1.jpg\" \/>\n<meta name=\"twitter:card\" content=\"summary\" \/>\n<meta name=\"twitter:label1\" content=\"Est. reading time\" \/>\n\t<meta name=\"twitter:data1\" content=\"1 minute\" \/>\n<script type=\"application\/ld+json\" class=\"yoast-schema-graph\">{\"@context\":\"https:\/\/schema.org\",\"@graph\":[{\"@type\":\"WebSite\",\"@id\":\"https:\/\/www.urlaubcornwall.de\/blog\/#website\",\"url\":\"https:\/\/www.urlaubcornwall.de\/blog\/\",\"name\":\"Urlaub &amp; Reisen\",\"description\":\"Urlaub, Reisen, Cornwall und S\u00fcdengland: eine perfekte Kombination\",\"potentialAction\":[{\"@type\":\"SearchAction\",\"target\":{\"@type\":\"EntryPoint\",\"urlTemplate\":\"https:\/\/www.urlaubcornwall.de\/blog\/?s={search_term_string}\"},\"query-input\":\"required name=search_term_string\"}],\"inLanguage\":\"en-US\"},{\"@type\":\"WebPage\",\"@id\":\"https:\/\/www.urlaubcornwall.de\/blog\/schloss-leeds-bei-maidstone-kent\/\",\"url\":\"https:\/\/www.urlaubcornwall.de\/blog\/schloss-leeds-bei-maidstone-kent\/\",\"name\":\"Schloss Leeds bei Maidstone, Kent - Urlaub &amp; Reisen\",\"isPartOf\":{\"@id\":\"https:\/\/www.urlaubcornwall.de\/blog\/#website\"},\"datePublished\":\"2020-11-04T15:31:26+00:00\",\"dateModified\":\"2020-11-04T15:31:26+00:00\",\"breadcrumb\":{\"@id\":\"https:\/\/www.urlaubcornwall.de\/blog\/schloss-leeds-bei-maidstone-kent\/#breadcrumb\"},\"inLanguage\":\"en-US\",\"potentialAction\":[{\"@type\":\"ReadAction\",\"target\":[\"https:\/\/www.urlaubcornwall.de\/blog\/schloss-leeds-bei-maidstone-kent\/\"]}]},{\"@type\":\"BreadcrumbList\",\"@id\":\"https:\/\/www.urlaubcornwall.de\/blog\/schloss-leeds-bei-maidstone-kent\/#breadcrumb\",\"itemListElement\":[{\"@type\":\"ListItem\",\"position\":1,\"name\":\"Home\",\"item\":\"https:\/\/www.urlaubcornwall.de\/blog\/\"},{\"@type\":\"ListItem\",\"position\":2,\"name\":\"Schloss Leeds bei Maidstone, Kent\"}]}]}<\/script>\n<!-- \/ Yoast SEO plugin. -->","yoast_head_json":{"title":"Schloss Leeds bei Maidstone, Kent - Urlaub &amp; Reisen","robots":{"index":"index","follow":"follow","max-snippet":"max-snippet:-1","max-image-preview":"max-image-preview:large","max-video-preview":"max-video-preview:-1"},"canonical":"https:\/\/www.urlaubcornwall.de\/blog\/schloss-leeds-bei-maidstone-kent\/","og_locale":"en_US","og_type":"article","og_title":"Schloss Leeds bei Maidstone, Kent - Urlaub &amp; Reisen","og_description":"Leeds Castle: Schloss Leeds bei Maidstone, Kent wurde beschrieben als \u201edie wundervollste Burg der Welt\u201c, und Besucher werden niemals die erste atemberaubende Erscheinung der Burg Leeds vergessen, die sich seit \u00fcber 900 Jahren majest\u00e4tisch vom Burggraben aus erhebt. Die Burg Leeds mit 500 Ar wundersch\u00f6ner Parkanlage und formellen G\u00e4rten, t\u00e4glichen Aktivit\u00e4ten, kostenfreien Flugschauen der Falknerei, [&hellip;]","og_url":"https:\/\/www.urlaubcornwall.de\/blog\/schloss-leeds-bei-maidstone-kent\/","og_site_name":"Urlaub &amp; Reisen","og_image":[{"url":"https:\/\/www.urlaubcornwall.de\/blog\/wp-content\/uploads\/2015\/08\/leeds-schloss_1.jpg"}],"twitter_card":"summary","twitter_misc":{"Est. reading time":"1 minute"},"schema":{"@context":"https:\/\/schema.org","@graph":[{"@type":"WebSite","@id":"https:\/\/www.urlaubcornwall.de\/blog\/#website","url":"https:\/\/www.urlaubcornwall.de\/blog\/","name":"Urlaub &amp; Reisen","description":"Urlaub, Reisen, Cornwall und S\u00fcdengland: eine perfekte Kombination","potentialAction":[{"@type":"SearchAction","target":{"@type":"EntryPoint","urlTemplate":"https:\/\/www.urlaubcornwall.de\/blog\/?s={search_term_string}"},"query-input":"required name=search_term_string"}],"inLanguage":"en-US"},{"@type":"WebPage","@id":"https:\/\/www.urlaubcornwall.de\/blog\/schloss-leeds-bei-maidstone-kent\/","url":"https:\/\/www.urlaubcornwall.de\/blog\/schloss-leeds-bei-maidstone-kent\/","name":"Schloss Leeds bei Maidstone, Kent - Urlaub &amp; Reisen","isPartOf":{"@id":"https:\/\/www.urlaubcornwall.de\/blog\/#website"},"datePublished":"2020-11-04T15:31:26+00:00","dateModified":"2020-11-04T15:31:26+00:00","breadcrumb":{"@id":"https:\/\/www.urlaubcornwall.de\/blog\/schloss-leeds-bei-maidstone-kent\/#breadcrumb"},"inLanguage":"en-US","potentialAction":[{"@type":"ReadAction","target":["https:\/\/www.urlaubcornwall.de\/blog\/schloss-leeds-bei-maidstone-kent\/"]}]},{"@type":"BreadcrumbList","@id":"https:\/\/www.urlaubcornwall.de\/blog\/schloss-leeds-bei-maidstone-kent\/#breadcrumb","itemListElement":[{"@type":"ListItem","position":1,"name":"Home","item":"https:\/\/www.urlaubcornwall.de\/blog\/"},{"@type":"ListItem","position":2,"name":"Schloss Leeds bei Maidstone, Kent"}]}]}},"_links":{"self":[{"href":"https:\/\/www.urlaubcornwall.de\/blog\/wp-json\/wp\/v2\/pages\/41076"}],"collection":[{"href":"https:\/\/www.urlaubcornwall.de\/blog\/wp-json\/wp\/v2\/pages"}],"about":[{"href":"https:\/\/www.urlaubcornwall.de\/blog\/wp-json\/wp\/v2\/types\/page"}],"author":[{"embeddable":true,"href":"https:\/\/www.urlaubcornwall.de\/blog\/wp-json\/wp\/v2\/users\/1"}],"replies":[{"embeddable":true,"href":"https:\/\/www.urlaubcornwall.de\/blog\/wp-json\/wp\/v2\/comments?post=41076"}],"version-history":[{"count":1,"href":"https:\/\/www.urlaubcornwall.de\/blog\/wp-json\/wp\/v2\/pages\/41076\/revisions"}],"predecessor-version":[{"id":41077,"href":"https:\/\/www.urlaubcornwall.de\/blog\/wp-json\/wp\/v2\/pages\/41076\/revisions\/41077"}],"wp:attachment":[{"href":"https:\/\/www.urlaubcornwall.de\/blog\/wp-json\/wp\/v2\/media?parent=41076"}],"curies":[{"name":"wp","href":"https:\/\/api.w.org\/{rel}","templated":true}]}}