{"id":41041,"date":"2020-10-30T10:22:21","date_gmt":"2020-10-30T10:22:21","guid":{"rendered":"https:\/\/www.urlaubcornwall.de\/blog\/?page_id=41041"},"modified":"2024-05-31T06:58:17","modified_gmt":"2024-05-31T06:58:17","slug":"hinton-ampner-landhaus-in-hampshire","status":"publish","type":"page","link":"https:\/\/www.urlaubcornwall.de\/blog\/hinton-ampner-landhaus-in-hampshire\/","title":{"rendered":"Hinton Ampner Landhaus in Hampshire"},"content":{"rendered":"<p><a href=\"https:\/\/www.urlaubcornwall.de\/blog\/wp-content\/uploads\/2024\/03\/mottisfont-abbey-garten-rose.jpg\"><img loading=\"lazy\" src=\"https:\/\/www.urlaubcornwall.de\/blog\/wp-content\/uploads\/2024\/03\/mottisfont-abbey-garten-rose.jpg\" alt=\"garten rose\" width=\"747\" height=\"395\" class=\"alignnone size-full wp-image-47911\" srcset=\"https:\/\/www.urlaubcornwall.de\/blog\/wp-content\/uploads\/2024\/03\/mottisfont-abbey-garten-rose.jpg 747w, https:\/\/www.urlaubcornwall.de\/blog\/wp-content\/uploads\/2024\/03\/mottisfont-abbey-garten-rose-300x159.jpg 300w\" sizes=\"(max-width: 747px) 100vw, 747px\" \/><\/a><\/p>\n<p><a href=\"https:\/\/www.nationaltrust.org.uk\/hinton-ampner\" rel=\"nofollow\"><strong>Hinton Ampner, Hampshire:<\/strong><\/a> Hinton Ampner ist ein elegantes Landhaus mit Garten bei Alresford in <a href=\"https:\/\/www.urlaubcornwall.de\/blog\/top-10-reisetipps-hampshire-die-sie-sehen-und-erleben-sollten\/\">Hampshire<\/a>.&nbsp; Die <a href=\"https:\/\/www.urlaubcornwall.de\/gartenreise.php\">G\u00e4rten sind herrlich<\/a> und die Kreation von Ralph Dutton, dessen Zuhause dies bis zu seinem Tode 1985 war. Das Haus ist nun im Besitz des National Trust. Die G\u00e4rten sind eine Mischung an formellen und informellen Bepflanzungen in einer Reihe von \u201eR\u00e4umen\u201c, der jeder seinen eigenen Stil hat. Im Sommer bl\u00fchen mehr als 90 verschiedene Rosensorten. Mit Panoramablick \u00fcber die South Downs ist dies ein idealer Ort, um zu entspannen und ein Picknick zu genie\u00dfen.<\/p>\n<p>Die sch\u00f6nsten <a href=\"https:\/\/www.urlaubcornwall.de\/blog\/gaerten-in-suedengland-die-sie-besuchen-muessen\/\">G\u00e4rten in S\u00fcdengland<\/a>, die Sie besuchen m\u00fcssen. <\/p>\n<div class=\"snippet\"> <a class=\"featured-item\" href=\"https:\/\/www.urlaubcornwall.de\/ferienhaeuser\/suedengland.php\"> <span class=\"image-holder\" style=\"background-image: url('https:\/\/www.urlaubcornwall.de\/blog\/wp-content\/uploads\/2018\/12\/ferienhaus-cornwall-mit-hund.jpg');\"><\/span> <span class=\"featured-content\"> \n<h2 class=\"featured-title\">Ferienh\u00e4user in S\u00fcdengland<\/h2>\n<p class=\"featured-body\">Bei uns finden Sie Ferienh\u00e4user zum Verlieben &#8211; so einfach ist das! Dank seiner langen Geschichte, der reizvollen Landschaften und seinen vielen Attraktionen ist S\u00fcdengland ein wahres Mekka f\u00fcr Urlauber&#8230;..<\/p><\/span> <span class=\"featured-link-holder\"> <span class=\"featured-extra-info\"> \n<p>Pers\u00f6nlich inspizierter Ferienh\u00e4user<\/p>\n<\/span> \n<p class=\"featured-link\">DETAILS<\/p>\n<\/span> <\/a><\/div>\n<p style=\"text-align: right;\">\u00a9 National Trust<\/p>\n","protected":false},"excerpt":{"rendered":"<p>Hinton Ampner, Hampshire: Hinton Ampner ist ein elegantes Landhaus mit Garten bei Alresford in Hampshire.&nbsp; Die G\u00e4rten sind herrlich und die Kreation von Ralph Dutton, dessen Zuhause dies bis zu seinem Tode 1985 war. Das Haus ist nun im Besitz des National Trust. Die G\u00e4rten sind eine Mischung an formellen und informellen Bepflanzungen in einer [&hellip;]<\/p>\n","protected":false},"author":1,"featured_media":0,"parent":0,"menu_order":0,"comment_status":"closed","ping_status":"closed","template":"single-four.php","meta":[],"acf":[],"yoast_head":"<!-- This site is optimized with the Yoast SEO plugin v19.4 - https:\/\/yoast.com\/wordpress\/plugins\/seo\/ -->\n<title>Hinton Ampner Landhaus in Hampshire - Urlaub &amp; Reisen<\/title>\n<meta name=\"robots\" content=\"index, follow, max-snippet:-1, max-image-preview:large, max-video-preview:-1\" \/>\n<link rel=\"canonical\" href=\"https:\/\/www.urlaubcornwall.de\/blog\/hinton-ampner-landhaus-in-hampshire\/\" \/>\n<meta property=\"og:locale\" content=\"en_US\" \/>\n<meta property=\"og:type\" content=\"article\" \/>\n<meta property=\"og:title\" content=\"Hinton Ampner Landhaus in Hampshire - Urlaub &amp; Reisen\" \/>\n<meta property=\"og:description\" content=\"Hinton Ampner, Hampshire: Hinton Ampner ist ein elegantes Landhaus mit Garten bei Alresford in Hampshire.&nbsp; Die G\u00e4rten sind herrlich und die Kreation von Ralph Dutton, dessen Zuhause dies bis zu seinem Tode 1985 war. Das Haus ist nun im Besitz des National Trust. Die G\u00e4rten sind eine Mischung an formellen und informellen Bepflanzungen in einer [&hellip;]\" \/>\n<meta property=\"og:url\" content=\"https:\/\/www.urlaubcornwall.de\/blog\/hinton-ampner-landhaus-in-hampshire\/\" \/>\n<meta property=\"og:site_name\" content=\"Urlaub &amp; Reisen\" \/>\n<meta property=\"article:modified_time\" content=\"2024-05-31T06:58:17+00:00\" \/>\n<meta property=\"og:image\" content=\"https:\/\/www.urlaubcornwall.de\/blog\/wp-content\/uploads\/2024\/03\/mottisfont-abbey-garten-rose.jpg\" \/>\n<meta name=\"twitter:card\" content=\"summary\" \/>\n<meta name=\"twitter:label1\" content=\"Est. reading time\" \/>\n\t<meta name=\"twitter:data1\" content=\"1 minute\" \/>\n<script type=\"application\/ld+json\" class=\"yoast-schema-graph\">{\"@context\":\"https:\/\/schema.org\",\"@graph\":[{\"@type\":\"WebSite\",\"@id\":\"https:\/\/www.urlaubcornwall.de\/blog\/#website\",\"url\":\"https:\/\/www.urlaubcornwall.de\/blog\/\",\"name\":\"Urlaub &amp; Reisen\",\"description\":\"Urlaub, Reisen, Cornwall und S\u00fcdengland: eine perfekte Kombination\",\"potentialAction\":[{\"@type\":\"SearchAction\",\"target\":{\"@type\":\"EntryPoint\",\"urlTemplate\":\"https:\/\/www.urlaubcornwall.de\/blog\/?s={search_term_string}\"},\"query-input\":\"required name=search_term_string\"}],\"inLanguage\":\"en-US\"},{\"@type\":\"WebPage\",\"@id\":\"https:\/\/www.urlaubcornwall.de\/blog\/hinton-ampner-landhaus-in-hampshire\/\",\"url\":\"https:\/\/www.urlaubcornwall.de\/blog\/hinton-ampner-landhaus-in-hampshire\/\",\"name\":\"Hinton Ampner Landhaus in Hampshire - Urlaub &amp; Reisen\",\"isPartOf\":{\"@id\":\"https:\/\/www.urlaubcornwall.de\/blog\/#website\"},\"datePublished\":\"2020-10-30T10:22:21+00:00\",\"dateModified\":\"2024-05-31T06:58:17+00:00\",\"breadcrumb\":{\"@id\":\"https:\/\/www.urlaubcornwall.de\/blog\/hinton-ampner-landhaus-in-hampshire\/#breadcrumb\"},\"inLanguage\":\"en-US\",\"potentialAction\":[{\"@type\":\"ReadAction\",\"target\":[\"https:\/\/www.urlaubcornwall.de\/blog\/hinton-ampner-landhaus-in-hampshire\/\"]}]},{\"@type\":\"BreadcrumbList\",\"@id\":\"https:\/\/www.urlaubcornwall.de\/blog\/hinton-ampner-landhaus-in-hampshire\/#breadcrumb\",\"itemListElement\":[{\"@type\":\"ListItem\",\"position\":1,\"name\":\"Home\",\"item\":\"https:\/\/www.urlaubcornwall.de\/blog\/\"},{\"@type\":\"ListItem\",\"position\":2,\"name\":\"Hinton Ampner Landhaus in Hampshire\"}]}]}<\/script>\n<!-- \/ Yoast SEO plugin. -->","yoast_head_json":{"title":"Hinton Ampner Landhaus in Hampshire - Urlaub &amp; Reisen","robots":{"index":"index","follow":"follow","max-snippet":"max-snippet:-1","max-image-preview":"max-image-preview:large","max-video-preview":"max-video-preview:-1"},"canonical":"https:\/\/www.urlaubcornwall.de\/blog\/hinton-ampner-landhaus-in-hampshire\/","og_locale":"en_US","og_type":"article","og_title":"Hinton Ampner Landhaus in Hampshire - Urlaub &amp; Reisen","og_description":"Hinton Ampner, Hampshire: Hinton Ampner ist ein elegantes Landhaus mit Garten bei Alresford in Hampshire.&nbsp; Die G\u00e4rten sind herrlich und die Kreation von Ralph Dutton, dessen Zuhause dies bis zu seinem Tode 1985 war. Das Haus ist nun im Besitz des National Trust. Die G\u00e4rten sind eine Mischung an formellen und informellen Bepflanzungen in einer [&hellip;]","og_url":"https:\/\/www.urlaubcornwall.de\/blog\/hinton-ampner-landhaus-in-hampshire\/","og_site_name":"Urlaub &amp; Reisen","article_modified_time":"2024-05-31T06:58:17+00:00","og_image":[{"url":"https:\/\/www.urlaubcornwall.de\/blog\/wp-content\/uploads\/2024\/03\/mottisfont-abbey-garten-rose.jpg"}],"twitter_card":"summary","twitter_misc":{"Est. reading time":"1 minute"},"schema":{"@context":"https:\/\/schema.org","@graph":[{"@type":"WebSite","@id":"https:\/\/www.urlaubcornwall.de\/blog\/#website","url":"https:\/\/www.urlaubcornwall.de\/blog\/","name":"Urlaub &amp; Reisen","description":"Urlaub, Reisen, Cornwall und S\u00fcdengland: eine perfekte Kombination","potentialAction":[{"@type":"SearchAction","target":{"@type":"EntryPoint","urlTemplate":"https:\/\/www.urlaubcornwall.de\/blog\/?s={search_term_string}"},"query-input":"required name=search_term_string"}],"inLanguage":"en-US"},{"@type":"WebPage","@id":"https:\/\/www.urlaubcornwall.de\/blog\/hinton-ampner-landhaus-in-hampshire\/","url":"https:\/\/www.urlaubcornwall.de\/blog\/hinton-ampner-landhaus-in-hampshire\/","name":"Hinton Ampner Landhaus in Hampshire - Urlaub &amp; Reisen","isPartOf":{"@id":"https:\/\/www.urlaubcornwall.de\/blog\/#website"},"datePublished":"2020-10-30T10:22:21+00:00","dateModified":"2024-05-31T06:58:17+00:00","breadcrumb":{"@id":"https:\/\/www.urlaubcornwall.de\/blog\/hinton-ampner-landhaus-in-hampshire\/#breadcrumb"},"inLanguage":"en-US","potentialAction":[{"@type":"ReadAction","target":["https:\/\/www.urlaubcornwall.de\/blog\/hinton-ampner-landhaus-in-hampshire\/"]}]},{"@type":"BreadcrumbList","@id":"https:\/\/www.urlaubcornwall.de\/blog\/hinton-ampner-landhaus-in-hampshire\/#breadcrumb","itemListElement":[{"@type":"ListItem","position":1,"name":"Home","item":"https:\/\/www.urlaubcornwall.de\/blog\/"},{"@type":"ListItem","position":2,"name":"Hinton Ampner Landhaus in Hampshire"}]}]}},"_links":{"self":[{"href":"https:\/\/www.urlaubcornwall.de\/blog\/wp-json\/wp\/v2\/pages\/41041"}],"collection":[{"href":"https:\/\/www.urlaubcornwall.de\/blog\/wp-json\/wp\/v2\/pages"}],"about":[{"href":"https:\/\/www.urlaubcornwall.de\/blog\/wp-json\/wp\/v2\/types\/page"}],"author":[{"embeddable":true,"href":"https:\/\/www.urlaubcornwall.de\/blog\/wp-json\/wp\/v2\/users\/1"}],"replies":[{"embeddable":true,"href":"https:\/\/www.urlaubcornwall.de\/blog\/wp-json\/wp\/v2\/comments?post=41041"}],"version-history":[{"count":6,"href":"https:\/\/www.urlaubcornwall.de\/blog\/wp-json\/wp\/v2\/pages\/41041\/revisions"}],"predecessor-version":[{"id":51187,"href":"https:\/\/www.urlaubcornwall.de\/blog\/wp-json\/wp\/v2\/pages\/41041\/revisions\/51187"}],"wp:attachment":[{"href":"https:\/\/www.urlaubcornwall.de\/blog\/wp-json\/wp\/v2\/media?parent=41041"}],"curies":[{"name":"wp","href":"https:\/\/api.w.org\/{rel}","templated":true}]}}