{"id":41034,"date":"2020-10-30T10:03:31","date_gmt":"2020-10-30T10:03:31","guid":{"rendered":"https:\/\/www.urlaubcornwall.de\/blog\/?page_id=41034"},"modified":"2024-05-30T10:15:42","modified_gmt":"2024-05-30T10:15:42","slug":"sudeley-castle-gaerten","status":"publish","type":"page","link":"https:\/\/www.urlaubcornwall.de\/blog\/sudeley-castle-gaerten\/","title":{"rendered":"Sudeley Schloss &#038; G\u00e4rten"},"content":{"rendered":"<p><a href=\"https:\/\/www.urlaubcornwall.de\/blog\/wp-content\/uploads\/2024\/03\/gartenreise-england.jpg\"><img loading=\"lazy\" src=\"https:\/\/www.urlaubcornwall.de\/blog\/wp-content\/uploads\/2024\/03\/gartenreise-england.jpg\" alt=\"gartenreise-england\" width=\"742\" height=\"426\" class=\"alignnone size-full wp-image-47912\" srcset=\"https:\/\/www.urlaubcornwall.de\/blog\/wp-content\/uploads\/2024\/03\/gartenreise-england.jpg 742w, https:\/\/www.urlaubcornwall.de\/blog\/wp-content\/uploads\/2024\/03\/gartenreise-england-300x172.jpg 300w\" sizes=\"(max-width: 742px) 100vw, 742px\" \/><\/a><br \/>\n<a href=\"https:\/\/www.sudeleycastle.co.uk\/\"rel=\"nofollow\"><strong>Sudeley Castle &amp; G\u00e4rten<\/strong><\/a> &#8211; Schloss Sudeley befindet sich in einer wundersch\u00f6nen Lage im Herzen der <a href=\"https:\/\/www.urlaubcornwall.de\/reiseziel\/cotswolds.php\">Cotswolds<\/a> in der N\u00e4he des <a href=\"https:\/\/www.urlaubcornwall.de\/ferienhaeuser-fewos\/eng\/worcestershire\/broadway.html\">Dorfes Broadway<\/a>. Umgeben von einem Gut von nahezu 500 Hektar und mit 10 <a href=\"https:\/\/www.urlaubcornwall.de\/gartenreise.php\">preisgekr\u00f6nten G\u00e4rten<\/a> hat Schloss Sudeley in Englands Geschichte \u00fcber mehr als 1000 Jahre lang eine wichtige Rolle gespielt, und es ist das einzige private Schloss in England, das auf seinem Grundst\u00fcck eine K\u00f6nigin begraben hat. Katherine Parr, die letzte der Gemahlinnen Heinrichs VIII. ist innerhalb der Schlossg\u00e4rten in der wundersch\u00f6nen Kirche des 15. Jahrhunderts bestattet. <\/p>\n<p>In den Schlosszimmern gibt es so vieles zu sehen; es ist eines der interessantesten Schl\u00f6sser, die es in England zu besuchen gibt. Die 10 G\u00e4rten von Sudeley sind das ganze Jahr \u00fcber wundervoll, und der Mittelpunkt ist der Queens Garden, benannt nach vieren von Englands K\u00f6niginnen, die einst hier umherspazierten; Anne Boleyn, Katherine Parr, Lady Jane Grey und Elizabeth I. Schloss Sudeley bietet w\u00e4hrend Ihres <a href=\"https:\/\/www.urlaubcornwall.de\/ferienhaeuser\/cotswolds.php\">Urlaubs in den Cotswolds<\/a> einen unvergesslichen Familienausflugstag mit etwas f\u00fcr jedermann. Schloss und G\u00e4rten sind von M\u00e4rz bis Dezember ge\u00f6ffnet; Hunde sind nicht gestattet.<\/p>\n<p>Die besten <a href=\"https:\/\/www.urlaubcornwall.de\/blog\/sehenswuerdigkeiten-cotswolds-historische-haeuser-gaerten\/\">Historische Herrenh\u00e4user &#038; G\u00e4rten in den Cotswolds<\/a><\/p>\n<div class=\"snippet\"> <a class=\"featured-item\" href=\"https:\/\/www.urlaubcornwall.de\/ferienhaeuser\/suedengland.php\"> <span class=\"image-holder\" style=\"background-image: url('https:\/\/www.urlaubcornwall.de\/blog\/wp-content\/uploads\/2024\/03\/ferienhaus-england-cornwall.jpg');\"><\/span> <span class=\"featured-content\"> \n<h2 class=\"featured-title\">Ferienh\u00e4user in S\u00fcdengland<\/h2>\n<p class=\"featured-body\">Bei uns finden Sie Ferienh\u00e4user zum Verlieben &#8211; so einfach ist das! Dank seiner langen Geschichte, der reizvollen Landschaften und seinen vielen Attraktionen ist S\u00fcdengland ein wahres Mekka f\u00fcr Urlauber&#8230;..<\/p><\/span> <span class=\"featured-link-holder\"> <span class=\"featured-extra-info\"> \n<p>Pers\u00f6nlich inspizierter Ferienh\u00e4user<\/p>\n<\/span> \n<p class=\"featured-link\">DETAILS<\/p>\n<\/span> <\/a><\/div>\n","protected":false},"excerpt":{"rendered":"<p>Sudeley Castle &amp; G\u00e4rten &#8211; Schloss Sudeley befindet sich in einer wundersch\u00f6nen Lage im Herzen der Cotswolds in der N\u00e4he des Dorfes Broadway. Umgeben von einem Gut von nahezu 500 Hektar und mit 10 preisgekr\u00f6nten G\u00e4rten hat Schloss Sudeley in Englands Geschichte \u00fcber mehr als 1000 Jahre lang eine wichtige Rolle gespielt, und es ist [&hellip;]<\/p>\n","protected":false},"author":1,"featured_media":0,"parent":0,"menu_order":0,"comment_status":"closed","ping_status":"closed","template":"single-four.php","meta":[],"acf":[],"yoast_head":"<!-- This site is optimized with the Yoast SEO plugin v19.4 - https:\/\/yoast.com\/wordpress\/plugins\/seo\/ -->\n<title>Sudeley Schloss &amp; G\u00e4rten - Urlaub &amp; Reisen<\/title>\n<meta name=\"robots\" content=\"index, follow, max-snippet:-1, max-image-preview:large, max-video-preview:-1\" \/>\n<link rel=\"canonical\" href=\"https:\/\/www.urlaubcornwall.de\/blog\/sudeley-castle-gaerten\/\" \/>\n<meta property=\"og:locale\" content=\"en_US\" \/>\n<meta property=\"og:type\" content=\"article\" \/>\n<meta property=\"og:title\" content=\"Sudeley Schloss &amp; G\u00e4rten - Urlaub &amp; Reisen\" \/>\n<meta property=\"og:description\" content=\"Sudeley Castle &amp; G\u00e4rten &#8211; Schloss Sudeley befindet sich in einer wundersch\u00f6nen Lage im Herzen der Cotswolds in der N\u00e4he des Dorfes Broadway. Umgeben von einem Gut von nahezu 500 Hektar und mit 10 preisgekr\u00f6nten G\u00e4rten hat Schloss Sudeley in Englands Geschichte \u00fcber mehr als 1000 Jahre lang eine wichtige Rolle gespielt, und es ist [&hellip;]\" \/>\n<meta property=\"og:url\" content=\"https:\/\/www.urlaubcornwall.de\/blog\/sudeley-castle-gaerten\/\" \/>\n<meta property=\"og:site_name\" content=\"Urlaub &amp; Reisen\" \/>\n<meta property=\"article:modified_time\" content=\"2024-05-30T10:15:42+00:00\" \/>\n<meta property=\"og:image\" content=\"https:\/\/www.urlaubcornwall.de\/blog\/wp-content\/uploads\/2024\/03\/gartenreise-england.jpg\" \/>\n<meta name=\"twitter:card\" content=\"summary\" \/>\n<meta name=\"twitter:label1\" content=\"Est. reading time\" \/>\n\t<meta name=\"twitter:data1\" content=\"2 minutes\" \/>\n<script type=\"application\/ld+json\" class=\"yoast-schema-graph\">{\"@context\":\"https:\/\/schema.org\",\"@graph\":[{\"@type\":\"WebSite\",\"@id\":\"https:\/\/www.urlaubcornwall.de\/blog\/#website\",\"url\":\"https:\/\/www.urlaubcornwall.de\/blog\/\",\"name\":\"Urlaub &amp; Reisen\",\"description\":\"Urlaub, Reisen, Cornwall und S\u00fcdengland: eine perfekte Kombination\",\"potentialAction\":[{\"@type\":\"SearchAction\",\"target\":{\"@type\":\"EntryPoint\",\"urlTemplate\":\"https:\/\/www.urlaubcornwall.de\/blog\/?s={search_term_string}\"},\"query-input\":\"required name=search_term_string\"}],\"inLanguage\":\"en-US\"},{\"@type\":\"WebPage\",\"@id\":\"https:\/\/www.urlaubcornwall.de\/blog\/sudeley-castle-gaerten\/\",\"url\":\"https:\/\/www.urlaubcornwall.de\/blog\/sudeley-castle-gaerten\/\",\"name\":\"Sudeley Schloss & G\u00e4rten - Urlaub &amp; Reisen\",\"isPartOf\":{\"@id\":\"https:\/\/www.urlaubcornwall.de\/blog\/#website\"},\"datePublished\":\"2020-10-30T10:03:31+00:00\",\"dateModified\":\"2024-05-30T10:15:42+00:00\",\"breadcrumb\":{\"@id\":\"https:\/\/www.urlaubcornwall.de\/blog\/sudeley-castle-gaerten\/#breadcrumb\"},\"inLanguage\":\"en-US\",\"potentialAction\":[{\"@type\":\"ReadAction\",\"target\":[\"https:\/\/www.urlaubcornwall.de\/blog\/sudeley-castle-gaerten\/\"]}]},{\"@type\":\"BreadcrumbList\",\"@id\":\"https:\/\/www.urlaubcornwall.de\/blog\/sudeley-castle-gaerten\/#breadcrumb\",\"itemListElement\":[{\"@type\":\"ListItem\",\"position\":1,\"name\":\"Home\",\"item\":\"https:\/\/www.urlaubcornwall.de\/blog\/\"},{\"@type\":\"ListItem\",\"position\":2,\"name\":\"Sudeley Schloss &#038; G\u00e4rten\"}]}]}<\/script>\n<!-- \/ Yoast SEO plugin. -->","yoast_head_json":{"title":"Sudeley Schloss & G\u00e4rten - Urlaub &amp; Reisen","robots":{"index":"index","follow":"follow","max-snippet":"max-snippet:-1","max-image-preview":"max-image-preview:large","max-video-preview":"max-video-preview:-1"},"canonical":"https:\/\/www.urlaubcornwall.de\/blog\/sudeley-castle-gaerten\/","og_locale":"en_US","og_type":"article","og_title":"Sudeley Schloss & G\u00e4rten - Urlaub &amp; Reisen","og_description":"Sudeley Castle &amp; G\u00e4rten &#8211; Schloss Sudeley befindet sich in einer wundersch\u00f6nen Lage im Herzen der Cotswolds in der N\u00e4he des Dorfes Broadway. Umgeben von einem Gut von nahezu 500 Hektar und mit 10 preisgekr\u00f6nten G\u00e4rten hat Schloss Sudeley in Englands Geschichte \u00fcber mehr als 1000 Jahre lang eine wichtige Rolle gespielt, und es ist [&hellip;]","og_url":"https:\/\/www.urlaubcornwall.de\/blog\/sudeley-castle-gaerten\/","og_site_name":"Urlaub &amp; Reisen","article_modified_time":"2024-05-30T10:15:42+00:00","og_image":[{"url":"https:\/\/www.urlaubcornwall.de\/blog\/wp-content\/uploads\/2024\/03\/gartenreise-england.jpg"}],"twitter_card":"summary","twitter_misc":{"Est. reading time":"2 minutes"},"schema":{"@context":"https:\/\/schema.org","@graph":[{"@type":"WebSite","@id":"https:\/\/www.urlaubcornwall.de\/blog\/#website","url":"https:\/\/www.urlaubcornwall.de\/blog\/","name":"Urlaub &amp; Reisen","description":"Urlaub, Reisen, Cornwall und S\u00fcdengland: eine perfekte Kombination","potentialAction":[{"@type":"SearchAction","target":{"@type":"EntryPoint","urlTemplate":"https:\/\/www.urlaubcornwall.de\/blog\/?s={search_term_string}"},"query-input":"required name=search_term_string"}],"inLanguage":"en-US"},{"@type":"WebPage","@id":"https:\/\/www.urlaubcornwall.de\/blog\/sudeley-castle-gaerten\/","url":"https:\/\/www.urlaubcornwall.de\/blog\/sudeley-castle-gaerten\/","name":"Sudeley Schloss & G\u00e4rten - Urlaub &amp; Reisen","isPartOf":{"@id":"https:\/\/www.urlaubcornwall.de\/blog\/#website"},"datePublished":"2020-10-30T10:03:31+00:00","dateModified":"2024-05-30T10:15:42+00:00","breadcrumb":{"@id":"https:\/\/www.urlaubcornwall.de\/blog\/sudeley-castle-gaerten\/#breadcrumb"},"inLanguage":"en-US","potentialAction":[{"@type":"ReadAction","target":["https:\/\/www.urlaubcornwall.de\/blog\/sudeley-castle-gaerten\/"]}]},{"@type":"BreadcrumbList","@id":"https:\/\/www.urlaubcornwall.de\/blog\/sudeley-castle-gaerten\/#breadcrumb","itemListElement":[{"@type":"ListItem","position":1,"name":"Home","item":"https:\/\/www.urlaubcornwall.de\/blog\/"},{"@type":"ListItem","position":2,"name":"Sudeley Schloss &#038; G\u00e4rten"}]}]}},"_links":{"self":[{"href":"https:\/\/www.urlaubcornwall.de\/blog\/wp-json\/wp\/v2\/pages\/41034"}],"collection":[{"href":"https:\/\/www.urlaubcornwall.de\/blog\/wp-json\/wp\/v2\/pages"}],"about":[{"href":"https:\/\/www.urlaubcornwall.de\/blog\/wp-json\/wp\/v2\/types\/page"}],"author":[{"embeddable":true,"href":"https:\/\/www.urlaubcornwall.de\/blog\/wp-json\/wp\/v2\/users\/1"}],"replies":[{"embeddable":true,"href":"https:\/\/www.urlaubcornwall.de\/blog\/wp-json\/wp\/v2\/comments?post=41034"}],"version-history":[{"count":5,"href":"https:\/\/www.urlaubcornwall.de\/blog\/wp-json\/wp\/v2\/pages\/41034\/revisions"}],"predecessor-version":[{"id":50911,"href":"https:\/\/www.urlaubcornwall.de\/blog\/wp-json\/wp\/v2\/pages\/41034\/revisions\/50911"}],"wp:attachment":[{"href":"https:\/\/www.urlaubcornwall.de\/blog\/wp-json\/wp\/v2\/media?parent=41034"}],"curies":[{"name":"wp","href":"https:\/\/api.w.org\/{rel}","templated":true}]}}