{"id":41032,"date":"2020-10-30T10:01:11","date_gmt":"2020-10-30T10:01:11","guid":{"rendered":"https:\/\/www.urlaubcornwall.de\/blog\/?page_id=41032"},"modified":"2024-04-15T15:37:36","modified_gmt":"2024-04-15T15:37:36","slug":"chastleton-house-in-den-cotswolds","status":"publish","type":"page","link":"https:\/\/www.urlaubcornwall.de\/blog\/chastleton-house-in-den-cotswolds\/","title":{"rendered":"Chastleton House in den Cotswolds"},"content":{"rendered":"<p><a href=\"https:\/\/www.nationaltrust.org.uk\/chastleton-house\"rel=\"nofollow\"><strong>Chastleton House<\/strong><\/a> &#8211; Chastleton House befindet sich in der N\u00e4he von Moreton-in-Marsh; dieses jakobinische Landhaus, das aus wundervollem Cotswold Gestein erbaut ist, befand sich \u00fcber mehr als 400 Jahre lang im Besitz derselben Familie, bevor es im Jahre 1991 vom National Trust aufgekauft wurde. Es ist eines von Englands feinsten und vollst\u00e4ndigsten jakobinischen H\u00e4usern und angef\u00fcllt mit einer Mischung seltener Objekte und Alltagsgegenst\u00e4nden, die seit der Fertigstellung des Hauses im Jahre 1612von der Familie gesammelt wurden. Die G\u00e4rten von Chastleton wurden in ihrem jakobinischen Layout erhalten mitsamt eines <a href=\"https:\/\/www.urlaubcornwall.de\/gartenreise.php\">Kr\u00e4utergartens und jeder Menge Formschnitte<\/a>. Von April \u2013 September k\u00f6nnen Sie auf den Wiesen Krocket spielen oder einem Demonstrationsspiel zusehen. Chastleton gilt als das \u2018Zuhause des Krocket\u2019, da hier im Jahre 1865 die Spielregeln erfunden wurden. Haus und G\u00e4rten sind von M\u00e4rz bis November ge\u00f6ffnet.<\/p>\n<p>Die besten <a href=\"https:\/\/www.urlaubcornwall.de\/blog\/sehenswuerdigkeiten-cotswolds-historische-haeuser-gaerten\/\">Historische Herrenh\u00e4user &#038; G\u00e4rten in den Cotswolds<\/a><\/p>\n<div class=\"snippet\"> <a class=\"featured-item\" href=\"https:\/\/www.urlaubcornwall.de\/ferienhaeuser\/suedengland.php\"> <span class=\"image-holder\" style=\"background-image: url('https:\/\/www.urlaubcornwall.de\/blog\/wp-content\/uploads\/2018\/12\/ferienhaus-cornwall-mit-hund.jpg');\"><\/span> <span class=\"featured-content\"> \n<h2 class=\"featured-title\">Ferienh\u00e4user in S\u00fcdengland<\/h2>\n<p class=\"featured-body\">Bei uns finden Sie Ferienh\u00e4user zum Verlieben &#8211; so einfach ist das! Dank seiner langen Geschichte, der reizvollen Landschaften und seinen vielen Attraktionen ist S\u00fcdengland ein wahres Mekka f\u00fcr Urlauber&#8230;..<\/p><\/span> <span class=\"featured-link-holder\"> <span class=\"featured-extra-info\"> \n<p>Pers\u00f6nlich inspizierter Ferienh\u00e4user<\/p>\n<\/span> \n<p class=\"featured-link\">DETAILS<\/p>\n<\/span> <\/a><\/div>\n","protected":false},"excerpt":{"rendered":"<p>Chastleton House &#8211; Chastleton House befindet sich in der N\u00e4he von Moreton-in-Marsh; dieses jakobinische Landhaus, das aus wundervollem Cotswold Gestein erbaut ist, befand sich \u00fcber mehr als 400 Jahre lang im Besitz derselben Familie, bevor es im Jahre 1991 vom National Trust aufgekauft wurde. Es ist eines von Englands feinsten und vollst\u00e4ndigsten jakobinischen H\u00e4usern und [&hellip;]<\/p>\n","protected":false},"author":1,"featured_media":0,"parent":0,"menu_order":0,"comment_status":"closed","ping_status":"closed","template":"single-four.php","meta":[],"acf":[],"yoast_head":"<!-- This site is optimized with the Yoast SEO plugin v19.4 - https:\/\/yoast.com\/wordpress\/plugins\/seo\/ -->\n<title>Chastleton House in den Cotswolds - Urlaub &amp; Reisen<\/title>\n<meta name=\"robots\" content=\"index, follow, max-snippet:-1, max-image-preview:large, max-video-preview:-1\" \/>\n<link rel=\"canonical\" href=\"https:\/\/www.urlaubcornwall.de\/blog\/chastleton-house-in-den-cotswolds\/\" \/>\n<meta property=\"og:locale\" content=\"en_US\" \/>\n<meta property=\"og:type\" content=\"article\" \/>\n<meta property=\"og:title\" content=\"Chastleton House in den Cotswolds - Urlaub &amp; Reisen\" \/>\n<meta property=\"og:description\" content=\"Chastleton House &#8211; Chastleton House befindet sich in der N\u00e4he von Moreton-in-Marsh; dieses jakobinische Landhaus, das aus wundervollem Cotswold Gestein erbaut ist, befand sich \u00fcber mehr als 400 Jahre lang im Besitz derselben Familie, bevor es im Jahre 1991 vom National Trust aufgekauft wurde. Es ist eines von Englands feinsten und vollst\u00e4ndigsten jakobinischen H\u00e4usern und [&hellip;]\" \/>\n<meta property=\"og:url\" content=\"https:\/\/www.urlaubcornwall.de\/blog\/chastleton-house-in-den-cotswolds\/\" \/>\n<meta property=\"og:site_name\" content=\"Urlaub &amp; Reisen\" \/>\n<meta property=\"article:modified_time\" content=\"2024-04-15T15:37:36+00:00\" \/>\n<meta name=\"twitter:card\" content=\"summary\" \/>\n<meta name=\"twitter:label1\" content=\"Est. reading time\" \/>\n\t<meta name=\"twitter:data1\" content=\"1 minute\" \/>\n<script type=\"application\/ld+json\" class=\"yoast-schema-graph\">{\"@context\":\"https:\/\/schema.org\",\"@graph\":[{\"@type\":\"WebSite\",\"@id\":\"https:\/\/www.urlaubcornwall.de\/blog\/#website\",\"url\":\"https:\/\/www.urlaubcornwall.de\/blog\/\",\"name\":\"Urlaub &amp; Reisen\",\"description\":\"Urlaub, Reisen, Cornwall und S\u00fcdengland: eine perfekte Kombination\",\"potentialAction\":[{\"@type\":\"SearchAction\",\"target\":{\"@type\":\"EntryPoint\",\"urlTemplate\":\"https:\/\/www.urlaubcornwall.de\/blog\/?s={search_term_string}\"},\"query-input\":\"required name=search_term_string\"}],\"inLanguage\":\"en-US\"},{\"@type\":\"WebPage\",\"@id\":\"https:\/\/www.urlaubcornwall.de\/blog\/chastleton-house-in-den-cotswolds\/\",\"url\":\"https:\/\/www.urlaubcornwall.de\/blog\/chastleton-house-in-den-cotswolds\/\",\"name\":\"Chastleton House in den Cotswolds - Urlaub &amp; Reisen\",\"isPartOf\":{\"@id\":\"https:\/\/www.urlaubcornwall.de\/blog\/#website\"},\"datePublished\":\"2020-10-30T10:01:11+00:00\",\"dateModified\":\"2024-04-15T15:37:36+00:00\",\"breadcrumb\":{\"@id\":\"https:\/\/www.urlaubcornwall.de\/blog\/chastleton-house-in-den-cotswolds\/#breadcrumb\"},\"inLanguage\":\"en-US\",\"potentialAction\":[{\"@type\":\"ReadAction\",\"target\":[\"https:\/\/www.urlaubcornwall.de\/blog\/chastleton-house-in-den-cotswolds\/\"]}]},{\"@type\":\"BreadcrumbList\",\"@id\":\"https:\/\/www.urlaubcornwall.de\/blog\/chastleton-house-in-den-cotswolds\/#breadcrumb\",\"itemListElement\":[{\"@type\":\"ListItem\",\"position\":1,\"name\":\"Home\",\"item\":\"https:\/\/www.urlaubcornwall.de\/blog\/\"},{\"@type\":\"ListItem\",\"position\":2,\"name\":\"Chastleton House in den Cotswolds\"}]}]}<\/script>\n<!-- \/ Yoast SEO plugin. -->","yoast_head_json":{"title":"Chastleton House in den Cotswolds - Urlaub &amp; Reisen","robots":{"index":"index","follow":"follow","max-snippet":"max-snippet:-1","max-image-preview":"max-image-preview:large","max-video-preview":"max-video-preview:-1"},"canonical":"https:\/\/www.urlaubcornwall.de\/blog\/chastleton-house-in-den-cotswolds\/","og_locale":"en_US","og_type":"article","og_title":"Chastleton House in den Cotswolds - Urlaub &amp; Reisen","og_description":"Chastleton House &#8211; Chastleton House befindet sich in der N\u00e4he von Moreton-in-Marsh; dieses jakobinische Landhaus, das aus wundervollem Cotswold Gestein erbaut ist, befand sich \u00fcber mehr als 400 Jahre lang im Besitz derselben Familie, bevor es im Jahre 1991 vom National Trust aufgekauft wurde. Es ist eines von Englands feinsten und vollst\u00e4ndigsten jakobinischen H\u00e4usern und [&hellip;]","og_url":"https:\/\/www.urlaubcornwall.de\/blog\/chastleton-house-in-den-cotswolds\/","og_site_name":"Urlaub &amp; Reisen","article_modified_time":"2024-04-15T15:37:36+00:00","twitter_card":"summary","twitter_misc":{"Est. reading time":"1 minute"},"schema":{"@context":"https:\/\/schema.org","@graph":[{"@type":"WebSite","@id":"https:\/\/www.urlaubcornwall.de\/blog\/#website","url":"https:\/\/www.urlaubcornwall.de\/blog\/","name":"Urlaub &amp; Reisen","description":"Urlaub, Reisen, Cornwall und S\u00fcdengland: eine perfekte Kombination","potentialAction":[{"@type":"SearchAction","target":{"@type":"EntryPoint","urlTemplate":"https:\/\/www.urlaubcornwall.de\/blog\/?s={search_term_string}"},"query-input":"required name=search_term_string"}],"inLanguage":"en-US"},{"@type":"WebPage","@id":"https:\/\/www.urlaubcornwall.de\/blog\/chastleton-house-in-den-cotswolds\/","url":"https:\/\/www.urlaubcornwall.de\/blog\/chastleton-house-in-den-cotswolds\/","name":"Chastleton House in den Cotswolds - Urlaub &amp; Reisen","isPartOf":{"@id":"https:\/\/www.urlaubcornwall.de\/blog\/#website"},"datePublished":"2020-10-30T10:01:11+00:00","dateModified":"2024-04-15T15:37:36+00:00","breadcrumb":{"@id":"https:\/\/www.urlaubcornwall.de\/blog\/chastleton-house-in-den-cotswolds\/#breadcrumb"},"inLanguage":"en-US","potentialAction":[{"@type":"ReadAction","target":["https:\/\/www.urlaubcornwall.de\/blog\/chastleton-house-in-den-cotswolds\/"]}]},{"@type":"BreadcrumbList","@id":"https:\/\/www.urlaubcornwall.de\/blog\/chastleton-house-in-den-cotswolds\/#breadcrumb","itemListElement":[{"@type":"ListItem","position":1,"name":"Home","item":"https:\/\/www.urlaubcornwall.de\/blog\/"},{"@type":"ListItem","position":2,"name":"Chastleton House in den Cotswolds"}]}]}},"_links":{"self":[{"href":"https:\/\/www.urlaubcornwall.de\/blog\/wp-json\/wp\/v2\/pages\/41032"}],"collection":[{"href":"https:\/\/www.urlaubcornwall.de\/blog\/wp-json\/wp\/v2\/pages"}],"about":[{"href":"https:\/\/www.urlaubcornwall.de\/blog\/wp-json\/wp\/v2\/types\/page"}],"author":[{"embeddable":true,"href":"https:\/\/www.urlaubcornwall.de\/blog\/wp-json\/wp\/v2\/users\/1"}],"replies":[{"embeddable":true,"href":"https:\/\/www.urlaubcornwall.de\/blog\/wp-json\/wp\/v2\/comments?post=41032"}],"version-history":[{"count":3,"href":"https:\/\/www.urlaubcornwall.de\/blog\/wp-json\/wp\/v2\/pages\/41032\/revisions"}],"predecessor-version":[{"id":49703,"href":"https:\/\/www.urlaubcornwall.de\/blog\/wp-json\/wp\/v2\/pages\/41032\/revisions\/49703"}],"wp:attachment":[{"href":"https:\/\/www.urlaubcornwall.de\/blog\/wp-json\/wp\/v2\/media?parent=41032"}],"curies":[{"name":"wp","href":"https:\/\/api.w.org\/{rel}","templated":true}]}}