{"id":41030,"date":"2020-10-30T09:59:01","date_gmt":"2020-10-30T09:59:01","guid":{"rendered":"https:\/\/www.urlaubcornwall.de\/blog\/?page_id=41030"},"modified":"2024-04-15T15:35:01","modified_gmt":"2024-04-15T15:35:01","slug":"blenheim-palast-in-oxfordshire","status":"publish","type":"page","link":"https:\/\/www.urlaubcornwall.de\/blog\/blenheim-palast-in-oxfordshire\/","title":{"rendered":"Blenheim Palast in Oxfordshire"},"content":{"rendered":"<p><img loading=\"lazy\" class=\"aligncenter size-full wp-image-47791\" src=\"https:\/\/www.urlaubcornwall.de\/blog\/wp-content\/uploads\/2024\/03\/blenheim-palace.jpg\" alt=\"blenheim palace\" width=\"750\" height=\"563\" srcset=\"https:\/\/www.urlaubcornwall.de\/blog\/wp-content\/uploads\/2024\/03\/blenheim-palace.jpg 750w, https:\/\/www.urlaubcornwall.de\/blog\/wp-content\/uploads\/2024\/03\/blenheim-palace-300x225.jpg 300w\" sizes=\"(max-width: 750px) 100vw, 750px\" \/><\/p>\n<p><a href=\"https:\/\/www.blenheimpalace.com\/\"rel=\"nofollow\"><strong>Blenheim Palace<\/strong><\/a> &#8211; Das bildsch\u00f6ne britische Schloss Blenheim Palace liegt innerhalb von mehr als 800 Hektar au\u00dfergew\u00f6hnlich landschaftlich gestalteten Parkgebiets und formellen G\u00e4rten in den <a href=\"https:\/\/www.urlaubcornwall.de\/ferienhaeuser-fewos\/eng\/oxfordshire\/oxfordshire.html\">Oxfordshire Cotswolds<\/a>. Blenheim Palace ist das Zuhause des 12. Duke of Marlborough und seiner Familie; es war auch Geburtsst\u00e4tte von Sir Winston Churchill. Dieser Palast aus dem 18. Jahrhundert wurde im seltenen englischen Barockstil erbaut; es ist eines von Englands gr\u00f6\u00dften H\u00e4usern und eine qualifizierte UNESCO Weltkulturerbest\u00e4tte.<\/p>\n<p>Blenheim Palace beherbergt eine der wichtigsten und umfassendsten Sammlungen in Europa mit Portraits, M\u00f6beln, Skulpturen und Wandbeh\u00e4ngen. Auf einer Tour durch die Staatszimmer gibt es so vieles zu sehen. Von Februar &#8211; September k\u00f6nnen Sie auch die privaten Appartements besuchen und in Teilen des Palastes, die noch immer als ein Zuhause benutzt werden, hinter die Kulissen schauen. Die au\u00dfergew\u00f6hnliche Landschaft des Parks mit dem gro\u00dfen See und Tausenden von B\u00e4umen scheint nat\u00fcrlich zu sein, wurde jedoch g\u00e4nzlich von Lancelot \u2018Capability\u2019 Brown designt. Formelle G\u00e4rten umgeben den Palast. Diese <a href=\"https:\/\/www.urlaubcornwall.de\/gartenreise.php\">entz\u00fcckenden G\u00e4rten beinhalten majest\u00e4tische Wasserterrassen<\/a>, den privaten italienischen Garten des Dukes, sowie den neuen Churchill Gedenkgarten. In den familienfreundlichen Vergn\u00fcgungsg\u00e4rten k\u00f6nnen Sie auf einem Miniaturzug fahren, sich im Marlborough Irrgarten verirren und auf dem Abenteuerspielplatz spielen. Blenheim Palace bietet der gesamten Familie einen wundervollen Ausflugstag und ist das ganze Jahr \u00fcber ge\u00f6ffnet.<\/p>\n<p>Die besten <a href=\"https:\/\/www.urlaubcornwall.de\/blog\/sehenswuerdigkeiten-cotswolds-historische-haeuser-gaerten\/\">Historische Herrenh\u00e4user &#038; G\u00e4rten in den Cotswolds<\/a><\/p>\n<div class=\"snippet\"> <a class=\"featured-item\" href=\"https:\/\/www.urlaubcornwall.de\/ferienhaeuser\/suedengland.php\"> <span class=\"image-holder\" style=\"background-image: url('https:\/\/www.urlaubcornwall.de\/blog\/wp-content\/uploads\/2018\/12\/ferienhaus-cornwall-mit-hund.jpg');\"><\/span> <span class=\"featured-content\"> \n<h2 class=\"featured-title\">Ferienh\u00e4user in S\u00fcdengland<\/h2>\n<p class=\"featured-body\">Bei uns finden Sie Ferienh\u00e4user zum Verlieben &#8211; so einfach ist das! Dank seiner langen Geschichte, der reizvollen Landschaften und seinen vielen Attraktionen ist S\u00fcdengland ein wahres Mekka f\u00fcr Urlauber&#8230;..<\/p><\/span> <span class=\"featured-link-holder\"> <span class=\"featured-extra-info\"> \n<p>Pers\u00f6nlich inspizierter Ferienh\u00e4user<\/p>\n<\/span> \n<p class=\"featured-link\">DETAILS<\/p>\n<\/span> <\/a><\/div>\n","protected":false},"excerpt":{"rendered":"<p>Blenheim Palace &#8211; Das bildsch\u00f6ne britische Schloss Blenheim Palace liegt innerhalb von mehr als 800 Hektar au\u00dfergew\u00f6hnlich landschaftlich gestalteten Parkgebiets und formellen G\u00e4rten in den Oxfordshire Cotswolds. Blenheim Palace ist das Zuhause des 12. Duke of Marlborough und seiner Familie; es war auch Geburtsst\u00e4tte von Sir Winston Churchill. Dieser Palast aus dem 18. Jahrhundert wurde [&hellip;]<\/p>\n","protected":false},"author":1,"featured_media":0,"parent":0,"menu_order":0,"comment_status":"closed","ping_status":"closed","template":"single-four.php","meta":[],"acf":[],"yoast_head":"<!-- This site is optimized with the Yoast SEO plugin v19.4 - https:\/\/yoast.com\/wordpress\/plugins\/seo\/ -->\n<title>Blenheim Palast in Oxfordshire - Urlaub &amp; Reisen<\/title>\n<meta name=\"robots\" content=\"index, follow, max-snippet:-1, max-image-preview:large, max-video-preview:-1\" \/>\n<link rel=\"canonical\" href=\"https:\/\/www.urlaubcornwall.de\/blog\/blenheim-palast-in-oxfordshire\/\" \/>\n<meta property=\"og:locale\" content=\"en_US\" \/>\n<meta property=\"og:type\" content=\"article\" \/>\n<meta property=\"og:title\" content=\"Blenheim Palast in Oxfordshire - Urlaub &amp; Reisen\" \/>\n<meta property=\"og:description\" content=\"Blenheim Palace &#8211; Das bildsch\u00f6ne britische Schloss Blenheim Palace liegt innerhalb von mehr als 800 Hektar au\u00dfergew\u00f6hnlich landschaftlich gestalteten Parkgebiets und formellen G\u00e4rten in den Oxfordshire Cotswolds. Blenheim Palace ist das Zuhause des 12. Duke of Marlborough und seiner Familie; es war auch Geburtsst\u00e4tte von Sir Winston Churchill. Dieser Palast aus dem 18. Jahrhundert wurde [&hellip;]\" \/>\n<meta property=\"og:url\" content=\"https:\/\/www.urlaubcornwall.de\/blog\/blenheim-palast-in-oxfordshire\/\" \/>\n<meta property=\"og:site_name\" content=\"Urlaub &amp; Reisen\" \/>\n<meta property=\"article:modified_time\" content=\"2024-04-15T15:35:01+00:00\" \/>\n<meta property=\"og:image\" content=\"https:\/\/www.urlaubcornwall.de\/blog\/wp-content\/uploads\/2024\/03\/blenheim-palace.jpg\" \/>\n<meta name=\"twitter:card\" content=\"summary\" \/>\n<meta name=\"twitter:label1\" content=\"Est. reading time\" \/>\n\t<meta name=\"twitter:data1\" content=\"2 minutes\" \/>\n<script type=\"application\/ld+json\" class=\"yoast-schema-graph\">{\"@context\":\"https:\/\/schema.org\",\"@graph\":[{\"@type\":\"WebSite\",\"@id\":\"https:\/\/www.urlaubcornwall.de\/blog\/#website\",\"url\":\"https:\/\/www.urlaubcornwall.de\/blog\/\",\"name\":\"Urlaub &amp; Reisen\",\"description\":\"Urlaub, Reisen, Cornwall und S\u00fcdengland: eine perfekte Kombination\",\"potentialAction\":[{\"@type\":\"SearchAction\",\"target\":{\"@type\":\"EntryPoint\",\"urlTemplate\":\"https:\/\/www.urlaubcornwall.de\/blog\/?s={search_term_string}\"},\"query-input\":\"required name=search_term_string\"}],\"inLanguage\":\"en-US\"},{\"@type\":\"WebPage\",\"@id\":\"https:\/\/www.urlaubcornwall.de\/blog\/blenheim-palast-in-oxfordshire\/\",\"url\":\"https:\/\/www.urlaubcornwall.de\/blog\/blenheim-palast-in-oxfordshire\/\",\"name\":\"Blenheim Palast in Oxfordshire - Urlaub &amp; Reisen\",\"isPartOf\":{\"@id\":\"https:\/\/www.urlaubcornwall.de\/blog\/#website\"},\"datePublished\":\"2020-10-30T09:59:01+00:00\",\"dateModified\":\"2024-04-15T15:35:01+00:00\",\"breadcrumb\":{\"@id\":\"https:\/\/www.urlaubcornwall.de\/blog\/blenheim-palast-in-oxfordshire\/#breadcrumb\"},\"inLanguage\":\"en-US\",\"potentialAction\":[{\"@type\":\"ReadAction\",\"target\":[\"https:\/\/www.urlaubcornwall.de\/blog\/blenheim-palast-in-oxfordshire\/\"]}]},{\"@type\":\"BreadcrumbList\",\"@id\":\"https:\/\/www.urlaubcornwall.de\/blog\/blenheim-palast-in-oxfordshire\/#breadcrumb\",\"itemListElement\":[{\"@type\":\"ListItem\",\"position\":1,\"name\":\"Home\",\"item\":\"https:\/\/www.urlaubcornwall.de\/blog\/\"},{\"@type\":\"ListItem\",\"position\":2,\"name\":\"Blenheim Palast in Oxfordshire\"}]}]}<\/script>\n<!-- \/ Yoast SEO plugin. -->","yoast_head_json":{"title":"Blenheim Palast in Oxfordshire - Urlaub &amp; Reisen","robots":{"index":"index","follow":"follow","max-snippet":"max-snippet:-1","max-image-preview":"max-image-preview:large","max-video-preview":"max-video-preview:-1"},"canonical":"https:\/\/www.urlaubcornwall.de\/blog\/blenheim-palast-in-oxfordshire\/","og_locale":"en_US","og_type":"article","og_title":"Blenheim Palast in Oxfordshire - Urlaub &amp; Reisen","og_description":"Blenheim Palace &#8211; Das bildsch\u00f6ne britische Schloss Blenheim Palace liegt innerhalb von mehr als 800 Hektar au\u00dfergew\u00f6hnlich landschaftlich gestalteten Parkgebiets und formellen G\u00e4rten in den Oxfordshire Cotswolds. Blenheim Palace ist das Zuhause des 12. Duke of Marlborough und seiner Familie; es war auch Geburtsst\u00e4tte von Sir Winston Churchill. Dieser Palast aus dem 18. Jahrhundert wurde [&hellip;]","og_url":"https:\/\/www.urlaubcornwall.de\/blog\/blenheim-palast-in-oxfordshire\/","og_site_name":"Urlaub &amp; Reisen","article_modified_time":"2024-04-15T15:35:01+00:00","og_image":[{"url":"https:\/\/www.urlaubcornwall.de\/blog\/wp-content\/uploads\/2024\/03\/blenheim-palace.jpg"}],"twitter_card":"summary","twitter_misc":{"Est. reading time":"2 minutes"},"schema":{"@context":"https:\/\/schema.org","@graph":[{"@type":"WebSite","@id":"https:\/\/www.urlaubcornwall.de\/blog\/#website","url":"https:\/\/www.urlaubcornwall.de\/blog\/","name":"Urlaub &amp; Reisen","description":"Urlaub, Reisen, Cornwall und S\u00fcdengland: eine perfekte Kombination","potentialAction":[{"@type":"SearchAction","target":{"@type":"EntryPoint","urlTemplate":"https:\/\/www.urlaubcornwall.de\/blog\/?s={search_term_string}"},"query-input":"required name=search_term_string"}],"inLanguage":"en-US"},{"@type":"WebPage","@id":"https:\/\/www.urlaubcornwall.de\/blog\/blenheim-palast-in-oxfordshire\/","url":"https:\/\/www.urlaubcornwall.de\/blog\/blenheim-palast-in-oxfordshire\/","name":"Blenheim Palast in Oxfordshire - Urlaub &amp; Reisen","isPartOf":{"@id":"https:\/\/www.urlaubcornwall.de\/blog\/#website"},"datePublished":"2020-10-30T09:59:01+00:00","dateModified":"2024-04-15T15:35:01+00:00","breadcrumb":{"@id":"https:\/\/www.urlaubcornwall.de\/blog\/blenheim-palast-in-oxfordshire\/#breadcrumb"},"inLanguage":"en-US","potentialAction":[{"@type":"ReadAction","target":["https:\/\/www.urlaubcornwall.de\/blog\/blenheim-palast-in-oxfordshire\/"]}]},{"@type":"BreadcrumbList","@id":"https:\/\/www.urlaubcornwall.de\/blog\/blenheim-palast-in-oxfordshire\/#breadcrumb","itemListElement":[{"@type":"ListItem","position":1,"name":"Home","item":"https:\/\/www.urlaubcornwall.de\/blog\/"},{"@type":"ListItem","position":2,"name":"Blenheim Palast in Oxfordshire"}]}]}},"_links":{"self":[{"href":"https:\/\/www.urlaubcornwall.de\/blog\/wp-json\/wp\/v2\/pages\/41030"}],"collection":[{"href":"https:\/\/www.urlaubcornwall.de\/blog\/wp-json\/wp\/v2\/pages"}],"about":[{"href":"https:\/\/www.urlaubcornwall.de\/blog\/wp-json\/wp\/v2\/types\/page"}],"author":[{"embeddable":true,"href":"https:\/\/www.urlaubcornwall.de\/blog\/wp-json\/wp\/v2\/users\/1"}],"replies":[{"embeddable":true,"href":"https:\/\/www.urlaubcornwall.de\/blog\/wp-json\/wp\/v2\/comments?post=41030"}],"version-history":[{"count":3,"href":"https:\/\/www.urlaubcornwall.de\/blog\/wp-json\/wp\/v2\/pages\/41030\/revisions"}],"predecessor-version":[{"id":49693,"href":"https:\/\/www.urlaubcornwall.de\/blog\/wp-json\/wp\/v2\/pages\/41030\/revisions\/49693"}],"wp:attachment":[{"href":"https:\/\/www.urlaubcornwall.de\/blog\/wp-json\/wp\/v2\/media?parent=41030"}],"curies":[{"name":"wp","href":"https:\/\/api.w.org\/{rel}","templated":true}]}}