{"id":41018,"date":"2020-10-29T15:24:22","date_gmt":"2020-10-29T15:24:22","guid":{"rendered":"https:\/\/www.urlaubcornwall.de\/blog\/?page_id=41018"},"modified":"2024-04-15T13:56:35","modified_gmt":"2024-04-15T13:56:35","slug":"eden-projekt-nirgendwo-in-cornwall-gibt-es-exotischere-pflanzen","status":"publish","type":"page","link":"https:\/\/www.urlaubcornwall.de\/blog\/eden-projekt-nirgendwo-in-cornwall-gibt-es-exotischere-pflanzen\/","title":{"rendered":"Eden Projekt &#8211; Nirgendwo in Cornwall gibt es exotischere Pflanzen"},"content":{"rendered":"<p><img loading=\"lazy\" class=\"aligncenter size-full wp-image-47904\" src=\"https:\/\/www.urlaubcornwall.de\/blog\/wp-content\/uploads\/2024\/03\/eden-project-biome_2.jpg\" alt=\"eden project biome_2\" width=\"750\" height=\"482\" srcset=\"https:\/\/www.urlaubcornwall.de\/blog\/wp-content\/uploads\/2024\/03\/eden-project-biome_2.jpg 750w, https:\/\/www.urlaubcornwall.de\/blog\/wp-content\/uploads\/2024\/03\/eden-project-biome_2-300x193.jpg 300w\" sizes=\"(max-width: 750px) 100vw, 750px\" \/><\/p>\n<p>Machen Sie einen Tagesausflug in die Tropen &#8211; <a href=\"https:\/\/www.urlaubcornwall.de\/blog\/all-das-was-sie-schon-immer-ueber-das-eden-project-wissen-wollten\/\">The Eden Project<\/a> bei St Austell hat zwei Biome, gef\u00fcllt mit Pflanzen aus der gesamten Welt. Erkunden Sie den Regenwald und das mediterrane Klima, abgerundet mit jeder Menge Aktivit\u00e4ten f\u00fcr Kinder und einigen k\u00f6stlichen Speisem\u00f6glichkeiten.<\/p>\n<p style=\"text-align: center;\"><a class=\"tidycta\" href=\"https:\/\/www.urlaubcornwall.de\/gartenreise.php\">Gartenreisen in Cornwall<\/a><\/p>\n<div class=\"snippet\"> <a class=\"featured-item\" href=\"https:\/\/www.urlaubcornwall.de\/ferienhaeuser\/cornwall.php\"> <span class=\"image-holder\" style=\"background-image: url('https:\/\/www.urlaubcornwall.de\/blog\/wp-content\/uploads\/2018\/12\/familienurlaub-corwnall-snippet.jpg');\"><\/span> <span class=\"featured-content\"> \n<h2 class=\"featured-title\">Ferienh\u00e4user in Cornwall am Meer<\/h2>\n<p class=\"featured-body\">Cornwall besitzt mehr K\u00fcstenlinien als jede andere Grafschaft und bietet einige der besten Str\u00e4nde, K\u00fcstenwanderwege und Klippenlandschaften, die man \u00fcberhaupt finden kann&#8230; <\/p><\/span> <span class=\"featured-link-holder\"> <span class=\"featured-extra-info\"> \n<p>F\u00fcr Paare, Familien &#038; Gruppen<\/p>\n<\/span> \n<p class=\"featured-link\">DETAILS<\/p>\n<\/span> <\/a><\/div>\n","protected":false},"excerpt":{"rendered":"<p>Machen Sie einen Tagesausflug in die Tropen &#8211; The Eden Project bei St Austell hat zwei Biome, gef\u00fcllt mit Pflanzen aus der gesamten Welt. Erkunden Sie den Regenwald und das mediterrane Klima, abgerundet mit jeder Menge Aktivit\u00e4ten f\u00fcr Kinder und einigen k\u00f6stlichen Speisem\u00f6glichkeiten. Gartenreisen in Cornwall Ferienh\u00e4user in Cornwall am Meer Cornwall besitzt mehr K\u00fcstenlinien [&hellip;]<\/p>\n","protected":false},"author":1,"featured_media":0,"parent":0,"menu_order":0,"comment_status":"closed","ping_status":"closed","template":"single-four.php","meta":[],"acf":[],"yoast_head":"<!-- This site is optimized with the Yoast SEO plugin v19.4 - https:\/\/yoast.com\/wordpress\/plugins\/seo\/ -->\n<title>Eden Projekt - Nirgendwo in Cornwall gibt es exotischere Pflanzen - Urlaub &amp; Reisen<\/title>\n<meta name=\"robots\" content=\"index, follow, max-snippet:-1, max-image-preview:large, max-video-preview:-1\" \/>\n<link rel=\"canonical\" href=\"https:\/\/www.urlaubcornwall.de\/blog\/eden-projekt-nirgendwo-in-cornwall-gibt-es-exotischere-pflanzen\/\" \/>\n<meta property=\"og:locale\" content=\"en_US\" \/>\n<meta property=\"og:type\" content=\"article\" \/>\n<meta property=\"og:title\" content=\"Eden Projekt - Nirgendwo in Cornwall gibt es exotischere Pflanzen - Urlaub &amp; Reisen\" \/>\n<meta property=\"og:description\" content=\"Machen Sie einen Tagesausflug in die Tropen &#8211; The Eden Project bei St Austell hat zwei Biome, gef\u00fcllt mit Pflanzen aus der gesamten Welt. Erkunden Sie den Regenwald und das mediterrane Klima, abgerundet mit jeder Menge Aktivit\u00e4ten f\u00fcr Kinder und einigen k\u00f6stlichen Speisem\u00f6glichkeiten. Gartenreisen in Cornwall Ferienh\u00e4user in Cornwall am Meer Cornwall besitzt mehr K\u00fcstenlinien [&hellip;]\" \/>\n<meta property=\"og:url\" content=\"https:\/\/www.urlaubcornwall.de\/blog\/eden-projekt-nirgendwo-in-cornwall-gibt-es-exotischere-pflanzen\/\" \/>\n<meta property=\"og:site_name\" content=\"Urlaub &amp; Reisen\" \/>\n<meta property=\"article:modified_time\" content=\"2024-04-15T13:56:35+00:00\" \/>\n<meta property=\"og:image\" content=\"https:\/\/www.urlaubcornwall.de\/blog\/wp-content\/uploads\/2024\/03\/eden-project-biome_2.jpg\" \/>\n<meta name=\"twitter:card\" content=\"summary\" \/>\n<meta name=\"twitter:label1\" content=\"Est. reading time\" \/>\n\t<meta name=\"twitter:data1\" content=\"1 minute\" \/>\n<script type=\"application\/ld+json\" class=\"yoast-schema-graph\">{\"@context\":\"https:\/\/schema.org\",\"@graph\":[{\"@type\":\"WebSite\",\"@id\":\"https:\/\/www.urlaubcornwall.de\/blog\/#website\",\"url\":\"https:\/\/www.urlaubcornwall.de\/blog\/\",\"name\":\"Urlaub &amp; Reisen\",\"description\":\"Urlaub, Reisen, Cornwall und S\u00fcdengland: eine perfekte Kombination\",\"potentialAction\":[{\"@type\":\"SearchAction\",\"target\":{\"@type\":\"EntryPoint\",\"urlTemplate\":\"https:\/\/www.urlaubcornwall.de\/blog\/?s={search_term_string}\"},\"query-input\":\"required name=search_term_string\"}],\"inLanguage\":\"en-US\"},{\"@type\":\"WebPage\",\"@id\":\"https:\/\/www.urlaubcornwall.de\/blog\/eden-projekt-nirgendwo-in-cornwall-gibt-es-exotischere-pflanzen\/\",\"url\":\"https:\/\/www.urlaubcornwall.de\/blog\/eden-projekt-nirgendwo-in-cornwall-gibt-es-exotischere-pflanzen\/\",\"name\":\"Eden Projekt - Nirgendwo in Cornwall gibt es exotischere Pflanzen - Urlaub &amp; Reisen\",\"isPartOf\":{\"@id\":\"https:\/\/www.urlaubcornwall.de\/blog\/#website\"},\"datePublished\":\"2020-10-29T15:24:22+00:00\",\"dateModified\":\"2024-04-15T13:56:35+00:00\",\"breadcrumb\":{\"@id\":\"https:\/\/www.urlaubcornwall.de\/blog\/eden-projekt-nirgendwo-in-cornwall-gibt-es-exotischere-pflanzen\/#breadcrumb\"},\"inLanguage\":\"en-US\",\"potentialAction\":[{\"@type\":\"ReadAction\",\"target\":[\"https:\/\/www.urlaubcornwall.de\/blog\/eden-projekt-nirgendwo-in-cornwall-gibt-es-exotischere-pflanzen\/\"]}]},{\"@type\":\"BreadcrumbList\",\"@id\":\"https:\/\/www.urlaubcornwall.de\/blog\/eden-projekt-nirgendwo-in-cornwall-gibt-es-exotischere-pflanzen\/#breadcrumb\",\"itemListElement\":[{\"@type\":\"ListItem\",\"position\":1,\"name\":\"Home\",\"item\":\"https:\/\/www.urlaubcornwall.de\/blog\/\"},{\"@type\":\"ListItem\",\"position\":2,\"name\":\"Eden Projekt &#8211; Nirgendwo in Cornwall gibt es exotischere Pflanzen\"}]}]}<\/script>\n<!-- \/ Yoast SEO plugin. -->","yoast_head_json":{"title":"Eden Projekt - Nirgendwo in Cornwall gibt es exotischere Pflanzen - Urlaub &amp; Reisen","robots":{"index":"index","follow":"follow","max-snippet":"max-snippet:-1","max-image-preview":"max-image-preview:large","max-video-preview":"max-video-preview:-1"},"canonical":"https:\/\/www.urlaubcornwall.de\/blog\/eden-projekt-nirgendwo-in-cornwall-gibt-es-exotischere-pflanzen\/","og_locale":"en_US","og_type":"article","og_title":"Eden Projekt - Nirgendwo in Cornwall gibt es exotischere Pflanzen - Urlaub &amp; Reisen","og_description":"Machen Sie einen Tagesausflug in die Tropen &#8211; The Eden Project bei St Austell hat zwei Biome, gef\u00fcllt mit Pflanzen aus der gesamten Welt. Erkunden Sie den Regenwald und das mediterrane Klima, abgerundet mit jeder Menge Aktivit\u00e4ten f\u00fcr Kinder und einigen k\u00f6stlichen Speisem\u00f6glichkeiten. Gartenreisen in Cornwall Ferienh\u00e4user in Cornwall am Meer Cornwall besitzt mehr K\u00fcstenlinien [&hellip;]","og_url":"https:\/\/www.urlaubcornwall.de\/blog\/eden-projekt-nirgendwo-in-cornwall-gibt-es-exotischere-pflanzen\/","og_site_name":"Urlaub &amp; Reisen","article_modified_time":"2024-04-15T13:56:35+00:00","og_image":[{"url":"https:\/\/www.urlaubcornwall.de\/blog\/wp-content\/uploads\/2024\/03\/eden-project-biome_2.jpg"}],"twitter_card":"summary","twitter_misc":{"Est. reading time":"1 minute"},"schema":{"@context":"https:\/\/schema.org","@graph":[{"@type":"WebSite","@id":"https:\/\/www.urlaubcornwall.de\/blog\/#website","url":"https:\/\/www.urlaubcornwall.de\/blog\/","name":"Urlaub &amp; Reisen","description":"Urlaub, Reisen, Cornwall und S\u00fcdengland: eine perfekte Kombination","potentialAction":[{"@type":"SearchAction","target":{"@type":"EntryPoint","urlTemplate":"https:\/\/www.urlaubcornwall.de\/blog\/?s={search_term_string}"},"query-input":"required name=search_term_string"}],"inLanguage":"en-US"},{"@type":"WebPage","@id":"https:\/\/www.urlaubcornwall.de\/blog\/eden-projekt-nirgendwo-in-cornwall-gibt-es-exotischere-pflanzen\/","url":"https:\/\/www.urlaubcornwall.de\/blog\/eden-projekt-nirgendwo-in-cornwall-gibt-es-exotischere-pflanzen\/","name":"Eden Projekt - Nirgendwo in Cornwall gibt es exotischere Pflanzen - Urlaub &amp; Reisen","isPartOf":{"@id":"https:\/\/www.urlaubcornwall.de\/blog\/#website"},"datePublished":"2020-10-29T15:24:22+00:00","dateModified":"2024-04-15T13:56:35+00:00","breadcrumb":{"@id":"https:\/\/www.urlaubcornwall.de\/blog\/eden-projekt-nirgendwo-in-cornwall-gibt-es-exotischere-pflanzen\/#breadcrumb"},"inLanguage":"en-US","potentialAction":[{"@type":"ReadAction","target":["https:\/\/www.urlaubcornwall.de\/blog\/eden-projekt-nirgendwo-in-cornwall-gibt-es-exotischere-pflanzen\/"]}]},{"@type":"BreadcrumbList","@id":"https:\/\/www.urlaubcornwall.de\/blog\/eden-projekt-nirgendwo-in-cornwall-gibt-es-exotischere-pflanzen\/#breadcrumb","itemListElement":[{"@type":"ListItem","position":1,"name":"Home","item":"https:\/\/www.urlaubcornwall.de\/blog\/"},{"@type":"ListItem","position":2,"name":"Eden Projekt &#8211; Nirgendwo in Cornwall gibt es exotischere Pflanzen"}]}]}},"_links":{"self":[{"href":"https:\/\/www.urlaubcornwall.de\/blog\/wp-json\/wp\/v2\/pages\/41018"}],"collection":[{"href":"https:\/\/www.urlaubcornwall.de\/blog\/wp-json\/wp\/v2\/pages"}],"about":[{"href":"https:\/\/www.urlaubcornwall.de\/blog\/wp-json\/wp\/v2\/types\/page"}],"author":[{"embeddable":true,"href":"https:\/\/www.urlaubcornwall.de\/blog\/wp-json\/wp\/v2\/users\/1"}],"replies":[{"embeddable":true,"href":"https:\/\/www.urlaubcornwall.de\/blog\/wp-json\/wp\/v2\/comments?post=41018"}],"version-history":[{"count":3,"href":"https:\/\/www.urlaubcornwall.de\/blog\/wp-json\/wp\/v2\/pages\/41018\/revisions"}],"predecessor-version":[{"id":49487,"href":"https:\/\/www.urlaubcornwall.de\/blog\/wp-json\/wp\/v2\/pages\/41018\/revisions\/49487"}],"wp:attachment":[{"href":"https:\/\/www.urlaubcornwall.de\/blog\/wp-json\/wp\/v2\/media?parent=41018"}],"curies":[{"name":"wp","href":"https:\/\/api.w.org\/{rel}","templated":true}]}}