{"id":40950,"date":"2020-10-29T09:49:47","date_gmt":"2020-10-29T09:49:47","guid":{"rendered":"https:\/\/www.urlaubcornwall.de\/blog\/?page_id=40950"},"modified":"2024-05-30T16:04:15","modified_gmt":"2024-05-30T16:04:15","slug":"trerice-in-der-naehe-newquay-cornwall","status":"publish","type":"page","link":"https:\/\/www.urlaubcornwall.de\/blog\/trerice-in-der-naehe-newquay-cornwall\/","title":{"rendered":"Trerice in der N\u00e4he Newquay, Cornwall"},"content":{"rendered":"<p><a href=\"https:\/\/www.urlaubcornwall.de\/blog\/wp-content\/uploads\/2018\/06\/Trerice-herrenhaus.jpg\"><img loading=\"lazy\" src=\"https:\/\/www.urlaubcornwall.de\/blog\/wp-content\/uploads\/2018\/06\/Trerice-herrenhaus.jpg\" alt=\"\" width=\"746\" height=\"429\" class=\"alignnone size-full wp-image-33895\" srcset=\"https:\/\/www.urlaubcornwall.de\/blog\/wp-content\/uploads\/2018\/06\/Trerice-herrenhaus.jpg 746w, https:\/\/www.urlaubcornwall.de\/blog\/wp-content\/uploads\/2018\/06\/Trerice-herrenhaus-300x173.jpg 300w\" sizes=\"(max-width: 746px) 100vw, 746px\" \/><\/a><\/p>\n<p>Nicht weit entfernt von <a href=\"https:\/\/www.urlaubcornwall.de\/ferienhaeuser-fewos\/newquay.html\">Newquay<\/a> und in einer friedvollen Ecke des l\u00e4ndlichen Cornwall gelegen, ist <a href=\"https:\/\/www.nationaltrust.org.uk\/trerice\">Trerice<\/a> ein entz\u00fcckendes elisabethanisches Herrenhaus. Das Haus verf\u00fcgt \u00fcber eine faszinierende Sammlung an mehr als 1000 Kunstobjekten, die f\u00fcr Besucher aller Altersstufen von Interesse sind. Die G\u00e4rten sind herrlich, und im Jahre 2013 wurden mehr als 800 junge Eiben gepflanzt gem\u00e4\u00df des komplizierten Designs eines neuen elisabethanischen Knotengartens.<\/p>\n<p><a href=\"https:\/\/www.urlaubcornwall.de\/blog\/national-trust-historische-haeuser-cornwall-devon\/\">Top 10 National Trust Historische H\u00e4user<\/a>, die es in Cornwall &#038; Devon zu besuchen gibt<\/p>\n<div class=\"snippet\"> <a class=\"featured-item\" href=\"https:\/\/www.urlaubcornwall.de\/ferienhaeuser\/cornwall.php\"> <span class=\"image-holder\" style=\"background-image: url('https:\/\/www.urlaubcornwall.de\/blog\/wp-content\/uploads\/2018\/12\/familienurlaub-corwnall-snippet.jpg');\"><\/span> <span class=\"featured-content\"> \n<h2 class=\"featured-title\">Ferienh\u00e4user in Cornwall am Meer<\/h2>\n<p class=\"featured-body\">Cornwall besitzt mehr K\u00fcstenlinien als jede andere Grafschaft und bietet einige der besten Str\u00e4nde, K\u00fcstenwanderwege und Klippenlandschaften, die man \u00fcberhaupt finden kann&#8230; <\/p><\/span> <span class=\"featured-link-holder\"> <span class=\"featured-extra-info\"> \n<p>F\u00fcr Paare, Familien &#038; Gruppen<\/p>\n<\/span> \n<p class=\"featured-link\">DETAILS<\/p>\n<\/span> <\/a><\/div>\n","protected":false},"excerpt":{"rendered":"<p>Nicht weit entfernt von Newquay und in einer friedvollen Ecke des l\u00e4ndlichen Cornwall gelegen, ist Trerice ein entz\u00fcckendes elisabethanisches Herrenhaus. Das Haus verf\u00fcgt \u00fcber eine faszinierende Sammlung an mehr als 1000 Kunstobjekten, die f\u00fcr Besucher aller Altersstufen von Interesse sind. Die G\u00e4rten sind herrlich, und im Jahre 2013 wurden mehr als 800 junge Eiben gepflanzt [&hellip;]<\/p>\n","protected":false},"author":1,"featured_media":0,"parent":0,"menu_order":0,"comment_status":"closed","ping_status":"closed","template":"single-four.php","meta":[],"acf":[],"yoast_head":"<!-- This site is optimized with the Yoast SEO plugin v19.4 - https:\/\/yoast.com\/wordpress\/plugins\/seo\/ -->\n<title>Trerice in der N\u00e4he Newquay, Cornwall - Urlaub &amp; Reisen<\/title>\n<meta name=\"robots\" content=\"index, follow, max-snippet:-1, max-image-preview:large, max-video-preview:-1\" \/>\n<link rel=\"canonical\" href=\"https:\/\/www.urlaubcornwall.de\/blog\/trerice-in-der-naehe-newquay-cornwall\/\" \/>\n<meta property=\"og:locale\" content=\"en_US\" \/>\n<meta property=\"og:type\" content=\"article\" \/>\n<meta property=\"og:title\" content=\"Trerice in der N\u00e4he Newquay, Cornwall - Urlaub &amp; Reisen\" \/>\n<meta property=\"og:description\" content=\"Nicht weit entfernt von Newquay und in einer friedvollen Ecke des l\u00e4ndlichen Cornwall gelegen, ist Trerice ein entz\u00fcckendes elisabethanisches Herrenhaus. Das Haus verf\u00fcgt \u00fcber eine faszinierende Sammlung an mehr als 1000 Kunstobjekten, die f\u00fcr Besucher aller Altersstufen von Interesse sind. Die G\u00e4rten sind herrlich, und im Jahre 2013 wurden mehr als 800 junge Eiben gepflanzt [&hellip;]\" \/>\n<meta property=\"og:url\" content=\"https:\/\/www.urlaubcornwall.de\/blog\/trerice-in-der-naehe-newquay-cornwall\/\" \/>\n<meta property=\"og:site_name\" content=\"Urlaub &amp; Reisen\" \/>\n<meta property=\"article:modified_time\" content=\"2024-05-30T16:04:15+00:00\" \/>\n<meta property=\"og:image\" content=\"https:\/\/www.urlaubcornwall.de\/blog\/wp-content\/uploads\/2018\/06\/Trerice-herrenhaus.jpg\" \/>\n<meta name=\"twitter:card\" content=\"summary\" \/>\n<meta name=\"twitter:label1\" content=\"Est. reading time\" \/>\n\t<meta name=\"twitter:data1\" content=\"1 minute\" \/>\n<script type=\"application\/ld+json\" class=\"yoast-schema-graph\">{\"@context\":\"https:\/\/schema.org\",\"@graph\":[{\"@type\":\"WebSite\",\"@id\":\"https:\/\/www.urlaubcornwall.de\/blog\/#website\",\"url\":\"https:\/\/www.urlaubcornwall.de\/blog\/\",\"name\":\"Urlaub &amp; Reisen\",\"description\":\"Urlaub, Reisen, Cornwall und S\u00fcdengland: eine perfekte Kombination\",\"potentialAction\":[{\"@type\":\"SearchAction\",\"target\":{\"@type\":\"EntryPoint\",\"urlTemplate\":\"https:\/\/www.urlaubcornwall.de\/blog\/?s={search_term_string}\"},\"query-input\":\"required name=search_term_string\"}],\"inLanguage\":\"en-US\"},{\"@type\":\"WebPage\",\"@id\":\"https:\/\/www.urlaubcornwall.de\/blog\/trerice-in-der-naehe-newquay-cornwall\/\",\"url\":\"https:\/\/www.urlaubcornwall.de\/blog\/trerice-in-der-naehe-newquay-cornwall\/\",\"name\":\"Trerice in der N\u00e4he Newquay, Cornwall - Urlaub &amp; Reisen\",\"isPartOf\":{\"@id\":\"https:\/\/www.urlaubcornwall.de\/blog\/#website\"},\"datePublished\":\"2020-10-29T09:49:47+00:00\",\"dateModified\":\"2024-05-30T16:04:15+00:00\",\"breadcrumb\":{\"@id\":\"https:\/\/www.urlaubcornwall.de\/blog\/trerice-in-der-naehe-newquay-cornwall\/#breadcrumb\"},\"inLanguage\":\"en-US\",\"potentialAction\":[{\"@type\":\"ReadAction\",\"target\":[\"https:\/\/www.urlaubcornwall.de\/blog\/trerice-in-der-naehe-newquay-cornwall\/\"]}]},{\"@type\":\"BreadcrumbList\",\"@id\":\"https:\/\/www.urlaubcornwall.de\/blog\/trerice-in-der-naehe-newquay-cornwall\/#breadcrumb\",\"itemListElement\":[{\"@type\":\"ListItem\",\"position\":1,\"name\":\"Home\",\"item\":\"https:\/\/www.urlaubcornwall.de\/blog\/\"},{\"@type\":\"ListItem\",\"position\":2,\"name\":\"Trerice in der N\u00e4he Newquay, Cornwall\"}]}]}<\/script>\n<!-- \/ Yoast SEO plugin. -->","yoast_head_json":{"title":"Trerice in der N\u00e4he Newquay, Cornwall - Urlaub &amp; Reisen","robots":{"index":"index","follow":"follow","max-snippet":"max-snippet:-1","max-image-preview":"max-image-preview:large","max-video-preview":"max-video-preview:-1"},"canonical":"https:\/\/www.urlaubcornwall.de\/blog\/trerice-in-der-naehe-newquay-cornwall\/","og_locale":"en_US","og_type":"article","og_title":"Trerice in der N\u00e4he Newquay, Cornwall - Urlaub &amp; Reisen","og_description":"Nicht weit entfernt von Newquay und in einer friedvollen Ecke des l\u00e4ndlichen Cornwall gelegen, ist Trerice ein entz\u00fcckendes elisabethanisches Herrenhaus. Das Haus verf\u00fcgt \u00fcber eine faszinierende Sammlung an mehr als 1000 Kunstobjekten, die f\u00fcr Besucher aller Altersstufen von Interesse sind. Die G\u00e4rten sind herrlich, und im Jahre 2013 wurden mehr als 800 junge Eiben gepflanzt [&hellip;]","og_url":"https:\/\/www.urlaubcornwall.de\/blog\/trerice-in-der-naehe-newquay-cornwall\/","og_site_name":"Urlaub &amp; Reisen","article_modified_time":"2024-05-30T16:04:15+00:00","og_image":[{"url":"https:\/\/www.urlaubcornwall.de\/blog\/wp-content\/uploads\/2018\/06\/Trerice-herrenhaus.jpg"}],"twitter_card":"summary","twitter_misc":{"Est. reading time":"1 minute"},"schema":{"@context":"https:\/\/schema.org","@graph":[{"@type":"WebSite","@id":"https:\/\/www.urlaubcornwall.de\/blog\/#website","url":"https:\/\/www.urlaubcornwall.de\/blog\/","name":"Urlaub &amp; Reisen","description":"Urlaub, Reisen, Cornwall und S\u00fcdengland: eine perfekte Kombination","potentialAction":[{"@type":"SearchAction","target":{"@type":"EntryPoint","urlTemplate":"https:\/\/www.urlaubcornwall.de\/blog\/?s={search_term_string}"},"query-input":"required name=search_term_string"}],"inLanguage":"en-US"},{"@type":"WebPage","@id":"https:\/\/www.urlaubcornwall.de\/blog\/trerice-in-der-naehe-newquay-cornwall\/","url":"https:\/\/www.urlaubcornwall.de\/blog\/trerice-in-der-naehe-newquay-cornwall\/","name":"Trerice in der N\u00e4he Newquay, Cornwall - Urlaub &amp; Reisen","isPartOf":{"@id":"https:\/\/www.urlaubcornwall.de\/blog\/#website"},"datePublished":"2020-10-29T09:49:47+00:00","dateModified":"2024-05-30T16:04:15+00:00","breadcrumb":{"@id":"https:\/\/www.urlaubcornwall.de\/blog\/trerice-in-der-naehe-newquay-cornwall\/#breadcrumb"},"inLanguage":"en-US","potentialAction":[{"@type":"ReadAction","target":["https:\/\/www.urlaubcornwall.de\/blog\/trerice-in-der-naehe-newquay-cornwall\/"]}]},{"@type":"BreadcrumbList","@id":"https:\/\/www.urlaubcornwall.de\/blog\/trerice-in-der-naehe-newquay-cornwall\/#breadcrumb","itemListElement":[{"@type":"ListItem","position":1,"name":"Home","item":"https:\/\/www.urlaubcornwall.de\/blog\/"},{"@type":"ListItem","position":2,"name":"Trerice in der N\u00e4he Newquay, Cornwall"}]}]}},"_links":{"self":[{"href":"https:\/\/www.urlaubcornwall.de\/blog\/wp-json\/wp\/v2\/pages\/40950"}],"collection":[{"href":"https:\/\/www.urlaubcornwall.de\/blog\/wp-json\/wp\/v2\/pages"}],"about":[{"href":"https:\/\/www.urlaubcornwall.de\/blog\/wp-json\/wp\/v2\/types\/page"}],"author":[{"embeddable":true,"href":"https:\/\/www.urlaubcornwall.de\/blog\/wp-json\/wp\/v2\/users\/1"}],"replies":[{"embeddable":true,"href":"https:\/\/www.urlaubcornwall.de\/blog\/wp-json\/wp\/v2\/comments?post=40950"}],"version-history":[{"count":5,"href":"https:\/\/www.urlaubcornwall.de\/blog\/wp-json\/wp\/v2\/pages\/40950\/revisions"}],"predecessor-version":[{"id":51181,"href":"https:\/\/www.urlaubcornwall.de\/blog\/wp-json\/wp\/v2\/pages\/40950\/revisions\/51181"}],"wp:attachment":[{"href":"https:\/\/www.urlaubcornwall.de\/blog\/wp-json\/wp\/v2\/media?parent=40950"}],"curies":[{"name":"wp","href":"https:\/\/api.w.org\/{rel}","templated":true}]}}