{"id":40560,"date":"2020-07-16T14:27:05","date_gmt":"2020-07-16T14:27:05","guid":{"rendered":"https:\/\/www.urlaubcornwall.de\/blog\/?page_id=40560"},"modified":"2024-04-02T09:54:20","modified_gmt":"2024-04-02T09:54:20","slug":"weshalb-england-als-urlaubsziel-waehlen","status":"publish","type":"page","link":"https:\/\/www.urlaubcornwall.de\/blog\/weshalb-england-als-urlaubsziel-waehlen\/","title":{"rendered":"Weshalb England als Urlaubsziel w\u00e4hlen?"},"content":{"rendered":"<p><img loading=\"lazy\" class=\"aligncenter size-full wp-image-48025\" src=\"https:\/\/www.urlaubcornwall.de\/blog\/wp-content\/uploads\/2024\/03\/stonehenge-1.jpg\" alt=\"stonehenge\" width=\"750\" height=\"500\" srcset=\"https:\/\/www.urlaubcornwall.de\/blog\/wp-content\/uploads\/2024\/03\/stonehenge-1.jpg 750w, https:\/\/www.urlaubcornwall.de\/blog\/wp-content\/uploads\/2024\/03\/stonehenge-1-300x200.jpg 300w\" sizes=\"(max-width: 750px) 100vw, 750px\" \/><\/p>\n<p>Doch, welches sind die Gr\u00fcnde, <a href=\"https:\/\/www.urlaubcornwall.de\/ferienhaeuser\/suedengland.php\">Urlaub in England<\/a> zu verbringen? Schauen wir einmal, weshalb es so besonders ist. Hier finden Sie Top 10 Gr\u00fcnde, Urlaub zu verbringen&#8230;..<\/p>\n<p><strong>1. Die besten Str\u00e4nde in S\u00fcdengland zum Schwimmen<\/strong> &#8211; Wenn Sie in Cornwall und S\u00fcdengland kommen und darauf brennen, ins Wasser zu gehen, ist dies die Liste f\u00fcr Sie. Wir haben eine Liste der besten Schwimmstr\u00e4nde zusammengestellt, so dass Sie gleich in Aktion treten k\u00f6nnen&#8230;.. <a href=\"https:\/\/www.urlaubcornwall.de\/blog\/die-besten-schwimmstraende-in-cornwall-suedengland\/\">[Mehr]<\/a><\/p>\n<p><strong>2. S\u00fcdenglands beliebteste K\u00fcstenst\u00e4dte<\/strong> &#8211; Ihr Reisef\u00fchrer zu S\u00fcdenglands K\u00fcste und Badeorten \u2013 was es zu sehen und zu tun gibt. Die S\u00fcdk\u00fcste Englands z\u00e4hlt gleicherma\u00dfen wie der S\u00fcdwesten zu den Hauptreisezielen f\u00fcr Urlaube am Meer in Gro\u00dfbritannien&#8230;. <a href=\"https:\/\/www.urlaubcornwall.de\/reiseziel\/suedkueste-england.php\">[Mehr]<\/a><\/p>\n<p><strong>3. Ein Garten f\u00fcr jede Jahreszeit<\/strong> \u2013 S\u00fcdenglands herrlichste G\u00e4rten, die Sie das ganze Jahr \u00fcber besuchen k\u00f6nnen. Es gibt G\u00e4rten in England, die Sie das ganze Jahr \u00fcber besuchen k\u00f6nnen. W\u00e4hrend viele w\u00e4hrend der Sommermonate am besten sind, gibt es eine Menge, die im Fr\u00fchling, Herbst und Winter am wundersch\u00f6nsten sind&#8230; <a href=\"https:\/\/www.urlaubcornwall.de\/blog\/ein-garten-fuer-jede-jahreszeit-suedenglands-herrlichste-gaerten-die-sie-das-ganze-jahr-ueber-besuchen-koennen\/\">[Mehr]<\/a><\/p>\n<p><strong>4. Die besten Str\u00e4nde und K\u00fcsten-Orte in der N\u00e4he London<\/strong> &#8211; England  ist zu Recht bekannt f\u00fcr seine vielf\u00e4ltige und wundersch\u00f6ne K\u00fcste, und einige seiner besten Str\u00e4nde befinden sich im Umkreis von zwei Stunden von London entfernt&#8230; <a href=\"https:\/\/www.urlaubcornwall.de\/blog\/die-besten-straende-und-kuesten-orte-in-der-naehe-london\/\">[Mehr]<\/a><\/p>\n<div class=\"snippet\"> <a class=\"featured-item\" href=\"https:\/\/www.urlaubcornwall.de\/ferienhaeuser\/suedengland.php\"> <span class=\"image-holder\" style=\"background-image: url('https:\/\/www.urlaubcornwall.de\/blog\/wp-content\/uploads\/2018\/11\/landhaus-cornwall-1.jpg');\"><\/span> <span class=\"featured-content\"> \n<h2 class=\"featured-title\">Ferienh\u00e4user in England am Meer<\/h2>\n<p class=\"featured-body\">Bei uns finden Sie Ferienh\u00e4user zum Verlieben &#8211; so einfach ist das! Dank seiner langen Geschichte, der reizvollen Landschaften und seinen vielen Attraktionen ist S\u00fcdengland ein wahres Mekka f\u00fcr Urlauber. F\u00fcr Familien und Paare ist die Reise durch Kent, den Garten Englands, die Sussex Downs, die uralten Grafschaften von Hampshire und Dorset&#8230;.<\/p><\/span> <span class=\"featured-link-holder\"> <span class=\"featured-extra-info\"> \n<p>F\u00fcr Paare, Familien &#038; Gruppen<\/p>\n<\/span> \n<p class=\"featured-link\">DETAILS<\/p>\n<\/span> <\/a><\/div>\n<p><strong>5. Gro\u00dfbritanniens Top 10 Reiseziele f\u00fcr Familien<\/strong> &#8211; Wenn Sie den perfekten Urlaub f\u00fcr Familie mit Kindern suchen, so hat Gro\u00dfbritannien viele Reiseziele zu bieten. In England, Wales und Schottland gibt es herrliche Str\u00e4nde, h\u00fcgelige Landschaft und dramatische Berge f\u00fcr all jene, die gerne auf Erkundungen gehen&#8230; <a href=\"https:\/\/www.urlaubcornwall.de\/blog\/grossbritanniens-top-reiseziele-fuer-familien\/\">[Mehr]<\/a>   <\/p>\n<p><strong>6. Rundreisen in England: Die malerischsten Autorouten<\/strong> &#8211; England hat einige unglaublich sch\u00f6ne Stra\u00dfenstrecken, die Sie w\u00e4hrend Ihrer Reise oder Rundreise und Busreise durch die britischen Inseln genie\u00dfen k\u00f6nnen. Sie sind nicht nur Mittel, um von A nach B zu gelangen&#8230; <a href=\"https:\/\/www.urlaubcornwall.de\/blog\/reisen-england-die-malerischsten-auto-oder-busrouten\/\">[Mehr]<\/a><\/p>\n<p><strong>7. Urlaub in Nordengland:<\/strong> Typisch englische l\u00e4ndliche Gegend in den Yorkshire Dales &#8211; Wundersch\u00f6n unber\u00fchrte Landschaft , die Bergketten des Lake District, die saftigen gr\u00fcnen T\u00e4ler der Yorkshire Dales und die langen goldenen Sandstr\u00e4nde entlang der K\u00fcste Northumberlands&#8230; <a href=\"https:\/\/www.urlaubcornwall.de\/blog\/urlaub-reisen-durch-nordengland\/\">[Mehr]<\/a><\/p>\n<p><strong>8. Gartenreise in England<\/strong> &#8211; Die besten G\u00e4rten, die Sie w\u00e4hrend einer Gartenreise in England besuchen k\u00f6nnen. Die englischen G\u00e4rten, die Sie heute sehen, reflektieren f\u00fcnf Jahrhunderte Entwicklung; vom barocken Formalismus \u00fcber den naturalistischen Landschaftsstil bis hin zum zeitgen\u00f6ssischen topaktuellen Pflanzstil&#8230; <a href=\"https:\/\/www.urlaubcornwall.de\/gartenreise.php\">[Mehr]<\/a><\/p>\n<p><strong>9. Sehensw\u00fcrdigkeiten in Sudengland:<\/strong> Hier finden Sie unsere Top 10 Tipps f\u00fcr die Grafschaften S\u00fcdenglands. M\u00f6chten Sie gerne das meiste aus Ihrem Urlaub in diesem faszinierenden Teil Gro\u00dfbritanniens machen&#8230; <a href=\"https:\/\/www.urlaubcornwall.de\/reisetipps\/suedengland.php\">[Mehr]<\/a><\/p>\n<p><strong>10. Urlaub in den Cotswolds, typisch englisch!<\/strong> &#8211; n einem Gebiet besonderer Natursch\u00f6nheit gelegen mit einer Vielzahl an Attraktionen, ziehen die Cotswolds Besucher von nah und fern an in diese bildhaft sch\u00f6ne und typisch englische Region&#8230; <a href=\"https:\/\/www.urlaubcornwall.de\/reiseziel\/cotswolds.php\">[Mehr]<\/a><\/p>\n<div class=\"snippet\"> <a class=\"featured-item\" href=\"https:\/\/www.urlaubcornwall.de\/rundreisen\/cornwall-suedengland.php\"> <span class=\"image-holder\" style=\"background-image: url('https:\/\/www.urlaubcornwall.de\/blog\/wp-content\/uploads\/2019\/01\/DiTn0QVWsAIOgjG.jpg');\"><\/span> <span class=\"featured-content\"> \n<h2 class=\"featured-title\">Rundreisen Cornwall &#038; S\u00fcdengland eine perfekte Kombination<\/h2>\n<p class=\"featured-body\">Die perfekte Reisem\u00f6glichkeit und erm\u00f6glicht es Ihnen, Entdeckungen zu machen und einen Urlaub im eigenen Schritttempo&#8230;.<\/p><\/span> <span class=\"featured-link-holder\"> <span class=\"featured-extra-info\"> \n<p>F\u00fcr Paare, Familien &#038; Gruppen<\/p>\n<\/span> \n<p class=\"featured-link\">DETAILS<\/p>\n<\/span> <\/a><\/div>\n","protected":false},"excerpt":{"rendered":"<p>Doch, welches sind die Gr\u00fcnde, Urlaub in England zu verbringen? Schauen wir einmal, weshalb es so besonders ist. Hier finden Sie Top 10 Gr\u00fcnde, Urlaub zu verbringen&#8230;.. 1. Die besten Str\u00e4nde in S\u00fcdengland zum Schwimmen &#8211; Wenn Sie in Cornwall und S\u00fcdengland kommen und darauf brennen, ins Wasser zu gehen, ist dies die Liste f\u00fcr [&hellip;]<\/p>\n","protected":false},"author":1,"featured_media":0,"parent":0,"menu_order":0,"comment_status":"closed","ping_status":"closed","template":"single-four.php","meta":[],"acf":[],"yoast_head":"<!-- This site is optimized with the Yoast SEO plugin v19.4 - https:\/\/yoast.com\/wordpress\/plugins\/seo\/ -->\n<title>Weshalb England als Urlaubsziel w\u00e4hlen? - Urlaub &amp; Reisen<\/title>\n<meta name=\"description\" content=\"Doch, welches sind die Gr\u00fcnde, Urlaub in England zu verbringen? Schauen wir einmal, weshalb es so besonders ist. Hier finden Sie Top 10 Gr\u00fcnde, Urlaub zu verbringen.....\" \/>\n<meta name=\"robots\" content=\"index, follow, max-snippet:-1, max-image-preview:large, max-video-preview:-1\" \/>\n<link rel=\"canonical\" href=\"https:\/\/www.urlaubcornwall.de\/blog\/weshalb-england-als-urlaubsziel-waehlen\/\" \/>\n<meta property=\"og:locale\" content=\"en_US\" \/>\n<meta property=\"og:type\" content=\"article\" \/>\n<meta property=\"og:title\" content=\"Weshalb England als Urlaubsziel w\u00e4hlen? - Urlaub &amp; Reisen\" \/>\n<meta property=\"og:description\" content=\"Doch, welches sind die Gr\u00fcnde, Urlaub in England zu verbringen? Schauen wir einmal, weshalb es so besonders ist. Hier finden Sie Top 10 Gr\u00fcnde, Urlaub zu verbringen.....\" \/>\n<meta property=\"og:url\" content=\"https:\/\/www.urlaubcornwall.de\/blog\/weshalb-england-als-urlaubsziel-waehlen\/\" \/>\n<meta property=\"og:site_name\" content=\"Urlaub &amp; Reisen\" \/>\n<meta property=\"article:modified_time\" content=\"2024-04-02T09:54:20+00:00\" \/>\n<meta property=\"og:image\" content=\"https:\/\/www.urlaubcornwall.de\/blog\/wp-content\/uploads\/2024\/03\/stonehenge-1.jpg\" \/>\n<meta name=\"twitter:card\" content=\"summary\" \/>\n<meta name=\"twitter:label1\" content=\"Est. reading time\" \/>\n\t<meta name=\"twitter:data1\" content=\"3 minutes\" \/>\n<script type=\"application\/ld+json\" class=\"yoast-schema-graph\">{\"@context\":\"https:\/\/schema.org\",\"@graph\":[{\"@type\":\"WebSite\",\"@id\":\"https:\/\/www.urlaubcornwall.de\/blog\/#website\",\"url\":\"https:\/\/www.urlaubcornwall.de\/blog\/\",\"name\":\"Urlaub &amp; Reisen\",\"description\":\"Urlaub, Reisen, Cornwall und S\u00fcdengland: eine perfekte Kombination\",\"potentialAction\":[{\"@type\":\"SearchAction\",\"target\":{\"@type\":\"EntryPoint\",\"urlTemplate\":\"https:\/\/www.urlaubcornwall.de\/blog\/?s={search_term_string}\"},\"query-input\":\"required name=search_term_string\"}],\"inLanguage\":\"en-US\"},{\"@type\":\"WebPage\",\"@id\":\"https:\/\/www.urlaubcornwall.de\/blog\/weshalb-england-als-urlaubsziel-waehlen\/\",\"url\":\"https:\/\/www.urlaubcornwall.de\/blog\/weshalb-england-als-urlaubsziel-waehlen\/\",\"name\":\"Weshalb England als Urlaubsziel w\u00e4hlen? - Urlaub &amp; Reisen\",\"isPartOf\":{\"@id\":\"https:\/\/www.urlaubcornwall.de\/blog\/#website\"},\"datePublished\":\"2020-07-16T14:27:05+00:00\",\"dateModified\":\"2024-04-02T09:54:20+00:00\",\"description\":\"Doch, welches sind die Gr\u00fcnde, Urlaub in England zu verbringen? Schauen wir einmal, weshalb es so besonders ist. Hier finden Sie Top 10 Gr\u00fcnde, Urlaub zu verbringen.....\",\"breadcrumb\":{\"@id\":\"https:\/\/www.urlaubcornwall.de\/blog\/weshalb-england-als-urlaubsziel-waehlen\/#breadcrumb\"},\"inLanguage\":\"en-US\",\"potentialAction\":[{\"@type\":\"ReadAction\",\"target\":[\"https:\/\/www.urlaubcornwall.de\/blog\/weshalb-england-als-urlaubsziel-waehlen\/\"]}]},{\"@type\":\"BreadcrumbList\",\"@id\":\"https:\/\/www.urlaubcornwall.de\/blog\/weshalb-england-als-urlaubsziel-waehlen\/#breadcrumb\",\"itemListElement\":[{\"@type\":\"ListItem\",\"position\":1,\"name\":\"Home\",\"item\":\"https:\/\/www.urlaubcornwall.de\/blog\/\"},{\"@type\":\"ListItem\",\"position\":2,\"name\":\"Weshalb England als Urlaubsziel w\u00e4hlen?\"}]}]}<\/script>\n<!-- \/ Yoast SEO plugin. -->","yoast_head_json":{"title":"Weshalb England als Urlaubsziel w\u00e4hlen? - Urlaub &amp; Reisen","description":"Doch, welches sind die Gr\u00fcnde, Urlaub in England zu verbringen? Schauen wir einmal, weshalb es so besonders ist. Hier finden Sie Top 10 Gr\u00fcnde, Urlaub zu verbringen.....","robots":{"index":"index","follow":"follow","max-snippet":"max-snippet:-1","max-image-preview":"max-image-preview:large","max-video-preview":"max-video-preview:-1"},"canonical":"https:\/\/www.urlaubcornwall.de\/blog\/weshalb-england-als-urlaubsziel-waehlen\/","og_locale":"en_US","og_type":"article","og_title":"Weshalb England als Urlaubsziel w\u00e4hlen? - Urlaub &amp; Reisen","og_description":"Doch, welches sind die Gr\u00fcnde, Urlaub in England zu verbringen? Schauen wir einmal, weshalb es so besonders ist. Hier finden Sie Top 10 Gr\u00fcnde, Urlaub zu verbringen.....","og_url":"https:\/\/www.urlaubcornwall.de\/blog\/weshalb-england-als-urlaubsziel-waehlen\/","og_site_name":"Urlaub &amp; Reisen","article_modified_time":"2024-04-02T09:54:20+00:00","og_image":[{"url":"https:\/\/www.urlaubcornwall.de\/blog\/wp-content\/uploads\/2024\/03\/stonehenge-1.jpg"}],"twitter_card":"summary","twitter_misc":{"Est. reading time":"3 minutes"},"schema":{"@context":"https:\/\/schema.org","@graph":[{"@type":"WebSite","@id":"https:\/\/www.urlaubcornwall.de\/blog\/#website","url":"https:\/\/www.urlaubcornwall.de\/blog\/","name":"Urlaub &amp; Reisen","description":"Urlaub, Reisen, Cornwall und S\u00fcdengland: eine perfekte Kombination","potentialAction":[{"@type":"SearchAction","target":{"@type":"EntryPoint","urlTemplate":"https:\/\/www.urlaubcornwall.de\/blog\/?s={search_term_string}"},"query-input":"required name=search_term_string"}],"inLanguage":"en-US"},{"@type":"WebPage","@id":"https:\/\/www.urlaubcornwall.de\/blog\/weshalb-england-als-urlaubsziel-waehlen\/","url":"https:\/\/www.urlaubcornwall.de\/blog\/weshalb-england-als-urlaubsziel-waehlen\/","name":"Weshalb England als Urlaubsziel w\u00e4hlen? - Urlaub &amp; Reisen","isPartOf":{"@id":"https:\/\/www.urlaubcornwall.de\/blog\/#website"},"datePublished":"2020-07-16T14:27:05+00:00","dateModified":"2024-04-02T09:54:20+00:00","description":"Doch, welches sind die Gr\u00fcnde, Urlaub in England zu verbringen? Schauen wir einmal, weshalb es so besonders ist. Hier finden Sie Top 10 Gr\u00fcnde, Urlaub zu verbringen.....","breadcrumb":{"@id":"https:\/\/www.urlaubcornwall.de\/blog\/weshalb-england-als-urlaubsziel-waehlen\/#breadcrumb"},"inLanguage":"en-US","potentialAction":[{"@type":"ReadAction","target":["https:\/\/www.urlaubcornwall.de\/blog\/weshalb-england-als-urlaubsziel-waehlen\/"]}]},{"@type":"BreadcrumbList","@id":"https:\/\/www.urlaubcornwall.de\/blog\/weshalb-england-als-urlaubsziel-waehlen\/#breadcrumb","itemListElement":[{"@type":"ListItem","position":1,"name":"Home","item":"https:\/\/www.urlaubcornwall.de\/blog\/"},{"@type":"ListItem","position":2,"name":"Weshalb England als Urlaubsziel w\u00e4hlen?"}]}]}},"_links":{"self":[{"href":"https:\/\/www.urlaubcornwall.de\/blog\/wp-json\/wp\/v2\/pages\/40560"}],"collection":[{"href":"https:\/\/www.urlaubcornwall.de\/blog\/wp-json\/wp\/v2\/pages"}],"about":[{"href":"https:\/\/www.urlaubcornwall.de\/blog\/wp-json\/wp\/v2\/types\/page"}],"author":[{"embeddable":true,"href":"https:\/\/www.urlaubcornwall.de\/blog\/wp-json\/wp\/v2\/users\/1"}],"replies":[{"embeddable":true,"href":"https:\/\/www.urlaubcornwall.de\/blog\/wp-json\/wp\/v2\/comments?post=40560"}],"version-history":[{"count":6,"href":"https:\/\/www.urlaubcornwall.de\/blog\/wp-json\/wp\/v2\/pages\/40560\/revisions"}],"predecessor-version":[{"id":48520,"href":"https:\/\/www.urlaubcornwall.de\/blog\/wp-json\/wp\/v2\/pages\/40560\/revisions\/48520"}],"wp:attachment":[{"href":"https:\/\/www.urlaubcornwall.de\/blog\/wp-json\/wp\/v2\/media?parent=40560"}],"curies":[{"name":"wp","href":"https:\/\/api.w.org\/{rel}","templated":true}]}}