{"id":40459,"date":"2020-06-30T14:32:34","date_gmt":"2020-06-30T14:32:34","guid":{"rendered":"https:\/\/www.urlaubcornwall.de\/blog\/?page_id=40459"},"modified":"2020-10-11T08:34:10","modified_gmt":"2020-10-11T08:34:10","slug":"wales-heisst-sie-wieder-willkommen-selbstversorger-unterkuenfte-nach-corona","status":"publish","type":"page","link":"https:\/\/www.urlaubcornwall.de\/blog\/wales-heisst-sie-wieder-willkommen-selbstversorger-unterkuenfte-nach-corona\/","title":{"rendered":"Wales hei\u00dft Sie wieder willkommen! Ferienh\u00e4user &#038; Urlaub nach Corona"},"content":{"rendered":"<p><img loading=\"lazy\" class=\"aligncenter size-full wp-image-36094\" src=\"https:\/\/www.urlaubcornwall.de\/blog\/wp-content\/uploads\/2019\/02\/rundreise_wales_snowdonia-1.jpg\" alt=\"urlaub_wales_snowdonia\" width=\"748\" height=\"397\" srcset=\"https:\/\/www.urlaubcornwall.de\/blog\/wp-content\/uploads\/2019\/02\/rundreise_wales_snowdonia-1.jpg 748w, https:\/\/www.urlaubcornwall.de\/blog\/wp-content\/uploads\/2019\/02\/rundreise_wales_snowdonia-1-300x159.jpg 300w\" sizes=\"(max-width: 748px) 100vw, 748px\" \/><\/p>\n<p><strong>Unterk\u00fcnfte in Wales nach Coronavirus<\/strong><\/p>\n<p>Nach dem Coronavirus sind <a href=\"https:\/\/www.urlaubcornwall.de\/ferienhaeuser\/wales.php\">Selbstversorgerunterk\u00fcnfte die beste Option<\/a> f\u00fcr einen Urlaub in Wales. Reisende k\u00f6nnen in ihrem eigenen Bereich bleiben mit der M\u00f6glichkeit, sich selbst zu versorgen oder nach Belieben Restaurants und Caf\u00e9s aufzusuchen. <\/p>\n<p>Zu einer <a href=\"https:\/\/www.urlaubcornwall.de\/reiseziel\/wales.php\">Urlaub durch Wales<\/a> geh\u00f6rt das Erlebnis der kontrastreichen Landschaft, die einige der weltweit \u00e4ltesten Felsen aufweist, sowie ein Besuch der Snowdonia-Region mit den h\u00f6chsten Bergen s\u00fcdlich der schottischen Grenze. Als Urlaubsziel hat Wales jedoch noch viel mehr zu bieten als Berge und Schafe: Durch seine Lage im Westen Gro\u00dfbritanniens genie\u00dft man hier die Auswirkungen des Golfstroms und das milde Klima mutet bisweilen geradezu s\u00fcdl\u00e4ndisch an.<\/p>\n<h1 style=\"text-align: center;\"><strong>Ferienh\u00e4user Coronavirus K\u00fcndigungsgarantie 2021<\/strong><\/h1>\n<p style=\"text-align: center;\"><strong>Eine Garantie f\u00fcr eine kostenfreie Stornierung<\/strong><\/p>\n<div class=\"snippet\"> <a class=\"featured-item\" href=\" https:\/\/www.urlaubcornwall.de\/ferienhaeuser\/wales.php\"> <span class=\"image-holder\" style=\"background-image: url(' https:\/\/www.urlaubcornwall.de\/blog\/wp-content\/uploads\/2018\/12\/busreisen-wales-england.jpg');\"><\/span> <span class=\"featured-content\"> \n<h2 class=\"featured-title\">Bei uns finden Sie Ferienh\u00e4user in Wales zum Verlieben!<\/h2>\n<p class=\"featured-body\">Untenstehend finden Sie eine Auswahl an Selbstversorger-Ferienh\u00e4usern in Wales. Hier finden Sie handverlesene, pers\u00f6nlich inspizierte Cottages entlang der walisischen K\u00fcste&#8230;..<\/p>\n<\/span> <span class=\"featured-link-holder\"> <span class=\"featured-extra-info\"> \n<p>F\u00fcr Paare, Familien &#038; Gruppen<\/p>\n<\/span> \n<p class=\"featured-link\">DETAILS<\/p>\n<\/span> <\/a><\/div>\n<p>UrlaubCornwall.de hat eine einzigartige Sammlung pers\u00f6nlich inspizierter Ferienh\u00e4user und Ferienwohnungen in Wales, <a href=\"https:\/\/www.urlaubcornwall.de\/ferienhaueser\/suedengland.php\">S\u00fcdengland<\/a> und nun auch im gesamten Gro\u00dfbritannien. <\/p>\n","protected":false},"excerpt":{"rendered":"<p>Unterk\u00fcnfte in Wales nach Coronavirus Nach dem Coronavirus sind Selbstversorgerunterk\u00fcnfte die beste Option f\u00fcr einen Urlaub in Wales. Reisende k\u00f6nnen in ihrem eigenen Bereich bleiben mit der M\u00f6glichkeit, sich selbst zu versorgen oder nach Belieben Restaurants und Caf\u00e9s aufzusuchen. Zu einer Urlaub durch Wales geh\u00f6rt das Erlebnis der kontrastreichen Landschaft, die einige der weltweit \u00e4ltesten [&hellip;]<\/p>\n","protected":false},"author":1,"featured_media":0,"parent":0,"menu_order":0,"comment_status":"closed","ping_status":"closed","template":"single-four.php","meta":[],"acf":[],"yoast_head":"<!-- This site is optimized with the Yoast SEO plugin v19.4 - https:\/\/yoast.com\/wordpress\/plugins\/seo\/ -->\n<title>Wales hei\u00dft Sie wieder willkommen! Ferienh\u00e4user &amp; Urlaub nach Corona - Urlaub &amp; Reisen<\/title>\n<meta name=\"description\" content=\"Nach dem Coronavirus sind Selbstversorgerunterk\u00fcnfte die beste Option f\u00fcr einen Urlaub in Wales. Reisende k\u00f6nnen in ihrem eigenen Bereich bleiben mit der M\u00f6glichkeit, sich selbst zu versorgen oder nach Belieben Restaurants und Caf\u00e9s aufzusuchen.\" \/>\n<meta name=\"robots\" content=\"index, follow, max-snippet:-1, max-image-preview:large, max-video-preview:-1\" \/>\n<link rel=\"canonical\" href=\"https:\/\/www.urlaubcornwall.de\/blog\/wales-heisst-sie-wieder-willkommen-selbstversorger-unterkuenfte-nach-corona\/\" \/>\n<meta property=\"og:locale\" content=\"en_US\" \/>\n<meta property=\"og:type\" content=\"article\" \/>\n<meta property=\"og:title\" content=\"Wales hei\u00dft Sie wieder willkommen! Ferienh\u00e4user &amp; Urlaub nach Corona - Urlaub &amp; Reisen\" \/>\n<meta property=\"og:description\" content=\"Nach dem Coronavirus sind Selbstversorgerunterk\u00fcnfte die beste Option f\u00fcr einen Urlaub in Wales. Reisende k\u00f6nnen in ihrem eigenen Bereich bleiben mit der M\u00f6glichkeit, sich selbst zu versorgen oder nach Belieben Restaurants und Caf\u00e9s aufzusuchen.\" \/>\n<meta property=\"og:url\" content=\"https:\/\/www.urlaubcornwall.de\/blog\/wales-heisst-sie-wieder-willkommen-selbstversorger-unterkuenfte-nach-corona\/\" \/>\n<meta property=\"og:site_name\" content=\"Urlaub &amp; Reisen\" \/>\n<meta property=\"article:modified_time\" content=\"2020-10-11T08:34:10+00:00\" \/>\n<meta property=\"og:image\" content=\"https:\/\/www.urlaubcornwall.de\/blog\/wp-content\/uploads\/2019\/02\/rundreise_wales_snowdonia-1.jpg\" \/>\n<meta name=\"twitter:card\" content=\"summary\" \/>\n<meta name=\"twitter:label1\" content=\"Est. reading time\" \/>\n\t<meta name=\"twitter:data1\" content=\"1 minute\" \/>\n<script type=\"application\/ld+json\" class=\"yoast-schema-graph\">{\"@context\":\"https:\/\/schema.org\",\"@graph\":[{\"@type\":\"WebSite\",\"@id\":\"https:\/\/www.urlaubcornwall.de\/blog\/#website\",\"url\":\"https:\/\/www.urlaubcornwall.de\/blog\/\",\"name\":\"Urlaub &amp; Reisen\",\"description\":\"Urlaub, Reisen, Cornwall und S\u00fcdengland: eine perfekte Kombination\",\"potentialAction\":[{\"@type\":\"SearchAction\",\"target\":{\"@type\":\"EntryPoint\",\"urlTemplate\":\"https:\/\/www.urlaubcornwall.de\/blog\/?s={search_term_string}\"},\"query-input\":\"required name=search_term_string\"}],\"inLanguage\":\"en-US\"},{\"@type\":\"WebPage\",\"@id\":\"https:\/\/www.urlaubcornwall.de\/blog\/wales-heisst-sie-wieder-willkommen-selbstversorger-unterkuenfte-nach-corona\/\",\"url\":\"https:\/\/www.urlaubcornwall.de\/blog\/wales-heisst-sie-wieder-willkommen-selbstversorger-unterkuenfte-nach-corona\/\",\"name\":\"Wales hei\u00dft Sie wieder willkommen! Ferienh\u00e4user & Urlaub nach Corona - Urlaub &amp; Reisen\",\"isPartOf\":{\"@id\":\"https:\/\/www.urlaubcornwall.de\/blog\/#website\"},\"datePublished\":\"2020-06-30T14:32:34+00:00\",\"dateModified\":\"2020-10-11T08:34:10+00:00\",\"description\":\"Nach dem Coronavirus sind Selbstversorgerunterk\u00fcnfte die beste Option f\u00fcr einen Urlaub in Wales. Reisende k\u00f6nnen in ihrem eigenen Bereich bleiben mit der M\u00f6glichkeit, sich selbst zu versorgen oder nach Belieben Restaurants und Caf\u00e9s aufzusuchen.\",\"breadcrumb\":{\"@id\":\"https:\/\/www.urlaubcornwall.de\/blog\/wales-heisst-sie-wieder-willkommen-selbstversorger-unterkuenfte-nach-corona\/#breadcrumb\"},\"inLanguage\":\"en-US\",\"potentialAction\":[{\"@type\":\"ReadAction\",\"target\":[\"https:\/\/www.urlaubcornwall.de\/blog\/wales-heisst-sie-wieder-willkommen-selbstversorger-unterkuenfte-nach-corona\/\"]}]},{\"@type\":\"BreadcrumbList\",\"@id\":\"https:\/\/www.urlaubcornwall.de\/blog\/wales-heisst-sie-wieder-willkommen-selbstversorger-unterkuenfte-nach-corona\/#breadcrumb\",\"itemListElement\":[{\"@type\":\"ListItem\",\"position\":1,\"name\":\"Home\",\"item\":\"https:\/\/www.urlaubcornwall.de\/blog\/\"},{\"@type\":\"ListItem\",\"position\":2,\"name\":\"Wales hei\u00dft Sie wieder willkommen! Ferienh\u00e4user &#038; Urlaub nach Corona\"}]}]}<\/script>\n<!-- \/ Yoast SEO plugin. -->","yoast_head_json":{"title":"Wales hei\u00dft Sie wieder willkommen! Ferienh\u00e4user & Urlaub nach Corona - Urlaub &amp; Reisen","description":"Nach dem Coronavirus sind Selbstversorgerunterk\u00fcnfte die beste Option f\u00fcr einen Urlaub in Wales. Reisende k\u00f6nnen in ihrem eigenen Bereich bleiben mit der M\u00f6glichkeit, sich selbst zu versorgen oder nach Belieben Restaurants und Caf\u00e9s aufzusuchen.","robots":{"index":"index","follow":"follow","max-snippet":"max-snippet:-1","max-image-preview":"max-image-preview:large","max-video-preview":"max-video-preview:-1"},"canonical":"https:\/\/www.urlaubcornwall.de\/blog\/wales-heisst-sie-wieder-willkommen-selbstversorger-unterkuenfte-nach-corona\/","og_locale":"en_US","og_type":"article","og_title":"Wales hei\u00dft Sie wieder willkommen! Ferienh\u00e4user & Urlaub nach Corona - Urlaub &amp; Reisen","og_description":"Nach dem Coronavirus sind Selbstversorgerunterk\u00fcnfte die beste Option f\u00fcr einen Urlaub in Wales. Reisende k\u00f6nnen in ihrem eigenen Bereich bleiben mit der M\u00f6glichkeit, sich selbst zu versorgen oder nach Belieben Restaurants und Caf\u00e9s aufzusuchen.","og_url":"https:\/\/www.urlaubcornwall.de\/blog\/wales-heisst-sie-wieder-willkommen-selbstversorger-unterkuenfte-nach-corona\/","og_site_name":"Urlaub &amp; Reisen","article_modified_time":"2020-10-11T08:34:10+00:00","og_image":[{"url":"https:\/\/www.urlaubcornwall.de\/blog\/wp-content\/uploads\/2019\/02\/rundreise_wales_snowdonia-1.jpg"}],"twitter_card":"summary","twitter_misc":{"Est. reading time":"1 minute"},"schema":{"@context":"https:\/\/schema.org","@graph":[{"@type":"WebSite","@id":"https:\/\/www.urlaubcornwall.de\/blog\/#website","url":"https:\/\/www.urlaubcornwall.de\/blog\/","name":"Urlaub &amp; Reisen","description":"Urlaub, Reisen, Cornwall und S\u00fcdengland: eine perfekte Kombination","potentialAction":[{"@type":"SearchAction","target":{"@type":"EntryPoint","urlTemplate":"https:\/\/www.urlaubcornwall.de\/blog\/?s={search_term_string}"},"query-input":"required name=search_term_string"}],"inLanguage":"en-US"},{"@type":"WebPage","@id":"https:\/\/www.urlaubcornwall.de\/blog\/wales-heisst-sie-wieder-willkommen-selbstversorger-unterkuenfte-nach-corona\/","url":"https:\/\/www.urlaubcornwall.de\/blog\/wales-heisst-sie-wieder-willkommen-selbstversorger-unterkuenfte-nach-corona\/","name":"Wales hei\u00dft Sie wieder willkommen! Ferienh\u00e4user & Urlaub nach Corona - Urlaub &amp; Reisen","isPartOf":{"@id":"https:\/\/www.urlaubcornwall.de\/blog\/#website"},"datePublished":"2020-06-30T14:32:34+00:00","dateModified":"2020-10-11T08:34:10+00:00","description":"Nach dem Coronavirus sind Selbstversorgerunterk\u00fcnfte die beste Option f\u00fcr einen Urlaub in Wales. Reisende k\u00f6nnen in ihrem eigenen Bereich bleiben mit der M\u00f6glichkeit, sich selbst zu versorgen oder nach Belieben Restaurants und Caf\u00e9s aufzusuchen.","breadcrumb":{"@id":"https:\/\/www.urlaubcornwall.de\/blog\/wales-heisst-sie-wieder-willkommen-selbstversorger-unterkuenfte-nach-corona\/#breadcrumb"},"inLanguage":"en-US","potentialAction":[{"@type":"ReadAction","target":["https:\/\/www.urlaubcornwall.de\/blog\/wales-heisst-sie-wieder-willkommen-selbstversorger-unterkuenfte-nach-corona\/"]}]},{"@type":"BreadcrumbList","@id":"https:\/\/www.urlaubcornwall.de\/blog\/wales-heisst-sie-wieder-willkommen-selbstversorger-unterkuenfte-nach-corona\/#breadcrumb","itemListElement":[{"@type":"ListItem","position":1,"name":"Home","item":"https:\/\/www.urlaubcornwall.de\/blog\/"},{"@type":"ListItem","position":2,"name":"Wales hei\u00dft Sie wieder willkommen! Ferienh\u00e4user &#038; Urlaub nach Corona"}]}]}},"_links":{"self":[{"href":"https:\/\/www.urlaubcornwall.de\/blog\/wp-json\/wp\/v2\/pages\/40459"}],"collection":[{"href":"https:\/\/www.urlaubcornwall.de\/blog\/wp-json\/wp\/v2\/pages"}],"about":[{"href":"https:\/\/www.urlaubcornwall.de\/blog\/wp-json\/wp\/v2\/types\/page"}],"author":[{"embeddable":true,"href":"https:\/\/www.urlaubcornwall.de\/blog\/wp-json\/wp\/v2\/users\/1"}],"replies":[{"embeddable":true,"href":"https:\/\/www.urlaubcornwall.de\/blog\/wp-json\/wp\/v2\/comments?post=40459"}],"version-history":[{"count":6,"href":"https:\/\/www.urlaubcornwall.de\/blog\/wp-json\/wp\/v2\/pages\/40459\/revisions"}],"predecessor-version":[{"id":40878,"href":"https:\/\/www.urlaubcornwall.de\/blog\/wp-json\/wp\/v2\/pages\/40459\/revisions\/40878"}],"wp:attachment":[{"href":"https:\/\/www.urlaubcornwall.de\/blog\/wp-json\/wp\/v2\/media?parent=40459"}],"curies":[{"name":"wp","href":"https:\/\/api.w.org\/{rel}","templated":true}]}}