{"id":40397,"date":"2020-06-23T09:38:07","date_gmt":"2020-06-23T09:38:07","guid":{"rendered":"https:\/\/www.urlaubcornwall.de\/blog\/?page_id=40397"},"modified":"2023-08-31T10:04:14","modified_gmt":"2023-08-31T10:04:14","slug":"segelsport-und-wassersportarten-auf-die-isle-of-scilly","status":"publish","type":"page","link":"https:\/\/www.urlaubcornwall.de\/blog\/segelsport-und-wassersportarten-auf-die-isle-of-scilly\/","title":{"rendered":"Segelsport und Wassersportarten auf die Isle of Scilly"},"content":{"rendered":"<p><img loading=\"lazy\" class=\"aligncenter size-full wp-image-23717\" src=\"https:\/\/www.urlaubcornwall.de\/blog\/wp-content\/uploads\/2016\/04\/strand-scilly-inseln.jpg\" alt=\"Segelsport scilly\" width=\"745\" height=\"437\" srcset=\"https:\/\/www.urlaubcornwall.de\/blog\/wp-content\/uploads\/2016\/04\/strand-scilly-inseln.jpg 745w, https:\/\/www.urlaubcornwall.de\/blog\/wp-content\/uploads\/2016\/04\/strand-scilly-inseln-300x176.jpg 300w\" sizes=\"(max-width: 745px) 100vw, 745px\" \/><\/p>\n<p>Kajaks, Boote und f\u00fcr die Abenteuerlustigen wird auch Tauchen angeboten. Es gibt auch einen Verleih f\u00fcr Segeljollen. Die Gew\u00e4sser befinden sich in gesch\u00fctzter Lage und sind damit v\u00f6llig ungef\u00e4hrlich.<\/p>\n<p>Alle Scillonians haben w\u00e4hrend des Sommers starke Verbindungen zum Meer; Fischer vor Ort holen ihren Fang ein mit den feinsten Schalentieren, Hummer, Langusten und Krabben. Weitere Fischarten wie John Dory, Scholle und Makrelen werden ebenso hier gefangen und entz\u00fccken die Inselk\u00f6che, die aus diesen k\u00f6stlichen F\u00e4ngen das Beste machen. Sie k\u00f6nnen teilhaben: vom Angeln am Ufer angefangen bis hin zu organisierten Angelbootstouren. Nehmen Sie doch die Gelegenheit wahr, Ihr eigenes Essen zu fangen!<\/p>\n<h2 style=\"text-align: center;\">Unser Rundreisenservice<\/h2>\n<p>UrlaubCornwall, mit Firmensitz in Cornwall und selbst h\u00e4ufig Besucher der <a href=\"http:\/\/www.urlaubcornwall.de\/Scilly-Inseln.php\">Scilly Inseln, hat eine einzigartige Sammlung handverlesener, pers\u00f6nlich inspizierter Hotels und B&amp;Bs in dieser atemberaubenden Inselwelt zusammengestellt.<\/a><\/p>\n<p style=\"text-align: center;\"><a class=\"tidycta\" href=\"http:\/\/www.urlaubcornwall.de\/anfrage.php?tourcode=Urlaub Scilly-Inseln\">Urlaub Scilly-Inseln Anfrage<\/a><\/p>\n<p>Wir bieten den <strong>EINZIGEN<\/strong> Deutsch sprechenden <a href=\"http:\/\/www.urlaubcornwall.de\/anfrage.php?tourcode=Scilly Inseln\">Reiseservice<\/a> f\u00fcr die Inseln und k\u00f6nnen einen Urlaub f\u00fcr Sie kreieren, einschlie\u00dflich Unterkunft, Fl\u00fcgen, Transfers und Autovermietung. Genie\u00dfen Sie einen Urlaub hier oder binden Sie die Inseln als Teil einer Rundreise durch Cornwall mit ein.<\/p>\n","protected":false},"excerpt":{"rendered":"<p>Kajaks, Boote und f\u00fcr die Abenteuerlustigen wird auch Tauchen angeboten. Es gibt auch einen Verleih f\u00fcr Segeljollen. Die Gew\u00e4sser befinden sich in gesch\u00fctzter Lage und sind damit v\u00f6llig ungef\u00e4hrlich. Alle Scillonians haben w\u00e4hrend des Sommers starke Verbindungen zum Meer; Fischer vor Ort holen ihren Fang ein mit den feinsten Schalentieren, Hummer, Langusten und Krabben. Weitere [&hellip;]<\/p>\n","protected":false},"author":1,"featured_media":0,"parent":0,"menu_order":0,"comment_status":"closed","ping_status":"closed","template":"single-four.php","meta":[],"acf":[],"yoast_head":"<!-- This site is optimized with the Yoast SEO plugin v19.4 - https:\/\/yoast.com\/wordpress\/plugins\/seo\/ -->\n<title>Segelsport und Wassersportarten auf die Isle of Scilly - Urlaub &amp; Reisen<\/title>\n<meta name=\"robots\" content=\"index, follow, max-snippet:-1, max-image-preview:large, max-video-preview:-1\" \/>\n<link rel=\"canonical\" href=\"https:\/\/www.urlaubcornwall.de\/blog\/segelsport-und-wassersportarten-auf-die-isle-of-scilly\/\" \/>\n<meta property=\"og:locale\" content=\"en_US\" \/>\n<meta property=\"og:type\" content=\"article\" \/>\n<meta property=\"og:title\" content=\"Segelsport und Wassersportarten auf die Isle of Scilly - Urlaub &amp; Reisen\" \/>\n<meta property=\"og:description\" content=\"Kajaks, Boote und f\u00fcr die Abenteuerlustigen wird auch Tauchen angeboten. Es gibt auch einen Verleih f\u00fcr Segeljollen. Die Gew\u00e4sser befinden sich in gesch\u00fctzter Lage und sind damit v\u00f6llig ungef\u00e4hrlich. Alle Scillonians haben w\u00e4hrend des Sommers starke Verbindungen zum Meer; Fischer vor Ort holen ihren Fang ein mit den feinsten Schalentieren, Hummer, Langusten und Krabben. Weitere [&hellip;]\" \/>\n<meta property=\"og:url\" content=\"https:\/\/www.urlaubcornwall.de\/blog\/segelsport-und-wassersportarten-auf-die-isle-of-scilly\/\" \/>\n<meta property=\"og:site_name\" content=\"Urlaub &amp; Reisen\" \/>\n<meta property=\"article:modified_time\" content=\"2023-08-31T10:04:14+00:00\" \/>\n<meta property=\"og:image\" content=\"https:\/\/www.urlaubcornwall.de\/blog\/wp-content\/uploads\/2016\/04\/strand-scilly-inseln.jpg\" \/>\n<meta name=\"twitter:card\" content=\"summary\" \/>\n<meta name=\"twitter:label1\" content=\"Est. reading time\" \/>\n\t<meta name=\"twitter:data1\" content=\"1 minute\" \/>\n<script type=\"application\/ld+json\" class=\"yoast-schema-graph\">{\"@context\":\"https:\/\/schema.org\",\"@graph\":[{\"@type\":\"WebSite\",\"@id\":\"https:\/\/www.urlaubcornwall.de\/blog\/#website\",\"url\":\"https:\/\/www.urlaubcornwall.de\/blog\/\",\"name\":\"Urlaub &amp; Reisen\",\"description\":\"Urlaub, Reisen, Cornwall und S\u00fcdengland: eine perfekte Kombination\",\"potentialAction\":[{\"@type\":\"SearchAction\",\"target\":{\"@type\":\"EntryPoint\",\"urlTemplate\":\"https:\/\/www.urlaubcornwall.de\/blog\/?s={search_term_string}\"},\"query-input\":\"required name=search_term_string\"}],\"inLanguage\":\"en-US\"},{\"@type\":\"WebPage\",\"@id\":\"https:\/\/www.urlaubcornwall.de\/blog\/segelsport-und-wassersportarten-auf-die-isle-of-scilly\/\",\"url\":\"https:\/\/www.urlaubcornwall.de\/blog\/segelsport-und-wassersportarten-auf-die-isle-of-scilly\/\",\"name\":\"Segelsport und Wassersportarten auf die Isle of Scilly - Urlaub &amp; Reisen\",\"isPartOf\":{\"@id\":\"https:\/\/www.urlaubcornwall.de\/blog\/#website\"},\"datePublished\":\"2020-06-23T09:38:07+00:00\",\"dateModified\":\"2023-08-31T10:04:14+00:00\",\"breadcrumb\":{\"@id\":\"https:\/\/www.urlaubcornwall.de\/blog\/segelsport-und-wassersportarten-auf-die-isle-of-scilly\/#breadcrumb\"},\"inLanguage\":\"en-US\",\"potentialAction\":[{\"@type\":\"ReadAction\",\"target\":[\"https:\/\/www.urlaubcornwall.de\/blog\/segelsport-und-wassersportarten-auf-die-isle-of-scilly\/\"]}]},{\"@type\":\"BreadcrumbList\",\"@id\":\"https:\/\/www.urlaubcornwall.de\/blog\/segelsport-und-wassersportarten-auf-die-isle-of-scilly\/#breadcrumb\",\"itemListElement\":[{\"@type\":\"ListItem\",\"position\":1,\"name\":\"Home\",\"item\":\"https:\/\/www.urlaubcornwall.de\/blog\/\"},{\"@type\":\"ListItem\",\"position\":2,\"name\":\"Segelsport und Wassersportarten auf die Isle of Scilly\"}]}]}<\/script>\n<!-- \/ Yoast SEO plugin. -->","yoast_head_json":{"title":"Segelsport und Wassersportarten auf die Isle of Scilly - Urlaub &amp; Reisen","robots":{"index":"index","follow":"follow","max-snippet":"max-snippet:-1","max-image-preview":"max-image-preview:large","max-video-preview":"max-video-preview:-1"},"canonical":"https:\/\/www.urlaubcornwall.de\/blog\/segelsport-und-wassersportarten-auf-die-isle-of-scilly\/","og_locale":"en_US","og_type":"article","og_title":"Segelsport und Wassersportarten auf die Isle of Scilly - Urlaub &amp; Reisen","og_description":"Kajaks, Boote und f\u00fcr die Abenteuerlustigen wird auch Tauchen angeboten. Es gibt auch einen Verleih f\u00fcr Segeljollen. Die Gew\u00e4sser befinden sich in gesch\u00fctzter Lage und sind damit v\u00f6llig ungef\u00e4hrlich. Alle Scillonians haben w\u00e4hrend des Sommers starke Verbindungen zum Meer; Fischer vor Ort holen ihren Fang ein mit den feinsten Schalentieren, Hummer, Langusten und Krabben. Weitere [&hellip;]","og_url":"https:\/\/www.urlaubcornwall.de\/blog\/segelsport-und-wassersportarten-auf-die-isle-of-scilly\/","og_site_name":"Urlaub &amp; Reisen","article_modified_time":"2023-08-31T10:04:14+00:00","og_image":[{"url":"https:\/\/www.urlaubcornwall.de\/blog\/wp-content\/uploads\/2016\/04\/strand-scilly-inseln.jpg"}],"twitter_card":"summary","twitter_misc":{"Est. reading time":"1 minute"},"schema":{"@context":"https:\/\/schema.org","@graph":[{"@type":"WebSite","@id":"https:\/\/www.urlaubcornwall.de\/blog\/#website","url":"https:\/\/www.urlaubcornwall.de\/blog\/","name":"Urlaub &amp; Reisen","description":"Urlaub, Reisen, Cornwall und S\u00fcdengland: eine perfekte Kombination","potentialAction":[{"@type":"SearchAction","target":{"@type":"EntryPoint","urlTemplate":"https:\/\/www.urlaubcornwall.de\/blog\/?s={search_term_string}"},"query-input":"required name=search_term_string"}],"inLanguage":"en-US"},{"@type":"WebPage","@id":"https:\/\/www.urlaubcornwall.de\/blog\/segelsport-und-wassersportarten-auf-die-isle-of-scilly\/","url":"https:\/\/www.urlaubcornwall.de\/blog\/segelsport-und-wassersportarten-auf-die-isle-of-scilly\/","name":"Segelsport und Wassersportarten auf die Isle of Scilly - Urlaub &amp; Reisen","isPartOf":{"@id":"https:\/\/www.urlaubcornwall.de\/blog\/#website"},"datePublished":"2020-06-23T09:38:07+00:00","dateModified":"2023-08-31T10:04:14+00:00","breadcrumb":{"@id":"https:\/\/www.urlaubcornwall.de\/blog\/segelsport-und-wassersportarten-auf-die-isle-of-scilly\/#breadcrumb"},"inLanguage":"en-US","potentialAction":[{"@type":"ReadAction","target":["https:\/\/www.urlaubcornwall.de\/blog\/segelsport-und-wassersportarten-auf-die-isle-of-scilly\/"]}]},{"@type":"BreadcrumbList","@id":"https:\/\/www.urlaubcornwall.de\/blog\/segelsport-und-wassersportarten-auf-die-isle-of-scilly\/#breadcrumb","itemListElement":[{"@type":"ListItem","position":1,"name":"Home","item":"https:\/\/www.urlaubcornwall.de\/blog\/"},{"@type":"ListItem","position":2,"name":"Segelsport und Wassersportarten auf die Isle of Scilly"}]}]}},"_links":{"self":[{"href":"https:\/\/www.urlaubcornwall.de\/blog\/wp-json\/wp\/v2\/pages\/40397"}],"collection":[{"href":"https:\/\/www.urlaubcornwall.de\/blog\/wp-json\/wp\/v2\/pages"}],"about":[{"href":"https:\/\/www.urlaubcornwall.de\/blog\/wp-json\/wp\/v2\/types\/page"}],"author":[{"embeddable":true,"href":"https:\/\/www.urlaubcornwall.de\/blog\/wp-json\/wp\/v2\/users\/1"}],"replies":[{"embeddable":true,"href":"https:\/\/www.urlaubcornwall.de\/blog\/wp-json\/wp\/v2\/comments?post=40397"}],"version-history":[{"count":4,"href":"https:\/\/www.urlaubcornwall.de\/blog\/wp-json\/wp\/v2\/pages\/40397\/revisions"}],"predecessor-version":[{"id":47024,"href":"https:\/\/www.urlaubcornwall.de\/blog\/wp-json\/wp\/v2\/pages\/40397\/revisions\/47024"}],"wp:attachment":[{"href":"https:\/\/www.urlaubcornwall.de\/blog\/wp-json\/wp\/v2\/media?parent=40397"}],"curies":[{"name":"wp","href":"https:\/\/api.w.org\/{rel}","templated":true}]}}