{"id":40298,"date":"2020-06-15T11:30:49","date_gmt":"2020-06-15T11:30:49","guid":{"rendered":"https:\/\/www.urlaubcornwall.de\/blog\/?page_id=40298"},"modified":"2020-06-15T11:30:49","modified_gmt":"2020-06-15T11:30:49","slug":"die-schoenste-insel-der-scilly-isles","status":"publish","type":"page","link":"https:\/\/www.urlaubcornwall.de\/blog\/die-schoenste-insel-der-scilly-isles\/","title":{"rendered":"Die sch\u00f6nste Insel der Scilly Isles"},"content":{"rendered":"<p><img loading=\"lazy\" class=\"aligncenter size-full wp-image-40112\" src=\"https:\/\/www.urlaubcornwall.de\/blog\/wp-content\/uploads\/2020\/05\/blick-st-martins-scilly_insta.jpg\" alt=\"blick st martins scilly\" width=\"750\" height=\"653\" srcset=\"https:\/\/www.urlaubcornwall.de\/blog\/wp-content\/uploads\/2020\/05\/blick-st-martins-scilly_insta.jpg 750w, https:\/\/www.urlaubcornwall.de\/blog\/wp-content\/uploads\/2020\/05\/blick-st-martins-scilly_insta-300x261.jpg 300w\" sizes=\"(max-width: 750px) 100vw, 750px\" \/><\/p>\n<p><a href=\"https:\/\/www.urlaubcornwall.de\/blog\/scilly-inseln-st-martins\/\">St Martin\u2019s<\/a> ist die malerischste aller Inseln. <\/p>\n<p>Wenn Sie die Insel zu Fu\u00df umrunden m\u00f6chten, bel\u00e4uft sich die Strecke auf ca. 8 km. Es f\u00fchrt eine Stra\u00dfe in der Mitte der Insel entlang, die Ihnen die M\u00f6glichkeit bietet, die Insel schneller zu erkunden. Je nach den Gezeiten wird Ihr Boot Sie entweder am Kai von Lower Town oder Higher Town absetzen. Beide Stellen haben wundersch\u00f6ne Str\u00e4nde, die zum Entspannen einladen und von wo aus Sie die sch\u00f6ne Aussicht genie\u00dfen k\u00f6nnen.<\/p>\n<h2 style=\"text-align: center;\">Unser Scilly Isles Rundreisenservice<\/h2>\n<p style=\"text-align: center;\"><a class=\"tidycta\" href=\"http:\/\/www.urlaubcornwall.de\/anfrage.php?tourcode=Urlaub Scilly-Inseln\">Urlaub Scilly-Inseln Anfrage<\/a><\/p>\n<p style=\"text-align: center;\">UrlaubCornwall, mit Firmensitz in Cornwall und selbst h\u00e4ufig Besucher der <a href=\"http:\/\/www.urlaubcornwall.de\/Scilly-Inseln.php\">Scilly Inseln<\/a>, hat eine einzigartige Sammlung handverlesener, pers\u00f6nlich inspizierter Hotels und B&amp;Bs in dieser atemberaubenden Inselwelt zusammengestellt.<\/p>\n<p style=\"text-align: center;\">Wir bieten den <strong>EINZIGEN<\/strong> Deutsch sprechenden <a href=\"http:\/\/www.urlaubcornwall.de\/anfrage.php?tourcode=Scilly Inseln\">Reiseservice<\/a> f\u00fcr die Inseln und k\u00f6nnen einen Urlaub f\u00fcr Sie kreieren, einschlie\u00dflich Unterkunft, Fl\u00fcgen, Transfers und Autovermietung. Genie\u00dfen Sie einen Urlaub hier oder binden Sie die Inseln als Teil einer Rundreise durch Cornwall mit ein.<\/p>\n","protected":false},"excerpt":{"rendered":"<p>St Martin\u2019s ist die malerischste aller Inseln. Wenn Sie die Insel zu Fu\u00df umrunden m\u00f6chten, bel\u00e4uft sich die Strecke auf ca. 8 km. Es f\u00fchrt eine Stra\u00dfe in der Mitte der Insel entlang, die Ihnen die M\u00f6glichkeit bietet, die Insel schneller zu erkunden. Je nach den Gezeiten wird Ihr Boot Sie entweder am Kai von [&hellip;]<\/p>\n","protected":false},"author":1,"featured_media":0,"parent":0,"menu_order":0,"comment_status":"closed","ping_status":"closed","template":"single-four.php","meta":[],"acf":[],"yoast_head":"<!-- This site is optimized with the Yoast SEO plugin v19.4 - https:\/\/yoast.com\/wordpress\/plugins\/seo\/ -->\n<title>Die sch\u00f6nste Insel der Scilly Isles - Urlaub &amp; Reisen<\/title>\n<meta name=\"robots\" content=\"index, follow, max-snippet:-1, max-image-preview:large, max-video-preview:-1\" \/>\n<link rel=\"canonical\" href=\"https:\/\/www.urlaubcornwall.de\/blog\/die-schoenste-insel-der-scilly-isles\/\" \/>\n<meta property=\"og:locale\" content=\"en_US\" \/>\n<meta property=\"og:type\" content=\"article\" \/>\n<meta property=\"og:title\" content=\"Die sch\u00f6nste Insel der Scilly Isles - Urlaub &amp; Reisen\" \/>\n<meta property=\"og:description\" content=\"St Martin\u2019s ist die malerischste aller Inseln. Wenn Sie die Insel zu Fu\u00df umrunden m\u00f6chten, bel\u00e4uft sich die Strecke auf ca. 8 km. Es f\u00fchrt eine Stra\u00dfe in der Mitte der Insel entlang, die Ihnen die M\u00f6glichkeit bietet, die Insel schneller zu erkunden. Je nach den Gezeiten wird Ihr Boot Sie entweder am Kai von [&hellip;]\" \/>\n<meta property=\"og:url\" content=\"https:\/\/www.urlaubcornwall.de\/blog\/die-schoenste-insel-der-scilly-isles\/\" \/>\n<meta property=\"og:site_name\" content=\"Urlaub &amp; Reisen\" \/>\n<meta property=\"og:image\" content=\"https:\/\/www.urlaubcornwall.de\/blog\/wp-content\/uploads\/2020\/05\/blick-st-martins-scilly_insta.jpg\" \/>\n<meta name=\"twitter:card\" content=\"summary\" \/>\n<meta name=\"twitter:label1\" content=\"Est. reading time\" \/>\n\t<meta name=\"twitter:data1\" content=\"1 minute\" \/>\n<script type=\"application\/ld+json\" class=\"yoast-schema-graph\">{\"@context\":\"https:\/\/schema.org\",\"@graph\":[{\"@type\":\"WebSite\",\"@id\":\"https:\/\/www.urlaubcornwall.de\/blog\/#website\",\"url\":\"https:\/\/www.urlaubcornwall.de\/blog\/\",\"name\":\"Urlaub &amp; Reisen\",\"description\":\"Urlaub, Reisen, Cornwall und S\u00fcdengland: eine perfekte Kombination\",\"potentialAction\":[{\"@type\":\"SearchAction\",\"target\":{\"@type\":\"EntryPoint\",\"urlTemplate\":\"https:\/\/www.urlaubcornwall.de\/blog\/?s={search_term_string}\"},\"query-input\":\"required name=search_term_string\"}],\"inLanguage\":\"en-US\"},{\"@type\":\"WebPage\",\"@id\":\"https:\/\/www.urlaubcornwall.de\/blog\/die-schoenste-insel-der-scilly-isles\/\",\"url\":\"https:\/\/www.urlaubcornwall.de\/blog\/die-schoenste-insel-der-scilly-isles\/\",\"name\":\"Die sch\u00f6nste Insel der Scilly Isles - Urlaub &amp; Reisen\",\"isPartOf\":{\"@id\":\"https:\/\/www.urlaubcornwall.de\/blog\/#website\"},\"datePublished\":\"2020-06-15T11:30:49+00:00\",\"dateModified\":\"2020-06-15T11:30:49+00:00\",\"breadcrumb\":{\"@id\":\"https:\/\/www.urlaubcornwall.de\/blog\/die-schoenste-insel-der-scilly-isles\/#breadcrumb\"},\"inLanguage\":\"en-US\",\"potentialAction\":[{\"@type\":\"ReadAction\",\"target\":[\"https:\/\/www.urlaubcornwall.de\/blog\/die-schoenste-insel-der-scilly-isles\/\"]}]},{\"@type\":\"BreadcrumbList\",\"@id\":\"https:\/\/www.urlaubcornwall.de\/blog\/die-schoenste-insel-der-scilly-isles\/#breadcrumb\",\"itemListElement\":[{\"@type\":\"ListItem\",\"position\":1,\"name\":\"Home\",\"item\":\"https:\/\/www.urlaubcornwall.de\/blog\/\"},{\"@type\":\"ListItem\",\"position\":2,\"name\":\"Die sch\u00f6nste Insel der Scilly Isles\"}]}]}<\/script>\n<!-- \/ Yoast SEO plugin. -->","yoast_head_json":{"title":"Die sch\u00f6nste Insel der Scilly Isles - Urlaub &amp; Reisen","robots":{"index":"index","follow":"follow","max-snippet":"max-snippet:-1","max-image-preview":"max-image-preview:large","max-video-preview":"max-video-preview:-1"},"canonical":"https:\/\/www.urlaubcornwall.de\/blog\/die-schoenste-insel-der-scilly-isles\/","og_locale":"en_US","og_type":"article","og_title":"Die sch\u00f6nste Insel der Scilly Isles - Urlaub &amp; Reisen","og_description":"St Martin\u2019s ist die malerischste aller Inseln. Wenn Sie die Insel zu Fu\u00df umrunden m\u00f6chten, bel\u00e4uft sich die Strecke auf ca. 8 km. Es f\u00fchrt eine Stra\u00dfe in der Mitte der Insel entlang, die Ihnen die M\u00f6glichkeit bietet, die Insel schneller zu erkunden. Je nach den Gezeiten wird Ihr Boot Sie entweder am Kai von [&hellip;]","og_url":"https:\/\/www.urlaubcornwall.de\/blog\/die-schoenste-insel-der-scilly-isles\/","og_site_name":"Urlaub &amp; Reisen","og_image":[{"url":"https:\/\/www.urlaubcornwall.de\/blog\/wp-content\/uploads\/2020\/05\/blick-st-martins-scilly_insta.jpg"}],"twitter_card":"summary","twitter_misc":{"Est. reading time":"1 minute"},"schema":{"@context":"https:\/\/schema.org","@graph":[{"@type":"WebSite","@id":"https:\/\/www.urlaubcornwall.de\/blog\/#website","url":"https:\/\/www.urlaubcornwall.de\/blog\/","name":"Urlaub &amp; Reisen","description":"Urlaub, Reisen, Cornwall und S\u00fcdengland: eine perfekte Kombination","potentialAction":[{"@type":"SearchAction","target":{"@type":"EntryPoint","urlTemplate":"https:\/\/www.urlaubcornwall.de\/blog\/?s={search_term_string}"},"query-input":"required name=search_term_string"}],"inLanguage":"en-US"},{"@type":"WebPage","@id":"https:\/\/www.urlaubcornwall.de\/blog\/die-schoenste-insel-der-scilly-isles\/","url":"https:\/\/www.urlaubcornwall.de\/blog\/die-schoenste-insel-der-scilly-isles\/","name":"Die sch\u00f6nste Insel der Scilly Isles - Urlaub &amp; Reisen","isPartOf":{"@id":"https:\/\/www.urlaubcornwall.de\/blog\/#website"},"datePublished":"2020-06-15T11:30:49+00:00","dateModified":"2020-06-15T11:30:49+00:00","breadcrumb":{"@id":"https:\/\/www.urlaubcornwall.de\/blog\/die-schoenste-insel-der-scilly-isles\/#breadcrumb"},"inLanguage":"en-US","potentialAction":[{"@type":"ReadAction","target":["https:\/\/www.urlaubcornwall.de\/blog\/die-schoenste-insel-der-scilly-isles\/"]}]},{"@type":"BreadcrumbList","@id":"https:\/\/www.urlaubcornwall.de\/blog\/die-schoenste-insel-der-scilly-isles\/#breadcrumb","itemListElement":[{"@type":"ListItem","position":1,"name":"Home","item":"https:\/\/www.urlaubcornwall.de\/blog\/"},{"@type":"ListItem","position":2,"name":"Die sch\u00f6nste Insel der Scilly Isles"}]}]}},"_links":{"self":[{"href":"https:\/\/www.urlaubcornwall.de\/blog\/wp-json\/wp\/v2\/pages\/40298"}],"collection":[{"href":"https:\/\/www.urlaubcornwall.de\/blog\/wp-json\/wp\/v2\/pages"}],"about":[{"href":"https:\/\/www.urlaubcornwall.de\/blog\/wp-json\/wp\/v2\/types\/page"}],"author":[{"embeddable":true,"href":"https:\/\/www.urlaubcornwall.de\/blog\/wp-json\/wp\/v2\/users\/1"}],"replies":[{"embeddable":true,"href":"https:\/\/www.urlaubcornwall.de\/blog\/wp-json\/wp\/v2\/comments?post=40298"}],"version-history":[{"count":2,"href":"https:\/\/www.urlaubcornwall.de\/blog\/wp-json\/wp\/v2\/pages\/40298\/revisions"}],"predecessor-version":[{"id":40302,"href":"https:\/\/www.urlaubcornwall.de\/blog\/wp-json\/wp\/v2\/pages\/40298\/revisions\/40302"}],"wp:attachment":[{"href":"https:\/\/www.urlaubcornwall.de\/blog\/wp-json\/wp\/v2\/media?parent=40298"}],"curies":[{"name":"wp","href":"https:\/\/api.w.org\/{rel}","templated":true}]}}