{"id":40294,"date":"2020-06-15T11:23:33","date_gmt":"2020-06-15T11:23:33","guid":{"rendered":"https:\/\/www.urlaubcornwall.de\/blog\/?page_id=40294"},"modified":"2020-06-15T11:23:33","modified_gmt":"2020-06-15T11:23:33","slug":"die-groesste-insel-der-scilly-inseln","status":"publish","type":"page","link":"https:\/\/www.urlaubcornwall.de\/blog\/die-groesste-insel-der-scilly-inseln\/","title":{"rendered":"Die gr\u00f6\u00dfte Insel der Scilly-Inseln"},"content":{"rendered":"<p><img loading=\"lazy\" class=\"aligncenter size-full wp-image-34160\" src=\"https:\/\/www.urlaubcornwall.de\/blog\/wp-content\/uploads\/2018\/08\/Das-kulturelle-Erbe-der-Scilly-Inseln.jpg\" alt=\"Die gr\u00f6\u00dfte Insel der Scilly-Inseln st mary's\" width=\"750\" height=\"404\"\/><\/p>\n<p><a href=\"https:\/\/www.urlaubcornwall.de\/blog\/scilly-inseln-st-marys\/\">St Mary\u2019s<\/a> ist die gr\u00f6\u00dfte der Scilly-Inseln. Auf dieser Insel liegt auch Hugh Town, der gr\u00f6\u00dfte Ort der Inseln. Hier laufen die Schiffe aus seinem Hafen ein und aus und hier befinden sich auch die meisten L\u00e4den, Pubs und Restaurants.<\/p>\n<p>Es ist m\u00f6glich, die gesamte Insel St Mary\u2019s in einen Tag zu umlaufen. Es ist eine Strecke von 8 km und die Umrundung dauert etwa 4 Stunden. Wenn Sie nicht die ganze Strecke laufen m\u00f6chten, bietet der Bus eine angenehme Alternative: Steigen Sie in den Bus und fahren Sie bis zum n\u00f6rdlichen Ende der Insel. Von dort aus k\u00f6nnen Sie dann Richtung Hugh Town, vorbei an Porth Hellick und Old Town, zur\u00fccklaufen.<\/p>\n<h2 style=\"text-align: center;\">Unser Scilly Isles Rundreisenservice<\/h2>\n<p style=\"text-align: center;\"><a class=\"tidycta\" href=\"http:\/\/www.urlaubcornwall.de\/anfrage.php?tourcode=Urlaub Scilly-Inseln\">Urlaub Scilly-Inseln Anfrage<\/a><\/p>\n<p style=\"text-align: center;\">UrlaubCornwall, mit Firmensitz in Cornwall und selbst h\u00e4ufig Besucher der <a href=\"http:\/\/www.urlaubcornwall.de\/Scilly-Inseln.php\">Scilly Inseln<\/a>, hat eine einzigartige Sammlung handverlesener, pers\u00f6nlich inspizierter Hotels und B&amp;Bs in dieser atemberaubenden Inselwelt zusammengestellt.<\/p>\n<p style=\"text-align: center;\">Wir bieten den <strong>EINZIGEN<\/strong> Deutsch sprechenden <a href=\"http:\/\/www.urlaubcornwall.de\/anfrage.php?tourcode=Scilly Inseln\">Reiseservice<\/a> f\u00fcr die Inseln und k\u00f6nnen einen Urlaub f\u00fcr Sie kreieren, einschlie\u00dflich Unterkunft, Fl\u00fcgen, Transfers und Autovermietung. Genie\u00dfen Sie einen Urlaub hier oder binden Sie die Inseln als Teil einer Rundreise durch Cornwall mit ein.<\/p>\n","protected":false},"excerpt":{"rendered":"<p>St Mary\u2019s ist die gr\u00f6\u00dfte der Scilly-Inseln. Auf dieser Insel liegt auch Hugh Town, der gr\u00f6\u00dfte Ort der Inseln. Hier laufen die Schiffe aus seinem Hafen ein und aus und hier befinden sich auch die meisten L\u00e4den, Pubs und Restaurants. Es ist m\u00f6glich, die gesamte Insel St Mary\u2019s in einen Tag zu umlaufen. Es ist [&hellip;]<\/p>\n","protected":false},"author":1,"featured_media":0,"parent":0,"menu_order":0,"comment_status":"closed","ping_status":"closed","template":"single-four.php","meta":[],"acf":[],"yoast_head":"<!-- This site is optimized with the Yoast SEO plugin v19.4 - https:\/\/yoast.com\/wordpress\/plugins\/seo\/ -->\n<title>Die gr\u00f6\u00dfte Insel der Scilly-Inseln - Urlaub &amp; Reisen<\/title>\n<meta name=\"robots\" content=\"index, follow, max-snippet:-1, max-image-preview:large, max-video-preview:-1\" \/>\n<link rel=\"canonical\" href=\"https:\/\/www.urlaubcornwall.de\/blog\/die-groesste-insel-der-scilly-inseln\/\" \/>\n<meta property=\"og:locale\" content=\"en_US\" \/>\n<meta property=\"og:type\" content=\"article\" \/>\n<meta property=\"og:title\" content=\"Die gr\u00f6\u00dfte Insel der Scilly-Inseln - Urlaub &amp; Reisen\" \/>\n<meta property=\"og:description\" content=\"St Mary\u2019s ist die gr\u00f6\u00dfte der Scilly-Inseln. Auf dieser Insel liegt auch Hugh Town, der gr\u00f6\u00dfte Ort der Inseln. Hier laufen die Schiffe aus seinem Hafen ein und aus und hier befinden sich auch die meisten L\u00e4den, Pubs und Restaurants. Es ist m\u00f6glich, die gesamte Insel St Mary\u2019s in einen Tag zu umlaufen. Es ist [&hellip;]\" \/>\n<meta property=\"og:url\" content=\"https:\/\/www.urlaubcornwall.de\/blog\/die-groesste-insel-der-scilly-inseln\/\" \/>\n<meta property=\"og:site_name\" content=\"Urlaub &amp; Reisen\" \/>\n<meta property=\"og:image\" content=\"https:\/\/www.urlaubcornwall.de\/blog\/wp-content\/uploads\/2018\/08\/Das-kulturelle-Erbe-der-Scilly-Inseln.jpg\" \/>\n<meta name=\"twitter:card\" content=\"summary\" \/>\n<meta name=\"twitter:label1\" content=\"Est. reading time\" \/>\n\t<meta name=\"twitter:data1\" content=\"1 minute\" \/>\n<script type=\"application\/ld+json\" class=\"yoast-schema-graph\">{\"@context\":\"https:\/\/schema.org\",\"@graph\":[{\"@type\":\"WebSite\",\"@id\":\"https:\/\/www.urlaubcornwall.de\/blog\/#website\",\"url\":\"https:\/\/www.urlaubcornwall.de\/blog\/\",\"name\":\"Urlaub &amp; Reisen\",\"description\":\"Urlaub, Reisen, Cornwall und S\u00fcdengland: eine perfekte Kombination\",\"potentialAction\":[{\"@type\":\"SearchAction\",\"target\":{\"@type\":\"EntryPoint\",\"urlTemplate\":\"https:\/\/www.urlaubcornwall.de\/blog\/?s={search_term_string}\"},\"query-input\":\"required name=search_term_string\"}],\"inLanguage\":\"en-US\"},{\"@type\":\"WebPage\",\"@id\":\"https:\/\/www.urlaubcornwall.de\/blog\/die-groesste-insel-der-scilly-inseln\/\",\"url\":\"https:\/\/www.urlaubcornwall.de\/blog\/die-groesste-insel-der-scilly-inseln\/\",\"name\":\"Die gr\u00f6\u00dfte Insel der Scilly-Inseln - Urlaub &amp; Reisen\",\"isPartOf\":{\"@id\":\"https:\/\/www.urlaubcornwall.de\/blog\/#website\"},\"datePublished\":\"2020-06-15T11:23:33+00:00\",\"dateModified\":\"2020-06-15T11:23:33+00:00\",\"breadcrumb\":{\"@id\":\"https:\/\/www.urlaubcornwall.de\/blog\/die-groesste-insel-der-scilly-inseln\/#breadcrumb\"},\"inLanguage\":\"en-US\",\"potentialAction\":[{\"@type\":\"ReadAction\",\"target\":[\"https:\/\/www.urlaubcornwall.de\/blog\/die-groesste-insel-der-scilly-inseln\/\"]}]},{\"@type\":\"BreadcrumbList\",\"@id\":\"https:\/\/www.urlaubcornwall.de\/blog\/die-groesste-insel-der-scilly-inseln\/#breadcrumb\",\"itemListElement\":[{\"@type\":\"ListItem\",\"position\":1,\"name\":\"Home\",\"item\":\"https:\/\/www.urlaubcornwall.de\/blog\/\"},{\"@type\":\"ListItem\",\"position\":2,\"name\":\"Die gr\u00f6\u00dfte Insel der Scilly-Inseln\"}]}]}<\/script>\n<!-- \/ Yoast SEO plugin. -->","yoast_head_json":{"title":"Die gr\u00f6\u00dfte Insel der Scilly-Inseln - Urlaub &amp; Reisen","robots":{"index":"index","follow":"follow","max-snippet":"max-snippet:-1","max-image-preview":"max-image-preview:large","max-video-preview":"max-video-preview:-1"},"canonical":"https:\/\/www.urlaubcornwall.de\/blog\/die-groesste-insel-der-scilly-inseln\/","og_locale":"en_US","og_type":"article","og_title":"Die gr\u00f6\u00dfte Insel der Scilly-Inseln - Urlaub &amp; Reisen","og_description":"St Mary\u2019s ist die gr\u00f6\u00dfte der Scilly-Inseln. Auf dieser Insel liegt auch Hugh Town, der gr\u00f6\u00dfte Ort der Inseln. Hier laufen die Schiffe aus seinem Hafen ein und aus und hier befinden sich auch die meisten L\u00e4den, Pubs und Restaurants. Es ist m\u00f6glich, die gesamte Insel St Mary\u2019s in einen Tag zu umlaufen. Es ist [&hellip;]","og_url":"https:\/\/www.urlaubcornwall.de\/blog\/die-groesste-insel-der-scilly-inseln\/","og_site_name":"Urlaub &amp; Reisen","og_image":[{"url":"https:\/\/www.urlaubcornwall.de\/blog\/wp-content\/uploads\/2018\/08\/Das-kulturelle-Erbe-der-Scilly-Inseln.jpg"}],"twitter_card":"summary","twitter_misc":{"Est. reading time":"1 minute"},"schema":{"@context":"https:\/\/schema.org","@graph":[{"@type":"WebSite","@id":"https:\/\/www.urlaubcornwall.de\/blog\/#website","url":"https:\/\/www.urlaubcornwall.de\/blog\/","name":"Urlaub &amp; Reisen","description":"Urlaub, Reisen, Cornwall und S\u00fcdengland: eine perfekte Kombination","potentialAction":[{"@type":"SearchAction","target":{"@type":"EntryPoint","urlTemplate":"https:\/\/www.urlaubcornwall.de\/blog\/?s={search_term_string}"},"query-input":"required name=search_term_string"}],"inLanguage":"en-US"},{"@type":"WebPage","@id":"https:\/\/www.urlaubcornwall.de\/blog\/die-groesste-insel-der-scilly-inseln\/","url":"https:\/\/www.urlaubcornwall.de\/blog\/die-groesste-insel-der-scilly-inseln\/","name":"Die gr\u00f6\u00dfte Insel der Scilly-Inseln - Urlaub &amp; Reisen","isPartOf":{"@id":"https:\/\/www.urlaubcornwall.de\/blog\/#website"},"datePublished":"2020-06-15T11:23:33+00:00","dateModified":"2020-06-15T11:23:33+00:00","breadcrumb":{"@id":"https:\/\/www.urlaubcornwall.de\/blog\/die-groesste-insel-der-scilly-inseln\/#breadcrumb"},"inLanguage":"en-US","potentialAction":[{"@type":"ReadAction","target":["https:\/\/www.urlaubcornwall.de\/blog\/die-groesste-insel-der-scilly-inseln\/"]}]},{"@type":"BreadcrumbList","@id":"https:\/\/www.urlaubcornwall.de\/blog\/die-groesste-insel-der-scilly-inseln\/#breadcrumb","itemListElement":[{"@type":"ListItem","position":1,"name":"Home","item":"https:\/\/www.urlaubcornwall.de\/blog\/"},{"@type":"ListItem","position":2,"name":"Die gr\u00f6\u00dfte Insel der Scilly-Inseln"}]}]}},"_links":{"self":[{"href":"https:\/\/www.urlaubcornwall.de\/blog\/wp-json\/wp\/v2\/pages\/40294"}],"collection":[{"href":"https:\/\/www.urlaubcornwall.de\/blog\/wp-json\/wp\/v2\/pages"}],"about":[{"href":"https:\/\/www.urlaubcornwall.de\/blog\/wp-json\/wp\/v2\/types\/page"}],"author":[{"embeddable":true,"href":"https:\/\/www.urlaubcornwall.de\/blog\/wp-json\/wp\/v2\/users\/1"}],"replies":[{"embeddable":true,"href":"https:\/\/www.urlaubcornwall.de\/blog\/wp-json\/wp\/v2\/comments?post=40294"}],"version-history":[{"count":1,"href":"https:\/\/www.urlaubcornwall.de\/blog\/wp-json\/wp\/v2\/pages\/40294\/revisions"}],"predecessor-version":[{"id":40297,"href":"https:\/\/www.urlaubcornwall.de\/blog\/wp-json\/wp\/v2\/pages\/40294\/revisions\/40297"}],"wp:attachment":[{"href":"https:\/\/www.urlaubcornwall.de\/blog\/wp-json\/wp\/v2\/media?parent=40294"}],"curies":[{"name":"wp","href":"https:\/\/api.w.org\/{rel}","templated":true}]}}