{"id":40205,"date":"2020-06-05T09:41:05","date_gmt":"2020-06-05T09:41:05","guid":{"rendered":"https:\/\/www.urlaubcornwall.de\/blog\/?page_id=40205"},"modified":"2026-01-07T10:09:09","modified_gmt":"2026-01-07T10:09:09","slug":"hoehepunkte-und-orte-die-gruppen-an-der-nordkueste-cornwalls-gesehen-haben-muessen","status":"publish","type":"page","link":"https:\/\/www.urlaubcornwall.de\/blog\/hoehepunkte-und-orte-die-gruppen-an-der-nordkueste-cornwalls-gesehen-haben-muessen\/","title":{"rendered":"H\u00f6hepunkte und Orte an der Nordk\u00fcste Cornwalls gesehen haben m\u00fcssen"},"content":{"rendered":"<p><img loading=\"lazy\" class=\"aligncenter size-full wp-image-38645\" src=\"https:\/\/www.urlaubcornwall.de\/blog\/wp-content\/uploads\/2019\/08\/bridge_tintagel_.jpg\" alt=\"Tintagel Br\u00fccke\" width=\"750\" height=\"405\"\/><br \/>\nImage Credit English Heritage<\/p>\n<p><a href=\"https:\/\/www.urlaubcornwall.de\/ferienhaeuser-fewos\/boscastle.html\">Boscastle<\/a>, <a href=\"https:\/\/www.urlaubcornwall.de\/ferienhaeuser-fewos\/tintagel.html\">Tintagel<\/a> und <a href=\"https:\/\/www.urlaubcornwall.de\/ferienhaeuser-fewos\/port-isaac.html\">Port Isaac<\/a> \u2013 Legenden von K\u00f6nig Artus bereichern die naturgeschaffene Magie einer spektakul\u00e4ren, wilden, von Wellen gepeitschten K\u00fcste. Inmitten der dramatischsten Spektakel befindet sich Cornwalls h\u00f6chste Klippte, treffend \u201aHigh Cliff\u2018 genannt. Es gibt viele <a href=\"https:\/\/www.urlaubcornwall.de\/blog\/schoensten-straende-in-cornwall\/\">Sandstr\u00e4nde<\/a>, doch die meisten beinhalten Wanderungen \u00fcber Felder oder durch tiefe, bewaldete T\u00e4ler entlang eines Baches. Der kleine Hafen bei Boscastle und das alte Fischerdorf Port Isaac sind zwei von wenigen Orten, wo Geb\u00e4ude bis zum Meer hinunterreichen.<\/p>\n<p><strong>Die allersch\u00f6nsten Orte, die es in <a href=\"https:\/\/www.urlaubcornwall.de\/ferienhaeuser-fewos\/nordkueste-cornwall.html\">Nordcornwall<\/a> zu besuchen gilt<\/strong><br \/>\n<img loading=\"lazy\" class=\"aligncenter size-full wp-image-40206\" src=\"https:\/\/www.urlaubcornwall.de\/blog\/wp-content\/uploads\/2020\/06\/port_isaac_urlaub.jpg\" alt=\"\" width=\"750\" height=\"502\" srcset=\"https:\/\/www.urlaubcornwall.de\/blog\/wp-content\/uploads\/2020\/06\/port_isaac_urlaub.jpg 750w, https:\/\/www.urlaubcornwall.de\/blog\/wp-content\/uploads\/2020\/06\/port_isaac_urlaub-300x201.jpg 300w\" sizes=\"(max-width: 750px) 100vw, 750px\" \/><\/p>\n<p><strong>Port Isaac<\/strong> \u2013 der kleine Hafen mit seinen Booten, Netzen und Hummerk\u00f6rben f\u00fcgt sich am Fu\u00dfe steiler H\u00fcgel ein, die von <a href=\"https:\/\/www.urlaubcornwall.de\/ferienhaeuser\/cornwall.php\">gewei\u00dfelten Cottages<\/a> eingerahmt werden. Die Stra\u00dfen sind gelegentlich so eng, dass lediglich gen\u00fcgend Platz vorhanden ist f\u00fcr ein einziges Auto, um zwischen den Geb\u00e4uden zu fahren. Eine Passage hei\u00dft sogar Squeezibelly Alley (Bauch einzuziehende Allee).<\/p>\n<p>Es ist weltweit ber\u00fchmt geworden als Drehort der Fernsehserie Doc Martin; somit bekannt als Portwenn. Es wurde zum Anziehungspunkt f\u00fcr Besucher zahlreicher L\u00e4nder, einschlie\u00dflich der Vereinigten Staaten.<\/p>\n<p>Bei Ebbe befindet sich ein Parkplatz auf einem Abschnitt feiner Kiesel am Kopfe des Hafens, und Sandbereiche sind dann freigelegt. Der Hafen liegt zum Westen hin windgesch\u00fctzt von Lobber Point, von wo aus ein <a href=\"https:\/\/www.urlaubcornwall.de\/wanderurlaub\/cornwall.php\">Klippenpfad<\/a> nach Pine Haven, einer abgeschiedenen Fels- und Kieselbucht, f\u00fchrt.<\/p>\n<p><img loading=\"lazy\" class=\"aligncenter size-full wp-image-40209\" src=\"https:\/\/www.urlaubcornwall.de\/blog\/wp-content\/uploads\/2020\/06\/port-gaverne.jpg\" alt=\"port gaverne nord cornwall\" width=\"749\" height=\"457\" srcset=\"https:\/\/www.urlaubcornwall.de\/blog\/wp-content\/uploads\/2020\/06\/port-gaverne.jpg 747w, https:\/\/www.urlaubcornwall.de\/blog\/wp-content\/uploads\/2020\/06\/port-gaverne-300x184.jpg 300w\" sizes=\"(max-width: 749px) 100vw, 749px\" \/><\/p>\n<p><strong>Port Gaverne<\/strong> \u2013 Im 19. Jahrhundert, einer Zeit riesiger Sardinen schw\u00e4rme, war <a href=\"https:\/\/www.urlaubcornwall.de\/ferienhaeuser-fewos\/port-gaverne.html\">Port Gaverne<\/a> ein Naturparadies f\u00fcr Fischer. Die aus Stein gebauten Keller, wo sie ihre Netze aufbewahrten und von wo aus sie sich zum Fang aufmachten, befinden sich noch immer hinter dem Kieselstrand an der Spitze einer schmalen, von Klippen umgebenen Bucht, von der aus zu viktorianischen Zeiten auch Schiefer verschifft wurde. Die Stra\u00dfe \u00fcber das Hochland nach Port Isaac f\u00fchrt vorbei an einem Parkpatz mit herrlichem Blick nordostw\u00e4rts nach Tintagel.<\/p>\n<p><strong>Tregardock Beach<\/strong> \u2013 Pfade f\u00fchren \u00fcber die Felder von Tregardock und das winzige Dorf Treligga bis hin zu einem abgeschiedenen Strand, der mittels Zickzackstufen erreicht wird. Die zur\u00fcckweichende Flut offenbart eine Ausdehnung an Sand mit verstreuten Felsen. Der Klippenpfad Richtung Port Gaverne f\u00fchrt vorbei an Barratt\u2019s Zawn, einem eingest\u00fcrzten Tunnel, durch den Schiefer gezogen wurde.<\/p>\n<p><strong>Trebarwith Strand<\/strong> \u2013 Der Strand mit Klippen im Hintergrund, der sich n\u00f6rdlich dahinzieht und beliebt ist Richtung Penhallic Point, macht <a href=\"https:\/\/www.urlaubcornwall.de\/ferienhaeuser-fewos\/trebarwith.html\">Trebarwith zu einem beliebten Ort f\u00fcr Surfer<\/a>; doch bei Flut verschwindet der Sand. Die br\u00f6ckelnden Klippen dienten einst zum Schieferabbau. Der Schiefer wurde mittels Ankerwinden hinuntergelassen zu Segelbooten, die mit steigender Flut ans Ufer kamen. Kohle, die per Boot von S\u00fcdwales gebracht wurde, wurde ins Meer geworfen, um dann bei Ebbe in W\u00e4gen verfrachtet zu werden. Die Stra\u00dfe zum Strand hinunter wurde im fr\u00fchen 19. Jahrhundert erbaut, so dass W\u00e4gen Muschelsand als D\u00fcnger zu den Bauernh\u00f6fen im Binnenland bringen konnten.<\/p>\n<p>Der Meeresblick wird dominiert von Gull Rock, der aussieht wie eine kleinere Version von Ailsa Craig im Firth of Clyde.<\/p>\n<p><strong>Tintagel<\/strong> \u2013 ausgebreitet \u00fcber Klippen hinweg, zur\u00fcckgesetzt vom Meer und mehr als 300 ft (90m) dar\u00fcber gelegen, ist Tintagel seit dem 19. Jahrhundert einer von Cornwalls st\u00e4rksten Magneten, als Tennysons \u201aThe Idylls of the Kings\u2018 die legend\u00e4ren Verbindungen des Dorfes mit K\u00f6nig Artus und den Rittern der Tafelrunde publizierte\u2026. <a href=\"https:\/\/www.urlaubcornwall.de\/blog\/legenden-und-geschichte-cornwalls\/\">[ Lesen Sie dazu mehr ]<\/a><\/p>\n<p><strong>Bossiney Haven<\/strong> \u2013 einen 10min\u00fctigen Spaziergang von Bossiney \u00fcber Felder und Stufen hinunter, die in die Klippe eingelassen wurden, f\u00fchrt zu einem beliebten Surfstrand, dessen Sand bei Flut vom Wasser bedeck ist.<\/p>\n<p>Der Strand, vor Ort bekannt als Bossiney Cove, wird von einem kleinen Bach durchquert, der eine hohe Mauer vertikal verlaufenden Gesteins, bedeckt mit gl\u00e4nzendem, dunklem Moos, hinunterl\u00e4uft. Lye Rock, am westlichen Hochland der Bucht, ist Brutkolonie f\u00fcr Papageientaucher, Eissturmv\u00f6gel, Kormorane, Tordalken und weitere V\u00f6gel, die in den Klippen br\u00fcten.<\/p>\n<p>Bossiney Castle, ein grasbewachsener H\u00fcgel nord\u00f6stlich des Dorfes, soll die Grabesst\u00e4tte von K\u00f6nig Artus Tafelrunde sein. Der Legende zufolge erhebt sich der runde Tisch am Mittsommerabend aus dem Boden.<\/p>\n<div class=\"snippet\"> <a class=\"featured-item\" href=\"https:\/\/www.urlaubcornwall.de\/ferienhaeuser\/cornwall.php\"> <span class=\"image-holder\" style=\"background-image: url('https:\/\/www.urlaubcornwall.de\/blog\/wp-content\/uploads\/2018\/12\/ferienhaus-cornwall-mit-hund.jpg');\"><\/span> <span class=\"featured-content\"> \n<h2 class=\"featured-title\">Ferienh\u00e4user in Cornwall<\/h2>\n<p class=\"featured-body\">Cornwall besitzt mehr K\u00fcstenlinien als jede andere Grafschaft und bietet einige der besten Str\u00e4nde, K\u00fcstenwanderwege und Klippenlandschaften, die man \u00fcberhaupt finden kann&#8230; <\/p><\/span> <span class=\"featured-link-holder\"> <span class=\"featured-extra-info\"> \n<p>F\u00fcr Paare, Familien &#038; Gruppen<\/p>\n<\/span> \n<p class=\"featured-link\">DETAILS<\/p>\n<\/span> <\/a><\/div>\n<p><strong>Rocky Valley<\/strong> \u2013 Wenn Sie bei einem kleinen Parkplatz an der B3263 aus starten, f\u00fchrt ein Fu\u00dfweg zum Meer, ein tiefes, bewaldetes Tal hinunter, das sich versenkt befindet zwischen mit Efeu verschlungenen Felsen. Der Pfad f\u00fchrt an einem Felsen vorbei, der von den Ruinen einer M\u00fchle gesch\u00fctzt wird und mit komplizierten Schnitzereien versehen ist, die aus dem Bronzezeitalter stammen sollen. Der 10min\u00fctige Spaziergang endet, wo der Talbach sch\u00e4umend Richtung Meer durch eine Miniaturschlucht st\u00fcrzt, die tief in glatte Felsen geschnitten ist.<\/p>\n<p><img loading=\"lazy\" class=\"aligncenter size-full wp-image-23446\" src=\"https:\/\/www.urlaubcornwall.de\/blog\/wp-content\/uploads\/2016\/04\/ferienhaus-boscastle.jpg\" alt=\"boscastle\" width=\"744\" height=\"498\" srcset=\"https:\/\/www.urlaubcornwall.de\/blog\/wp-content\/uploads\/2016\/04\/ferienhaus-boscastle.jpg 744w, https:\/\/www.urlaubcornwall.de\/blog\/wp-content\/uploads\/2016\/04\/ferienhaus-boscastle-300x201.jpg 300w\" sizes=\"(max-width: 744px) 100vw, 744px\" \/><\/p>\n<p><strong>Boscastle<\/strong> \u2013 sein tiefer, enger, fjord\u00e4hnlicher Hafen schl\u00e4ngelt sich Inlandes hin zu einer malerischen Ansammlung von restaurierten und vom National Trust erhaltenen Geb\u00e4uden. Obwohl er schwer zug\u00e4nglich ist, es sei denn, das Meer ist glatt wie ein M\u00fchlenteich, ist der Hafen doch einer der sehr wenigen Zufluchtsorte entlang einer langen K\u00fcstenstrecke, die bei schlechtem Wetter gewaltig feindselig sein kann. Ihr Ruf zu Zeiten des Segelns wird von einem Einheimischen in Erinnerung gerufen, der sagt: \u2018 Von Padstow Bar bis hin zu Lundy Light, befindet sich bei Tag und bei Nacht das Grab eines Seemanns\u2019.<\/p>\n<p>Der innere Steg umfasst bei Ebbe einen kleinen Sandbereich und wurde im Jahre 1584 von Sir Richard Grenville wiedererbaut, dem elisabethanischen Helden und Kapit\u00e4n der Revenge, der, die Spanier bek\u00e4mpfend, starb. Der \u00e4u\u00dfere Wellenbrecher stammt aus dem fr\u00fchen 19. Jahrhundert, als Schiefer von Boscastle aus verschifft wurde, wurde jedoch im Jahre 1941 von einer treibenden Seemine zerschmettert. Maurer des National Trust restaurierten ihn 21 Jahre sp\u00e4ter.<\/p>\n<p>Eines der alten Hafengeb\u00e4ude beherbergt das Museum der Hexerei und Magie. Unter den Ausstellungsst\u00fccken befinden sich auch die angeblichen \u00dcberbleibsel von Ursula Hemp, einer Hexe, die im Jahre 1589 hingerichtet wurde.<\/p>\n<p>Die Stra\u00dfe zum <a href=\"https:\/\/www.urlaubcornwall.de\/ferienhaeuser-fewos\/boscastle.html\">Dorf Boscastle<\/a>, das auf einem H\u00fcgel \u00fcber dem Hafen liegt, f\u00fchrt am Rande von Forrabury Common entlang, wo ein keltisches Landbesitzsystem unter dem Namen \u2018stitchmeal\u2019 mehr als 1000 Jahre \u00fcberlebt hat. Einzelpersonen bauen auf ihren Fl\u00e4chen (\u2018stitches\u2019) \u2013 langen, rechteckigen Grundst\u00fccken \u2013 w\u00e4hrend der Sommermonate Getreide an; doch im Winter wird das Land zur gemeinsamen Beweidung genutzt.<\/p>\n<p><strong>Pentargon<\/strong> \u2013 Diese kleine Felsenbucht, umgeben von dunklen Klippen ist bemerkenswert aufgrund eines Baches, der ein Gef\u00e4lle von 40m ins Meer hinabst\u00fcrzt. Die Bucht kann von der B3263 aus entlang eines Fu\u00dfpfades erreicht werden.<\/p>\n<p><img loading=\"lazy\" class=\"aligncenter size-full wp-image-23964\" src=\"https:\/\/www.urlaubcornwall.de\/blog\/wp-content\/uploads\/2016\/05\/strangles-cornwall.jpg\" alt=\"strangles-cornwall\" width=\"744\" height=\"451\"\/><\/p>\n<p><strong>Strangles<\/strong> \u2013 direkt s\u00fcdlich von Trevigue aus, einem isolierten Bauernhaus hoch \u00fcber dem Meer, \u00fcberquert ein Fu\u00dfweg die mit Ginster bewachsenen Klippen, bevor er tief hinunterf\u00fchrt zu Strangles. Wie sein unheimlicher Name andeutet, forderte der Strand zu Zeiten der Segelfahrt viele sturmgepeitschte Opfer. Mehr als 20 Schiffe erlitten in den 1820ern w\u00e4hrend eines einzigen Jahres Schiffbruch. Bei Ebbe kommen breite Ausdehnungen an Sand zwischen den Felsen zum Vorschein, doch schnelle Str\u00f6mungen und ein starker Unterwassersog machen den Strand f\u00fcr Schwimmende gef\u00e4hrlich.<\/p>\n<p>Der Klippenpfad verl\u00e4uft s\u00fcdlich, High Cliff hinauf; ein herrlicher Aussichtspunkt im Besitz des <a href=\"https:\/\/www.urlaubcornwall.de\/blog\/national-trust-historische-haeuser-cornwall-devon\/\">National Trust<\/a>, von dem aus an einem klaren Tag die mehr als 30 Meilen entfernte Lundy Island gesichtet werden kann. Mit ihren 220m \u00fcber dem Meer gelegen, ist es die h\u00f6chste Klippe in Cornwall und eine der h\u00f6chsten \u00fcberhaupt an Englands K\u00fcste. Die Klippen inspirierten zu einer Szene in Thomas Hardys Geschichte \u201aA Pair of Blue Eyes\u2018. Hardy, damals ein junger Architekt, besuchte Cornwall im Jahre 1870, um an der Restauration der St Juliots Kirche bei Boscastle zu arbeiten. Hier hat er seine k\u00fcnftige Frau, Emma Gifford, getroffen.<\/p>\n<h2 style=\"text-align: center;\">Unser Rundreisenservice<\/h2>\n<p style=\"text-align: center;\"><a href=\"http:\/\/urlaubcornwall.de\/\">UrlaubCornwall.de<\/a> hat seinen Firmensitz in Cornwall in S\u00fcdwestengland und bietet Kunden im Deutsch sprechenden Europa Hilfe im Erstellen der perfekten Urlaubserfahrung hier.<\/p>\n<p style=\"text-align: center;\">Wir haben <a href=\"http:\/\/www.urlaubcornwall.de\/rundreisenservice.php\">ein Team Deutsch sprechender Experten<\/a>, so dass wir eine individuelle Rundreise durch Cornwall, S\u00fcdengland und nun auch durch den Rest Gro\u00dfbritanniens und Irlands anbieten k\u00f6nnen.<\/p>\n","protected":false},"excerpt":{"rendered":"<p>Image Credit English Heritage Boscastle, Tintagel und Port Isaac \u2013 Legenden von K\u00f6nig Artus bereichern die naturgeschaffene Magie einer spektakul\u00e4ren, wilden, von Wellen gepeitschten K\u00fcste. Inmitten der dramatischsten Spektakel befindet sich Cornwalls h\u00f6chste Klippte, treffend \u201aHigh Cliff\u2018 genannt. Es gibt viele Sandstr\u00e4nde, doch die meisten beinhalten Wanderungen \u00fcber Felder oder durch tiefe, bewaldete T\u00e4ler entlang [&hellip;]<\/p>\n","protected":false},"author":1,"featured_media":0,"parent":0,"menu_order":0,"comment_status":"closed","ping_status":"closed","template":"single-four.php","meta":[],"acf":[],"yoast_head":"<!-- This site is optimized with the Yoast SEO plugin v19.4 - https:\/\/yoast.com\/wordpress\/plugins\/seo\/ -->\n<title>H\u00f6hepunkte und Orte an der Nordk\u00fcste Cornwalls gesehen haben m\u00fcssen - Urlaub &amp; Reisen<\/title>\n<meta name=\"description\" content=\"Boscastle, Tintagel und Port Isaac \u2013 Legenden von K\u00f6nig Artus bereichern die naturgeschaffene Magie einer spektakul\u00e4ren\" \/>\n<meta name=\"robots\" content=\"index, follow, max-snippet:-1, max-image-preview:large, max-video-preview:-1\" \/>\n<link rel=\"canonical\" href=\"https:\/\/www.urlaubcornwall.de\/blog\/hoehepunkte-und-orte-die-gruppen-an-der-nordkueste-cornwalls-gesehen-haben-muessen\/\" \/>\n<meta property=\"og:locale\" content=\"en_US\" \/>\n<meta property=\"og:type\" content=\"article\" \/>\n<meta property=\"og:title\" content=\"H\u00f6hepunkte und Orte an der Nordk\u00fcste Cornwalls gesehen haben m\u00fcssen - Urlaub &amp; Reisen\" \/>\n<meta property=\"og:description\" content=\"Boscastle, Tintagel und Port Isaac \u2013 Legenden von K\u00f6nig Artus bereichern die naturgeschaffene Magie einer spektakul\u00e4ren\" \/>\n<meta property=\"og:url\" content=\"https:\/\/www.urlaubcornwall.de\/blog\/hoehepunkte-und-orte-die-gruppen-an-der-nordkueste-cornwalls-gesehen-haben-muessen\/\" \/>\n<meta property=\"og:site_name\" content=\"Urlaub &amp; Reisen\" \/>\n<meta property=\"article:modified_time\" content=\"2026-01-07T10:09:09+00:00\" \/>\n<meta property=\"og:image\" content=\"https:\/\/www.urlaubcornwall.de\/blog\/wp-content\/uploads\/2019\/08\/bridge_tintagel_.jpg\" \/>\n<meta name=\"twitter:card\" content=\"summary\" \/>\n<meta name=\"twitter:label1\" content=\"Est. reading time\" \/>\n\t<meta name=\"twitter:data1\" content=\"7 minutes\" \/>\n<script type=\"application\/ld+json\" class=\"yoast-schema-graph\">{\"@context\":\"https:\/\/schema.org\",\"@graph\":[{\"@type\":\"WebSite\",\"@id\":\"https:\/\/www.urlaubcornwall.de\/blog\/#website\",\"url\":\"https:\/\/www.urlaubcornwall.de\/blog\/\",\"name\":\"Urlaub &amp; Reisen\",\"description\":\"Urlaub, Reisen, Cornwall und S\u00fcdengland: eine perfekte Kombination\",\"potentialAction\":[{\"@type\":\"SearchAction\",\"target\":{\"@type\":\"EntryPoint\",\"urlTemplate\":\"https:\/\/www.urlaubcornwall.de\/blog\/?s={search_term_string}\"},\"query-input\":\"required name=search_term_string\"}],\"inLanguage\":\"en-US\"},{\"@type\":\"WebPage\",\"@id\":\"https:\/\/www.urlaubcornwall.de\/blog\/hoehepunkte-und-orte-die-gruppen-an-der-nordkueste-cornwalls-gesehen-haben-muessen\/\",\"url\":\"https:\/\/www.urlaubcornwall.de\/blog\/hoehepunkte-und-orte-die-gruppen-an-der-nordkueste-cornwalls-gesehen-haben-muessen\/\",\"name\":\"H\u00f6hepunkte und Orte an der Nordk\u00fcste Cornwalls gesehen haben m\u00fcssen - Urlaub &amp; Reisen\",\"isPartOf\":{\"@id\":\"https:\/\/www.urlaubcornwall.de\/blog\/#website\"},\"datePublished\":\"2020-06-05T09:41:05+00:00\",\"dateModified\":\"2026-01-07T10:09:09+00:00\",\"description\":\"Boscastle, Tintagel und Port Isaac \u2013 Legenden von K\u00f6nig Artus bereichern die naturgeschaffene Magie einer spektakul\u00e4ren\",\"breadcrumb\":{\"@id\":\"https:\/\/www.urlaubcornwall.de\/blog\/hoehepunkte-und-orte-die-gruppen-an-der-nordkueste-cornwalls-gesehen-haben-muessen\/#breadcrumb\"},\"inLanguage\":\"en-US\",\"potentialAction\":[{\"@type\":\"ReadAction\",\"target\":[\"https:\/\/www.urlaubcornwall.de\/blog\/hoehepunkte-und-orte-die-gruppen-an-der-nordkueste-cornwalls-gesehen-haben-muessen\/\"]}]},{\"@type\":\"BreadcrumbList\",\"@id\":\"https:\/\/www.urlaubcornwall.de\/blog\/hoehepunkte-und-orte-die-gruppen-an-der-nordkueste-cornwalls-gesehen-haben-muessen\/#breadcrumb\",\"itemListElement\":[{\"@type\":\"ListItem\",\"position\":1,\"name\":\"Home\",\"item\":\"https:\/\/www.urlaubcornwall.de\/blog\/\"},{\"@type\":\"ListItem\",\"position\":2,\"name\":\"H\u00f6hepunkte und Orte an der Nordk\u00fcste Cornwalls gesehen haben m\u00fcssen\"}]}]}<\/script>\n<!-- \/ Yoast SEO plugin. -->","yoast_head_json":{"title":"H\u00f6hepunkte und Orte an der Nordk\u00fcste Cornwalls gesehen haben m\u00fcssen - Urlaub &amp; Reisen","description":"Boscastle, Tintagel und Port Isaac \u2013 Legenden von K\u00f6nig Artus bereichern die naturgeschaffene Magie einer spektakul\u00e4ren","robots":{"index":"index","follow":"follow","max-snippet":"max-snippet:-1","max-image-preview":"max-image-preview:large","max-video-preview":"max-video-preview:-1"},"canonical":"https:\/\/www.urlaubcornwall.de\/blog\/hoehepunkte-und-orte-die-gruppen-an-der-nordkueste-cornwalls-gesehen-haben-muessen\/","og_locale":"en_US","og_type":"article","og_title":"H\u00f6hepunkte und Orte an der Nordk\u00fcste Cornwalls gesehen haben m\u00fcssen - Urlaub &amp; Reisen","og_description":"Boscastle, Tintagel und Port Isaac \u2013 Legenden von K\u00f6nig Artus bereichern die naturgeschaffene Magie einer spektakul\u00e4ren","og_url":"https:\/\/www.urlaubcornwall.de\/blog\/hoehepunkte-und-orte-die-gruppen-an-der-nordkueste-cornwalls-gesehen-haben-muessen\/","og_site_name":"Urlaub &amp; Reisen","article_modified_time":"2026-01-07T10:09:09+00:00","og_image":[{"url":"https:\/\/www.urlaubcornwall.de\/blog\/wp-content\/uploads\/2019\/08\/bridge_tintagel_.jpg"}],"twitter_card":"summary","twitter_misc":{"Est. reading time":"7 minutes"},"schema":{"@context":"https:\/\/schema.org","@graph":[{"@type":"WebSite","@id":"https:\/\/www.urlaubcornwall.de\/blog\/#website","url":"https:\/\/www.urlaubcornwall.de\/blog\/","name":"Urlaub &amp; Reisen","description":"Urlaub, Reisen, Cornwall und S\u00fcdengland: eine perfekte Kombination","potentialAction":[{"@type":"SearchAction","target":{"@type":"EntryPoint","urlTemplate":"https:\/\/www.urlaubcornwall.de\/blog\/?s={search_term_string}"},"query-input":"required name=search_term_string"}],"inLanguage":"en-US"},{"@type":"WebPage","@id":"https:\/\/www.urlaubcornwall.de\/blog\/hoehepunkte-und-orte-die-gruppen-an-der-nordkueste-cornwalls-gesehen-haben-muessen\/","url":"https:\/\/www.urlaubcornwall.de\/blog\/hoehepunkte-und-orte-die-gruppen-an-der-nordkueste-cornwalls-gesehen-haben-muessen\/","name":"H\u00f6hepunkte und Orte an der Nordk\u00fcste Cornwalls gesehen haben m\u00fcssen - Urlaub &amp; Reisen","isPartOf":{"@id":"https:\/\/www.urlaubcornwall.de\/blog\/#website"},"datePublished":"2020-06-05T09:41:05+00:00","dateModified":"2026-01-07T10:09:09+00:00","description":"Boscastle, Tintagel und Port Isaac \u2013 Legenden von K\u00f6nig Artus bereichern die naturgeschaffene Magie einer spektakul\u00e4ren","breadcrumb":{"@id":"https:\/\/www.urlaubcornwall.de\/blog\/hoehepunkte-und-orte-die-gruppen-an-der-nordkueste-cornwalls-gesehen-haben-muessen\/#breadcrumb"},"inLanguage":"en-US","potentialAction":[{"@type":"ReadAction","target":["https:\/\/www.urlaubcornwall.de\/blog\/hoehepunkte-und-orte-die-gruppen-an-der-nordkueste-cornwalls-gesehen-haben-muessen\/"]}]},{"@type":"BreadcrumbList","@id":"https:\/\/www.urlaubcornwall.de\/blog\/hoehepunkte-und-orte-die-gruppen-an-der-nordkueste-cornwalls-gesehen-haben-muessen\/#breadcrumb","itemListElement":[{"@type":"ListItem","position":1,"name":"Home","item":"https:\/\/www.urlaubcornwall.de\/blog\/"},{"@type":"ListItem","position":2,"name":"H\u00f6hepunkte und Orte an der Nordk\u00fcste Cornwalls gesehen haben m\u00fcssen"}]}]}},"_links":{"self":[{"href":"https:\/\/www.urlaubcornwall.de\/blog\/wp-json\/wp\/v2\/pages\/40205"}],"collection":[{"href":"https:\/\/www.urlaubcornwall.de\/blog\/wp-json\/wp\/v2\/pages"}],"about":[{"href":"https:\/\/www.urlaubcornwall.de\/blog\/wp-json\/wp\/v2\/types\/page"}],"author":[{"embeddable":true,"href":"https:\/\/www.urlaubcornwall.de\/blog\/wp-json\/wp\/v2\/users\/1"}],"replies":[{"embeddable":true,"href":"https:\/\/www.urlaubcornwall.de\/blog\/wp-json\/wp\/v2\/comments?post=40205"}],"version-history":[{"count":13,"href":"https:\/\/www.urlaubcornwall.de\/blog\/wp-json\/wp\/v2\/pages\/40205\/revisions"}],"predecessor-version":[{"id":52004,"href":"https:\/\/www.urlaubcornwall.de\/blog\/wp-json\/wp\/v2\/pages\/40205\/revisions\/52004"}],"wp:attachment":[{"href":"https:\/\/www.urlaubcornwall.de\/blog\/wp-json\/wp\/v2\/media?parent=40205"}],"curies":[{"name":"wp","href":"https:\/\/api.w.org\/{rel}","templated":true}]}}