{"id":40144,"date":"2020-05-19T11:24:45","date_gmt":"2020-05-19T11:24:45","guid":{"rendered":"https:\/\/www.urlaubcornwall.de\/blog\/?page_id=40144"},"modified":"2024-04-15T15:43:27","modified_gmt":"2024-04-15T15:43:27","slug":"die-schoensten-aussichtspunkte-in-padstow-urlaubcornwall-de-insidertipps","status":"publish","type":"page","link":"https:\/\/www.urlaubcornwall.de\/blog\/die-schoensten-aussichtspunkte-in-padstow-urlaubcornwall-de-insidertipps\/","title":{"rendered":"Die sch\u00f6nsten Aussichtspunkte in Padstow \u2013 UrlaubCornwall.de Insidertipps"},"content":{"rendered":"<p><a href=\"https:\/\/www.urlaubcornwall.de\/blog\/padstow-geschichte-sehenswuerdigkeiten-und-unterkunft\/\">Padstow<\/a> ist ein Fischer- und Badeort, der im Schutze des Camel-\u00c4stuars liegt. Der Ort ist bekannt f\u00fcr seine ber\u00fchmten Restaurants und sehr guten Fisch- und Meeresfr\u00fcchte, zudem ist dort die nationale Hummeraufzucht beheimatet. Jenseits des \u00c4stuars k\u00f6nnen Sie Rock, Polzeath und das idyllische Fischerdorf von Port Isaac besuchen.<\/p>\n<p><strong>Padstow Hafen<\/strong><br \/>\n<img loading=\"lazy\" class=\"aligncenter size-full wp-image-40145\" src=\"https:\/\/www.urlaubcornwall.de\/blog\/wp-content\/uploads\/2020\/05\/padstow-blick.jpg\" alt=\"padstow blick\" width=\"749\" height=\"703\" srcset=\"https:\/\/www.urlaubcornwall.de\/blog\/wp-content\/uploads\/2020\/05\/padstow-blick.jpg 749w, https:\/\/www.urlaubcornwall.de\/blog\/wp-content\/uploads\/2020\/05\/padstow-blick-300x282.jpg 300w\" sizes=\"(max-width: 749px) 100vw, 749px\" \/><\/p>\n<p><strong>Fluss Camel<\/strong><br \/>\n<img loading=\"lazy\" class=\"aligncenter size-full wp-image-40146\" src=\"https:\/\/www.urlaubcornwall.de\/blog\/wp-content\/uploads\/2020\/05\/fluss_camel.jpg\" alt=\"fluss_camel\" width=\"750\" height=\"667\"\/><\/p>\n<p><strong>Prideaux Place<\/strong><br \/>\n<img loading=\"lazy\" class=\"aligncenter size-full wp-image-47915\" src=\"https:\/\/www.urlaubcornwall.de\/blog\/wp-content\/uploads\/2024\/03\/prideaux-place.jpg\" alt=\"prideaux place\" width=\"746\" height=\"496\" srcset=\"https:\/\/www.urlaubcornwall.de\/blog\/wp-content\/uploads\/2024\/03\/prideaux-place.jpg 746w, https:\/\/www.urlaubcornwall.de\/blog\/wp-content\/uploads\/2024\/03\/prideaux-place-300x199.jpg 300w\" sizes=\"(max-width: 746px) 100vw, 746px\" \/><\/p>\n<div class=\"snippet\"> <a class=\"featured-item\" href=\"https:\/\/www.urlaubcornwall.de\/ferienhaeuser-fewos\/padstow.html\"> <span class=\"image-holder\" style=\"background-image: url('https:\/\/www.urlaubcornwall.de\/blog\/wp-content\/uploads\/2018\/12\/ferienhaus-cornwall-mit-hund.jpg');\"><\/span> <span class=\"featured-content\"> \n<h2 class=\"featured-title\">Ferienh\u00e4user in Padstow &#038; Cornwall<\/h2>\n<p class=\"featured-body\">Bei uns finden Sie Ferienh\u00e4user zum Verlieben &#8211; so einfach ist das! Dank seiner langen Geschichte, der reizvollen Landschaften und seinen vielen Attraktionen ist S\u00fcdengland ein wahres Mekka f\u00fcr Urlauber&#8230;..<\/p><\/span> <span class=\"featured-link-holder\"> <span class=\"featured-extra-info\"> \n<p>Pers\u00f6nlich inspizierter Ferienh\u00e4user<\/p>\n<\/span> \n<p class=\"featured-link\">DETAILS<\/p>\n<\/span> <\/a><\/div>\n","protected":false},"excerpt":{"rendered":"<p>Padstow ist ein Fischer- und Badeort, der im Schutze des Camel-\u00c4stuars liegt. Der Ort ist bekannt f\u00fcr seine ber\u00fchmten Restaurants und sehr guten Fisch- und Meeresfr\u00fcchte, zudem ist dort die nationale Hummeraufzucht beheimatet. Jenseits des \u00c4stuars k\u00f6nnen Sie Rock, Polzeath und das idyllische Fischerdorf von Port Isaac besuchen. Padstow Hafen Fluss Camel Prideaux Place Ferienh\u00e4user [&hellip;]<\/p>\n","protected":false},"author":1,"featured_media":0,"parent":0,"menu_order":0,"comment_status":"closed","ping_status":"closed","template":"single-four.php","meta":[],"acf":[],"yoast_head":"<!-- This site is optimized with the Yoast SEO plugin v19.4 - https:\/\/yoast.com\/wordpress\/plugins\/seo\/ -->\n<title>Die sch\u00f6nsten Aussichtspunkte in Padstow \u2013 UrlaubCornwall.de Insidertipps - Urlaub &amp; Reisen<\/title>\n<meta name=\"description\" content=\"Padstow ist ein Fischer- und Badeort, der im Schutze des Camel-\u00c4stuars liegt. Der Ort ist bekannt f\u00fcr seine ber\u00fchmten Restaurants und sehr guten Fisch- und Meeresfr\u00fcchte, zudem ist dort die nationale Hummeraufzucht beheimatet. Jenseits des \u00c4stuars k\u00f6nnen Sie Rock, Polzeath und das idyllische Fischerdorf von Port Isaac besuchen.\" \/>\n<meta name=\"robots\" content=\"index, follow, max-snippet:-1, max-image-preview:large, max-video-preview:-1\" \/>\n<link rel=\"canonical\" href=\"https:\/\/www.urlaubcornwall.de\/blog\/die-schoensten-aussichtspunkte-in-padstow-urlaubcornwall-de-insidertipps\/\" \/>\n<meta property=\"og:locale\" content=\"en_US\" \/>\n<meta property=\"og:type\" content=\"article\" \/>\n<meta property=\"og:title\" content=\"Die sch\u00f6nsten Aussichtspunkte in Padstow \u2013 UrlaubCornwall.de Insidertipps - Urlaub &amp; Reisen\" \/>\n<meta property=\"og:description\" content=\"Padstow ist ein Fischer- und Badeort, der im Schutze des Camel-\u00c4stuars liegt. Der Ort ist bekannt f\u00fcr seine ber\u00fchmten Restaurants und sehr guten Fisch- und Meeresfr\u00fcchte, zudem ist dort die nationale Hummeraufzucht beheimatet. Jenseits des \u00c4stuars k\u00f6nnen Sie Rock, Polzeath und das idyllische Fischerdorf von Port Isaac besuchen.\" \/>\n<meta property=\"og:url\" content=\"https:\/\/www.urlaubcornwall.de\/blog\/die-schoensten-aussichtspunkte-in-padstow-urlaubcornwall-de-insidertipps\/\" \/>\n<meta property=\"og:site_name\" content=\"Urlaub &amp; Reisen\" \/>\n<meta property=\"article:modified_time\" content=\"2024-04-15T15:43:27+00:00\" \/>\n<meta property=\"og:image\" content=\"https:\/\/www.urlaubcornwall.de\/blog\/wp-content\/uploads\/2020\/05\/padstow-blick.jpg\" \/>\n<meta name=\"twitter:card\" content=\"summary\" \/>\n<meta name=\"twitter:label1\" content=\"Est. reading time\" \/>\n\t<meta name=\"twitter:data1\" content=\"1 minute\" \/>\n<script type=\"application\/ld+json\" class=\"yoast-schema-graph\">{\"@context\":\"https:\/\/schema.org\",\"@graph\":[{\"@type\":\"WebSite\",\"@id\":\"https:\/\/www.urlaubcornwall.de\/blog\/#website\",\"url\":\"https:\/\/www.urlaubcornwall.de\/blog\/\",\"name\":\"Urlaub &amp; Reisen\",\"description\":\"Urlaub, Reisen, Cornwall und S\u00fcdengland: eine perfekte Kombination\",\"potentialAction\":[{\"@type\":\"SearchAction\",\"target\":{\"@type\":\"EntryPoint\",\"urlTemplate\":\"https:\/\/www.urlaubcornwall.de\/blog\/?s={search_term_string}\"},\"query-input\":\"required name=search_term_string\"}],\"inLanguage\":\"en-US\"},{\"@type\":\"WebPage\",\"@id\":\"https:\/\/www.urlaubcornwall.de\/blog\/die-schoensten-aussichtspunkte-in-padstow-urlaubcornwall-de-insidertipps\/\",\"url\":\"https:\/\/www.urlaubcornwall.de\/blog\/die-schoensten-aussichtspunkte-in-padstow-urlaubcornwall-de-insidertipps\/\",\"name\":\"Die sch\u00f6nsten Aussichtspunkte in Padstow \u2013 UrlaubCornwall.de Insidertipps - Urlaub &amp; Reisen\",\"isPartOf\":{\"@id\":\"https:\/\/www.urlaubcornwall.de\/blog\/#website\"},\"datePublished\":\"2020-05-19T11:24:45+00:00\",\"dateModified\":\"2024-04-15T15:43:27+00:00\",\"description\":\"Padstow ist ein Fischer- und Badeort, der im Schutze des Camel-\u00c4stuars liegt. Der Ort ist bekannt f\u00fcr seine ber\u00fchmten Restaurants und sehr guten Fisch- und Meeresfr\u00fcchte, zudem ist dort die nationale Hummeraufzucht beheimatet. Jenseits des \u00c4stuars k\u00f6nnen Sie Rock, Polzeath und das idyllische Fischerdorf von Port Isaac besuchen.\",\"breadcrumb\":{\"@id\":\"https:\/\/www.urlaubcornwall.de\/blog\/die-schoensten-aussichtspunkte-in-padstow-urlaubcornwall-de-insidertipps\/#breadcrumb\"},\"inLanguage\":\"en-US\",\"potentialAction\":[{\"@type\":\"ReadAction\",\"target\":[\"https:\/\/www.urlaubcornwall.de\/blog\/die-schoensten-aussichtspunkte-in-padstow-urlaubcornwall-de-insidertipps\/\"]}]},{\"@type\":\"BreadcrumbList\",\"@id\":\"https:\/\/www.urlaubcornwall.de\/blog\/die-schoensten-aussichtspunkte-in-padstow-urlaubcornwall-de-insidertipps\/#breadcrumb\",\"itemListElement\":[{\"@type\":\"ListItem\",\"position\":1,\"name\":\"Home\",\"item\":\"https:\/\/www.urlaubcornwall.de\/blog\/\"},{\"@type\":\"ListItem\",\"position\":2,\"name\":\"Die sch\u00f6nsten Aussichtspunkte in Padstow \u2013 UrlaubCornwall.de Insidertipps\"}]}]}<\/script>\n<!-- \/ Yoast SEO plugin. -->","yoast_head_json":{"title":"Die sch\u00f6nsten Aussichtspunkte in Padstow \u2013 UrlaubCornwall.de Insidertipps - Urlaub &amp; Reisen","description":"Padstow ist ein Fischer- und Badeort, der im Schutze des Camel-\u00c4stuars liegt. Der Ort ist bekannt f\u00fcr seine ber\u00fchmten Restaurants und sehr guten Fisch- und Meeresfr\u00fcchte, zudem ist dort die nationale Hummeraufzucht beheimatet. Jenseits des \u00c4stuars k\u00f6nnen Sie Rock, Polzeath und das idyllische Fischerdorf von Port Isaac besuchen.","robots":{"index":"index","follow":"follow","max-snippet":"max-snippet:-1","max-image-preview":"max-image-preview:large","max-video-preview":"max-video-preview:-1"},"canonical":"https:\/\/www.urlaubcornwall.de\/blog\/die-schoensten-aussichtspunkte-in-padstow-urlaubcornwall-de-insidertipps\/","og_locale":"en_US","og_type":"article","og_title":"Die sch\u00f6nsten Aussichtspunkte in Padstow \u2013 UrlaubCornwall.de Insidertipps - Urlaub &amp; Reisen","og_description":"Padstow ist ein Fischer- und Badeort, der im Schutze des Camel-\u00c4stuars liegt. Der Ort ist bekannt f\u00fcr seine ber\u00fchmten Restaurants und sehr guten Fisch- und Meeresfr\u00fcchte, zudem ist dort die nationale Hummeraufzucht beheimatet. Jenseits des \u00c4stuars k\u00f6nnen Sie Rock, Polzeath und das idyllische Fischerdorf von Port Isaac besuchen.","og_url":"https:\/\/www.urlaubcornwall.de\/blog\/die-schoensten-aussichtspunkte-in-padstow-urlaubcornwall-de-insidertipps\/","og_site_name":"Urlaub &amp; Reisen","article_modified_time":"2024-04-15T15:43:27+00:00","og_image":[{"url":"https:\/\/www.urlaubcornwall.de\/blog\/wp-content\/uploads\/2020\/05\/padstow-blick.jpg"}],"twitter_card":"summary","twitter_misc":{"Est. reading time":"1 minute"},"schema":{"@context":"https:\/\/schema.org","@graph":[{"@type":"WebSite","@id":"https:\/\/www.urlaubcornwall.de\/blog\/#website","url":"https:\/\/www.urlaubcornwall.de\/blog\/","name":"Urlaub &amp; Reisen","description":"Urlaub, Reisen, Cornwall und S\u00fcdengland: eine perfekte Kombination","potentialAction":[{"@type":"SearchAction","target":{"@type":"EntryPoint","urlTemplate":"https:\/\/www.urlaubcornwall.de\/blog\/?s={search_term_string}"},"query-input":"required name=search_term_string"}],"inLanguage":"en-US"},{"@type":"WebPage","@id":"https:\/\/www.urlaubcornwall.de\/blog\/die-schoensten-aussichtspunkte-in-padstow-urlaubcornwall-de-insidertipps\/","url":"https:\/\/www.urlaubcornwall.de\/blog\/die-schoensten-aussichtspunkte-in-padstow-urlaubcornwall-de-insidertipps\/","name":"Die sch\u00f6nsten Aussichtspunkte in Padstow \u2013 UrlaubCornwall.de Insidertipps - Urlaub &amp; Reisen","isPartOf":{"@id":"https:\/\/www.urlaubcornwall.de\/blog\/#website"},"datePublished":"2020-05-19T11:24:45+00:00","dateModified":"2024-04-15T15:43:27+00:00","description":"Padstow ist ein Fischer- und Badeort, der im Schutze des Camel-\u00c4stuars liegt. Der Ort ist bekannt f\u00fcr seine ber\u00fchmten Restaurants und sehr guten Fisch- und Meeresfr\u00fcchte, zudem ist dort die nationale Hummeraufzucht beheimatet. Jenseits des \u00c4stuars k\u00f6nnen Sie Rock, Polzeath und das idyllische Fischerdorf von Port Isaac besuchen.","breadcrumb":{"@id":"https:\/\/www.urlaubcornwall.de\/blog\/die-schoensten-aussichtspunkte-in-padstow-urlaubcornwall-de-insidertipps\/#breadcrumb"},"inLanguage":"en-US","potentialAction":[{"@type":"ReadAction","target":["https:\/\/www.urlaubcornwall.de\/blog\/die-schoensten-aussichtspunkte-in-padstow-urlaubcornwall-de-insidertipps\/"]}]},{"@type":"BreadcrumbList","@id":"https:\/\/www.urlaubcornwall.de\/blog\/die-schoensten-aussichtspunkte-in-padstow-urlaubcornwall-de-insidertipps\/#breadcrumb","itemListElement":[{"@type":"ListItem","position":1,"name":"Home","item":"https:\/\/www.urlaubcornwall.de\/blog\/"},{"@type":"ListItem","position":2,"name":"Die sch\u00f6nsten Aussichtspunkte in Padstow \u2013 UrlaubCornwall.de Insidertipps"}]}]}},"_links":{"self":[{"href":"https:\/\/www.urlaubcornwall.de\/blog\/wp-json\/wp\/v2\/pages\/40144"}],"collection":[{"href":"https:\/\/www.urlaubcornwall.de\/blog\/wp-json\/wp\/v2\/pages"}],"about":[{"href":"https:\/\/www.urlaubcornwall.de\/blog\/wp-json\/wp\/v2\/types\/page"}],"author":[{"embeddable":true,"href":"https:\/\/www.urlaubcornwall.de\/blog\/wp-json\/wp\/v2\/users\/1"}],"replies":[{"embeddable":true,"href":"https:\/\/www.urlaubcornwall.de\/blog\/wp-json\/wp\/v2\/comments?post=40144"}],"version-history":[{"count":4,"href":"https:\/\/www.urlaubcornwall.de\/blog\/wp-json\/wp\/v2\/pages\/40144\/revisions"}],"predecessor-version":[{"id":49727,"href":"https:\/\/www.urlaubcornwall.de\/blog\/wp-json\/wp\/v2\/pages\/40144\/revisions\/49727"}],"wp:attachment":[{"href":"https:\/\/www.urlaubcornwall.de\/blog\/wp-json\/wp\/v2\/media?parent=40144"}],"curies":[{"name":"wp","href":"https:\/\/api.w.org\/{rel}","templated":true}]}}