{"id":40037,"date":"2020-04-30T13:27:03","date_gmt":"2020-04-30T13:27:03","guid":{"rendered":"https:\/\/www.urlaubcornwall.de\/blog\/?page_id=40037"},"modified":"2024-04-15T09:57:58","modified_gmt":"2024-04-15T09:57:58","slug":"ferienhaeuser-ferienwohnungen-cottages-am-meer-suedkueste-england","status":"publish","type":"page","link":"https:\/\/www.urlaubcornwall.de\/blog\/ferienhaeuser-ferienwohnungen-cottages-am-meer-suedkueste-england\/","title":{"rendered":"Ferienh\u00e4user, Ferienwohnungen &#038; Cottages am Meer &#8211; S\u00fcdk\u00fcste England"},"content":{"rendered":"<p><img loading=\"lazy\" class=\"aligncenter size-full wp-image-41213\" src=\"https:\/\/www.urlaubcornwall.de\/blog\/wp-content\/uploads\/2020\/11\/jurasss-kueste-e1713175000993.jpg\" alt=\"jurassic kueste dorset\" width=\"750\" height=\"567\"\/><\/p>\n<p>Dorset &#038; Jurak\u00fcste &#8211; Indem sie Familien die M\u00f6glichkeit bieten, den Urlaub am Meer schlechthin zu erleben, sind Feriencottages in St\u00e4dten wie <a href=\"http:\/\/www.urlaubcornwall.de\/ferienhaeuser-fewos\/lyme-regis.html\">Lyme Regis<\/a>, <a href=\"http:\/\/www.urlaubcornwall.de\/ferienhaeuser-fewos\/weymouth.html\">Weymouth<\/a> und Swanage direkt gelegen an traditionellen Attraktionen \u2013 denken Sie an Kasperletheater und Eselsreiten am Strand \u2013 sowie an Restaurants und moderne Einkaufsm\u00f6glichkeiten. Rechnen Sie auch mit Sommerfesten, Vergn\u00fcgungsveranstaltungen und Feuerwerken; perfekt, um die gesamte Familie zu unterhalten. Sie brauchen jedoch nicht jeden Tag am Strand verbringen. <\/p>\n<p>Das malerische Lyme Regis br\u00fcstet sich einer reichen maritimen Geschichte: erkunden Sie seine Stra\u00dfen, die wie ein Irrgarten angelegt sind, und entdecken Sie seine illustre Verbindung zur Schriftstellerin Jane Austen. Swanages viktorianisches Erbe bietet Besuchern ebenfalls einen Blick in die j\u00fcngste Vergangenheit der Gegend. Jedoch ziehen viel \u00e4ltere Geheimnisse dieser K\u00fcste Hunderte an, die in <a href=\"https:\/\/www.urlaubcornwall.de\/ferienhaeuser-fewos\/eng\/dorset\/dorset-am-meer.html\">Cottages entlang von Dorsets K\u00fcste wohnen<\/a>. Die 125km lange K\u00fcste, welche die Jurak\u00fcste formt, eine UNESCO Weltkulturerbest\u00e4tte, stellt 185 Millionen Jahre Erdgeschichte dar. Fossilienj\u00e4ger str\u00f6men nach Dorset zur ikonischen und dramatischen K\u00fcstentopographie in der Hoffnung, einige der Geheimnisse der Vergangenheit aufzudecken. <\/p>\n<div class=\"snippet\"> <a class=\"featured-item\" href=\"https:\/\/www.urlaubcornwall.de\/ferienhaeuser\/suedengland.php\"> <span class=\"image-holder\" style=\"background-image: url('https:\/\/www.urlaubcornwall.de\/blog\/wp-content\/uploads\/2019\/01\/busreisen-cornwall.jpg');\"><\/span> <span class=\"featured-content\"> \n<h2 class=\"featured-title\">Ferienh\u00e4user in Dorset &#038; S\u00fcdengland<\/h2>\n<p class=\"featured-body\">Bei uns finden Sie Ferienh\u00e4user zum Verlieben &#8211; so einfach ist das! Dank seiner langen Geschichte, der reizvollen Landschaften und seinen vielen Attraktionen ist S\u00fcdengland ein wahres Mekka f\u00fcr Urlauber&#8230;..<\/p><\/span> <span class=\"featured-link-holder\"> <span class=\"featured-extra-info\"> \n<p>Pers\u00f6nlich inspizierter Ferienh\u00e4user<\/p>\n<\/span> \n<p class=\"featured-link\">DETAILS<\/p>\n<\/span> <\/a><\/div>\n<p>Sie m\u00fcssen nicht graben, um <a href=\"https:\/\/www.urlaubcornwall.de\/reiseziel\/dorset.php\">Dorsets Reiz zu entdecken<\/a>: den spektakul\u00e4ren, weltber\u00fchmten Steinbogen am Durdle Tor und die ruhige Lulworth Bucht bieten M\u00f6glichkeiten f\u00fcr einen Tagesausflug von Ihrem Ferienhaus in Dorset ausgehend. Die Vielfalt von Dorsets K\u00fcste versetzt einen immer wieder in Erstaunen. Falls Sie der Klippen und Buchten \u00fcberdr\u00fcssig werden, gibt es die 18 Meilen lange Kieszunge des Chesil Strandes \u2013 ein Paradies f\u00fcr Tierleben \u2013 sowie die urigen Meeresd\u00f6rfer von Easton Chiswell zu erkunden.<\/p>\n<p>Ein Ferienhaus am Meer in S\u00fcdengland bietet luxuri\u00f6sen Blick. UrlaubCornwall.de verf\u00fcgt <a href=\"https:\/\/www.urlaubcornwall.de\/ferienhaeuser\/suedengland-am-meer.php\">1000 Ferienh\u00e4user im Umkreis von 1,5 km des Meeres<\/a> und der Str\u00e4nde.<\/p>\n","protected":false},"excerpt":{"rendered":"<p>Dorset &#038; Jurak\u00fcste &#8211; Indem sie Familien die M\u00f6glichkeit bieten, den Urlaub am Meer schlechthin zu erleben, sind Feriencottages in St\u00e4dten wie Lyme Regis, Weymouth und Swanage direkt gelegen an traditionellen Attraktionen \u2013 denken Sie an Kasperletheater und Eselsreiten am Strand \u2013 sowie an Restaurants und moderne Einkaufsm\u00f6glichkeiten. Rechnen Sie auch mit Sommerfesten, Vergn\u00fcgungsveranstaltungen und [&hellip;]<\/p>\n","protected":false},"author":1,"featured_media":0,"parent":0,"menu_order":0,"comment_status":"closed","ping_status":"closed","template":"single-four.php","meta":[],"acf":[],"yoast_head":"<!-- This site is optimized with the Yoast SEO plugin v19.4 - https:\/\/yoast.com\/wordpress\/plugins\/seo\/ -->\n<title>Ferienh\u00e4user, Ferienwohnungen &amp; Cottages am Meer - S\u00fcdk\u00fcste England - Urlaub &amp; Reisen<\/title>\n<meta name=\"description\" content=\"Indem sie Familien die M\u00f6glichkeit bieten, den Urlaub am Meer schlechthin zu erleben, sind Feriencottages in St\u00e4dten wie Lyme Regis, Weymouth und Swanage direkt gelegen an traditionellen Attraktionen \u2013 denken Sie an Kasperletheater und Eselsreiten am Strand \u2013 sowie an Restaurants und moderne Einkaufsm\u00f6glichkeiten.\" \/>\n<meta name=\"robots\" content=\"index, follow, max-snippet:-1, max-image-preview:large, max-video-preview:-1\" \/>\n<link rel=\"canonical\" href=\"https:\/\/www.urlaubcornwall.de\/blog\/ferienhaeuser-ferienwohnungen-cottages-am-meer-suedkueste-england\/\" \/>\n<meta property=\"og:locale\" content=\"en_US\" \/>\n<meta property=\"og:type\" content=\"article\" \/>\n<meta property=\"og:title\" content=\"Ferienh\u00e4user, Ferienwohnungen &amp; Cottages am Meer - S\u00fcdk\u00fcste England - Urlaub &amp; Reisen\" \/>\n<meta property=\"og:description\" content=\"Indem sie Familien die M\u00f6glichkeit bieten, den Urlaub am Meer schlechthin zu erleben, sind Feriencottages in St\u00e4dten wie Lyme Regis, Weymouth und Swanage direkt gelegen an traditionellen Attraktionen \u2013 denken Sie an Kasperletheater und Eselsreiten am Strand \u2013 sowie an Restaurants und moderne Einkaufsm\u00f6glichkeiten.\" \/>\n<meta property=\"og:url\" content=\"https:\/\/www.urlaubcornwall.de\/blog\/ferienhaeuser-ferienwohnungen-cottages-am-meer-suedkueste-england\/\" \/>\n<meta property=\"og:site_name\" content=\"Urlaub &amp; Reisen\" \/>\n<meta property=\"article:modified_time\" content=\"2024-04-15T09:57:58+00:00\" \/>\n<meta property=\"og:image\" content=\"https:\/\/www.urlaubcornwall.de\/blog\/wp-content\/uploads\/2020\/11\/jurasss-kueste-e1713175000993.jpg\" \/>\n<meta name=\"twitter:card\" content=\"summary\" \/>\n<meta name=\"twitter:label1\" content=\"Est. reading time\" \/>\n\t<meta name=\"twitter:data1\" content=\"2 minutes\" \/>\n<script type=\"application\/ld+json\" class=\"yoast-schema-graph\">{\"@context\":\"https:\/\/schema.org\",\"@graph\":[{\"@type\":\"WebSite\",\"@id\":\"https:\/\/www.urlaubcornwall.de\/blog\/#website\",\"url\":\"https:\/\/www.urlaubcornwall.de\/blog\/\",\"name\":\"Urlaub &amp; Reisen\",\"description\":\"Urlaub, Reisen, Cornwall und S\u00fcdengland: eine perfekte Kombination\",\"potentialAction\":[{\"@type\":\"SearchAction\",\"target\":{\"@type\":\"EntryPoint\",\"urlTemplate\":\"https:\/\/www.urlaubcornwall.de\/blog\/?s={search_term_string}\"},\"query-input\":\"required name=search_term_string\"}],\"inLanguage\":\"en-US\"},{\"@type\":\"WebPage\",\"@id\":\"https:\/\/www.urlaubcornwall.de\/blog\/ferienhaeuser-ferienwohnungen-cottages-am-meer-suedkueste-england\/\",\"url\":\"https:\/\/www.urlaubcornwall.de\/blog\/ferienhaeuser-ferienwohnungen-cottages-am-meer-suedkueste-england\/\",\"name\":\"Ferienh\u00e4user, Ferienwohnungen & Cottages am Meer - S\u00fcdk\u00fcste England - Urlaub &amp; Reisen\",\"isPartOf\":{\"@id\":\"https:\/\/www.urlaubcornwall.de\/blog\/#website\"},\"datePublished\":\"2020-04-30T13:27:03+00:00\",\"dateModified\":\"2024-04-15T09:57:58+00:00\",\"description\":\"Indem sie Familien die M\u00f6glichkeit bieten, den Urlaub am Meer schlechthin zu erleben, sind Feriencottages in St\u00e4dten wie Lyme Regis, Weymouth und Swanage direkt gelegen an traditionellen Attraktionen \u2013 denken Sie an Kasperletheater und Eselsreiten am Strand \u2013 sowie an Restaurants und moderne Einkaufsm\u00f6glichkeiten.\",\"breadcrumb\":{\"@id\":\"https:\/\/www.urlaubcornwall.de\/blog\/ferienhaeuser-ferienwohnungen-cottages-am-meer-suedkueste-england\/#breadcrumb\"},\"inLanguage\":\"en-US\",\"potentialAction\":[{\"@type\":\"ReadAction\",\"target\":[\"https:\/\/www.urlaubcornwall.de\/blog\/ferienhaeuser-ferienwohnungen-cottages-am-meer-suedkueste-england\/\"]}]},{\"@type\":\"BreadcrumbList\",\"@id\":\"https:\/\/www.urlaubcornwall.de\/blog\/ferienhaeuser-ferienwohnungen-cottages-am-meer-suedkueste-england\/#breadcrumb\",\"itemListElement\":[{\"@type\":\"ListItem\",\"position\":1,\"name\":\"Home\",\"item\":\"https:\/\/www.urlaubcornwall.de\/blog\/\"},{\"@type\":\"ListItem\",\"position\":2,\"name\":\"Ferienh\u00e4user, Ferienwohnungen &#038; Cottages am Meer &#8211; S\u00fcdk\u00fcste England\"}]}]}<\/script>\n<!-- \/ Yoast SEO plugin. -->","yoast_head_json":{"title":"Ferienh\u00e4user, Ferienwohnungen & Cottages am Meer - S\u00fcdk\u00fcste England - Urlaub &amp; Reisen","description":"Indem sie Familien die M\u00f6glichkeit bieten, den Urlaub am Meer schlechthin zu erleben, sind Feriencottages in St\u00e4dten wie Lyme Regis, Weymouth und Swanage direkt gelegen an traditionellen Attraktionen \u2013 denken Sie an Kasperletheater und Eselsreiten am Strand \u2013 sowie an Restaurants und moderne Einkaufsm\u00f6glichkeiten.","robots":{"index":"index","follow":"follow","max-snippet":"max-snippet:-1","max-image-preview":"max-image-preview:large","max-video-preview":"max-video-preview:-1"},"canonical":"https:\/\/www.urlaubcornwall.de\/blog\/ferienhaeuser-ferienwohnungen-cottages-am-meer-suedkueste-england\/","og_locale":"en_US","og_type":"article","og_title":"Ferienh\u00e4user, Ferienwohnungen & Cottages am Meer - S\u00fcdk\u00fcste England - Urlaub &amp; Reisen","og_description":"Indem sie Familien die M\u00f6glichkeit bieten, den Urlaub am Meer schlechthin zu erleben, sind Feriencottages in St\u00e4dten wie Lyme Regis, Weymouth und Swanage direkt gelegen an traditionellen Attraktionen \u2013 denken Sie an Kasperletheater und Eselsreiten am Strand \u2013 sowie an Restaurants und moderne Einkaufsm\u00f6glichkeiten.","og_url":"https:\/\/www.urlaubcornwall.de\/blog\/ferienhaeuser-ferienwohnungen-cottages-am-meer-suedkueste-england\/","og_site_name":"Urlaub &amp; Reisen","article_modified_time":"2024-04-15T09:57:58+00:00","og_image":[{"url":"https:\/\/www.urlaubcornwall.de\/blog\/wp-content\/uploads\/2020\/11\/jurasss-kueste-e1713175000993.jpg"}],"twitter_card":"summary","twitter_misc":{"Est. reading time":"2 minutes"},"schema":{"@context":"https:\/\/schema.org","@graph":[{"@type":"WebSite","@id":"https:\/\/www.urlaubcornwall.de\/blog\/#website","url":"https:\/\/www.urlaubcornwall.de\/blog\/","name":"Urlaub &amp; Reisen","description":"Urlaub, Reisen, Cornwall und S\u00fcdengland: eine perfekte Kombination","potentialAction":[{"@type":"SearchAction","target":{"@type":"EntryPoint","urlTemplate":"https:\/\/www.urlaubcornwall.de\/blog\/?s={search_term_string}"},"query-input":"required name=search_term_string"}],"inLanguage":"en-US"},{"@type":"WebPage","@id":"https:\/\/www.urlaubcornwall.de\/blog\/ferienhaeuser-ferienwohnungen-cottages-am-meer-suedkueste-england\/","url":"https:\/\/www.urlaubcornwall.de\/blog\/ferienhaeuser-ferienwohnungen-cottages-am-meer-suedkueste-england\/","name":"Ferienh\u00e4user, Ferienwohnungen & Cottages am Meer - S\u00fcdk\u00fcste England - Urlaub &amp; Reisen","isPartOf":{"@id":"https:\/\/www.urlaubcornwall.de\/blog\/#website"},"datePublished":"2020-04-30T13:27:03+00:00","dateModified":"2024-04-15T09:57:58+00:00","description":"Indem sie Familien die M\u00f6glichkeit bieten, den Urlaub am Meer schlechthin zu erleben, sind Feriencottages in St\u00e4dten wie Lyme Regis, Weymouth und Swanage direkt gelegen an traditionellen Attraktionen \u2013 denken Sie an Kasperletheater und Eselsreiten am Strand \u2013 sowie an Restaurants und moderne Einkaufsm\u00f6glichkeiten.","breadcrumb":{"@id":"https:\/\/www.urlaubcornwall.de\/blog\/ferienhaeuser-ferienwohnungen-cottages-am-meer-suedkueste-england\/#breadcrumb"},"inLanguage":"en-US","potentialAction":[{"@type":"ReadAction","target":["https:\/\/www.urlaubcornwall.de\/blog\/ferienhaeuser-ferienwohnungen-cottages-am-meer-suedkueste-england\/"]}]},{"@type":"BreadcrumbList","@id":"https:\/\/www.urlaubcornwall.de\/blog\/ferienhaeuser-ferienwohnungen-cottages-am-meer-suedkueste-england\/#breadcrumb","itemListElement":[{"@type":"ListItem","position":1,"name":"Home","item":"https:\/\/www.urlaubcornwall.de\/blog\/"},{"@type":"ListItem","position":2,"name":"Ferienh\u00e4user, Ferienwohnungen &#038; Cottages am Meer &#8211; S\u00fcdk\u00fcste England"}]}]}},"_links":{"self":[{"href":"https:\/\/www.urlaubcornwall.de\/blog\/wp-json\/wp\/v2\/pages\/40037"}],"collection":[{"href":"https:\/\/www.urlaubcornwall.de\/blog\/wp-json\/wp\/v2\/pages"}],"about":[{"href":"https:\/\/www.urlaubcornwall.de\/blog\/wp-json\/wp\/v2\/types\/page"}],"author":[{"embeddable":true,"href":"https:\/\/www.urlaubcornwall.de\/blog\/wp-json\/wp\/v2\/users\/1"}],"replies":[{"embeddable":true,"href":"https:\/\/www.urlaubcornwall.de\/blog\/wp-json\/wp\/v2\/comments?post=40037"}],"version-history":[{"count":2,"href":"https:\/\/www.urlaubcornwall.de\/blog\/wp-json\/wp\/v2\/pages\/40037\/revisions"}],"predecessor-version":[{"id":49419,"href":"https:\/\/www.urlaubcornwall.de\/blog\/wp-json\/wp\/v2\/pages\/40037\/revisions\/49419"}],"wp:attachment":[{"href":"https:\/\/www.urlaubcornwall.de\/blog\/wp-json\/wp\/v2\/media?parent=40037"}],"curies":[{"name":"wp","href":"https:\/\/api.w.org\/{rel}","templated":true}]}}