{"id":40013,"date":"2020-04-28T09:15:34","date_gmt":"2020-04-28T09:15:34","guid":{"rendered":"https:\/\/www.urlaubcornwall.de\/blog\/?page_id=40013"},"modified":"2025-08-28T09:21:50","modified_gmt":"2025-08-28T09:21:50","slug":"gruppenreisen-in-cornwall-suedengland-london-2021","status":"publish","type":"page","link":"https:\/\/www.urlaubcornwall.de\/blog\/gruppenreisen-in-cornwall-suedengland-london-2021\/","title":{"rendered":"Gruppenreisen in Cornwall, S\u00fcdengland &#038; London 2026"},"content":{"rendered":"<p><img loading=\"lazy\" class=\"aligncenter size-full wp-image-48080\" src=\"https:\/\/www.urlaubcornwall.de\/blog\/wp-content\/uploads\/2024\/03\/porthleven_urlaub_edit.jpg\" alt=\"porthleven_urlaub\" width=\"750\" height=\"608\" srcset=\"https:\/\/www.urlaubcornwall.de\/blog\/wp-content\/uploads\/2024\/03\/porthleven_urlaub_edit.jpg 750w, https:\/\/www.urlaubcornwall.de\/blog\/wp-content\/uploads\/2024\/03\/porthleven_urlaub_edit-300x243.jpg 300w\" sizes=\"(max-width: 750px) 100vw, 750px\" \/><\/p>\n<p>Organisierte Gruppenreisen und Touren &#8211; Ob Familienreise, Firmenreise, Verbands- oder Vereinsreise oder eine Gruppenreise am Wochenende \u2013 wir bieten Ihnen ma\u00dfgeschneiderte Gruppenreisen ganz nach Ihren W\u00fcnschen an.<\/p>\n<p>Mit Firmensitz in Falmouth ist UrlaubCornwall die einzige spezialisierte <a href=\"https:\/\/cornwall-dmc.co.uk\/de\/\">Destination Management Company f\u00fcr Cornwall<\/a>. Wir k\u00f6nnen Cornwall in Reisepl\u00e4ne durch S\u00fcdengland und den Rest Gro\u00dfbritanniens mit einbinden.<\/p>\n<p>Wir bieten un\u00fcbertreffliche Erfahrung und Kontakte, um einzigartige L\u00f6sungen, Orte und unglaubliche Aktivit\u00e4ten f\u00fcr unsere Kunden vorzuschlagen. Hervorragender Kundenservice besagt nicht nur, was man wei\u00df, sondern wen man kennt, und unser un\u00fcbertreffliches Wissen bedeutet, dass unsere Kunden das kleine bisschen Extra erhalten, das wahrhaftig den Unterschied darstellt.<\/p>\n<p style=\"text-align: center;\"><a class=\"tidycta\" href=\"https:\/\/www.urlaubcornwall.de\/massgeschneiderte-gruppenreisen-und-touren.php\">Mehr Info<\/a><\/p>\n<p><strong>H\u00e4ufig gestellte Fragen<\/strong><\/p>\n<p>Haben Sie eine minimale oder maximale Gruppengr\u00f6\u00dfe? Wir haben eine Mindestgruppengr\u00f6\u00dfe von 8 Personen, jedoch kein Maximum. Wir sorgen gerne f\u00fcr gro\u00dfe und kleine Gruppen in Cornwall und dem gesamten UK, indem wir ein breites Angebot an Unterk\u00fcnften haben, von Budget-, 3-Sterne bis zu 5-Sterne Luxushotels, Transportmittel und einen Gesamtservice, der Ihren Anforderungen entspricht.<\/p>\n<p>Welche Jahreszeit eignet sich am besten, um Cornwall zu besuchen? Cornwall ist in der Tat eine ganzj\u00e4hrige Urlaubsregion, jedoch f\u00fcr Gruppen sind die besten Monate April, Mai und Juni im Fr\u00fchling und Fr\u00fchsommer, sowie September und Oktober im Herbst. Sie haben dann die Chance, die K\u00fcste und die zahlreichen Attraktionen der Grafschaft ohne die Massen zu genie\u00dfen. Gruppenpl\u00e4tze in Hotels k\u00f6nnen ebenfalls einfacher gesichert werden, und die Preise sind g\u00fcnstiger als in den Hochsaisonmonaten Juli und August, wenn Cornwall zur Nummer Eins der Familienreisezielen des UK wird.<\/p>\n<p>Kann ich eine Gruppe zu den Scilly Inseln bringen? Eines von Cornwalls verborgenen Juwelen sind die Isles of Scilly, die perfektes Gruppenreiseziel sind f\u00fcr all jene, die etwas Einzigartiges und Spezielles suchen. Wir bieten umfassenden Reiseservice zu den Inseln, einschlie\u00dflich der Transfers mit F\u00e4hre, Flugzeug oder Helikopter, Hotelunterkunft, Reiseleiter und ein vollst\u00e4ndiges Programm, das dem Interesse Ihrer Gruppe entspricht.<\/p>\n","protected":false},"excerpt":{"rendered":"<p>Organisierte Gruppenreisen und Touren &#8211; Ob Familienreise, Firmenreise, Verbands- oder Vereinsreise oder eine Gruppenreise am Wochenende \u2013 wir bieten Ihnen ma\u00dfgeschneiderte Gruppenreisen ganz nach Ihren W\u00fcnschen an. Mit Firmensitz in Falmouth ist UrlaubCornwall die einzige spezialisierte Destination Management Company f\u00fcr Cornwall. Wir k\u00f6nnen Cornwall in Reisepl\u00e4ne durch S\u00fcdengland und den Rest Gro\u00dfbritanniens mit einbinden. Wir [&hellip;]<\/p>\n","protected":false},"author":1,"featured_media":0,"parent":0,"menu_order":0,"comment_status":"closed","ping_status":"closed","template":"single-four.php","meta":[],"acf":[],"yoast_head":"<!-- This site is optimized with the Yoast SEO plugin v19.4 - https:\/\/yoast.com\/wordpress\/plugins\/seo\/ -->\n<title>Gruppenreisen in Cornwall, S\u00fcdengland &amp; London 2026 - Urlaub &amp; Reisen<\/title>\n<meta name=\"description\" content=\"Organisierte Gruppenreisen und Touren durch Cornwall, S\u00fcdengland und London - Ob Familienreise, Firmenreise, Verbands- oder Vereinsreise oder eine Gruppenreise am Wochenende \u2013 wir bieten Ihnen ma\u00dfgeschneiderte Gruppenreisen ganz nach Ihren W\u00fcnschen an.\" \/>\n<meta name=\"robots\" content=\"index, follow, max-snippet:-1, max-image-preview:large, max-video-preview:-1\" \/>\n<link rel=\"canonical\" href=\"https:\/\/www.urlaubcornwall.de\/blog\/gruppenreisen-in-cornwall-suedengland-london-2021\/\" \/>\n<meta property=\"og:locale\" content=\"en_US\" \/>\n<meta property=\"og:type\" content=\"article\" \/>\n<meta property=\"og:title\" content=\"Gruppenreisen in Cornwall, S\u00fcdengland &amp; London 2026 - Urlaub &amp; Reisen\" \/>\n<meta property=\"og:description\" content=\"Organisierte Gruppenreisen und Touren durch Cornwall, S\u00fcdengland und London - Ob Familienreise, Firmenreise, Verbands- oder Vereinsreise oder eine Gruppenreise am Wochenende \u2013 wir bieten Ihnen ma\u00dfgeschneiderte Gruppenreisen ganz nach Ihren W\u00fcnschen an.\" \/>\n<meta property=\"og:url\" content=\"https:\/\/www.urlaubcornwall.de\/blog\/gruppenreisen-in-cornwall-suedengland-london-2021\/\" \/>\n<meta property=\"og:site_name\" content=\"Urlaub &amp; Reisen\" \/>\n<meta property=\"article:modified_time\" content=\"2025-08-28T09:21:50+00:00\" \/>\n<meta property=\"og:image\" content=\"https:\/\/www.urlaubcornwall.de\/blog\/wp-content\/uploads\/2024\/03\/porthleven_urlaub_edit.jpg\" \/>\n<meta name=\"twitter:card\" content=\"summary\" \/>\n<meta name=\"twitter:label1\" content=\"Est. reading time\" \/>\n\t<meta name=\"twitter:data1\" content=\"2 minutes\" \/>\n<script type=\"application\/ld+json\" class=\"yoast-schema-graph\">{\"@context\":\"https:\/\/schema.org\",\"@graph\":[{\"@type\":\"WebSite\",\"@id\":\"https:\/\/www.urlaubcornwall.de\/blog\/#website\",\"url\":\"https:\/\/www.urlaubcornwall.de\/blog\/\",\"name\":\"Urlaub &amp; Reisen\",\"description\":\"Urlaub, Reisen, Cornwall und S\u00fcdengland: eine perfekte Kombination\",\"potentialAction\":[{\"@type\":\"SearchAction\",\"target\":{\"@type\":\"EntryPoint\",\"urlTemplate\":\"https:\/\/www.urlaubcornwall.de\/blog\/?s={search_term_string}\"},\"query-input\":\"required name=search_term_string\"}],\"inLanguage\":\"en-US\"},{\"@type\":\"WebPage\",\"@id\":\"https:\/\/www.urlaubcornwall.de\/blog\/gruppenreisen-in-cornwall-suedengland-london-2021\/\",\"url\":\"https:\/\/www.urlaubcornwall.de\/blog\/gruppenreisen-in-cornwall-suedengland-london-2021\/\",\"name\":\"Gruppenreisen in Cornwall, S\u00fcdengland & London 2026 - Urlaub &amp; Reisen\",\"isPartOf\":{\"@id\":\"https:\/\/www.urlaubcornwall.de\/blog\/#website\"},\"datePublished\":\"2020-04-28T09:15:34+00:00\",\"dateModified\":\"2025-08-28T09:21:50+00:00\",\"description\":\"Organisierte Gruppenreisen und Touren durch Cornwall, S\u00fcdengland und London - Ob Familienreise, Firmenreise, Verbands- oder Vereinsreise oder eine Gruppenreise am Wochenende \u2013 wir bieten Ihnen ma\u00dfgeschneiderte Gruppenreisen ganz nach Ihren W\u00fcnschen an.\",\"breadcrumb\":{\"@id\":\"https:\/\/www.urlaubcornwall.de\/blog\/gruppenreisen-in-cornwall-suedengland-london-2021\/#breadcrumb\"},\"inLanguage\":\"en-US\",\"potentialAction\":[{\"@type\":\"ReadAction\",\"target\":[\"https:\/\/www.urlaubcornwall.de\/blog\/gruppenreisen-in-cornwall-suedengland-london-2021\/\"]}]},{\"@type\":\"BreadcrumbList\",\"@id\":\"https:\/\/www.urlaubcornwall.de\/blog\/gruppenreisen-in-cornwall-suedengland-london-2021\/#breadcrumb\",\"itemListElement\":[{\"@type\":\"ListItem\",\"position\":1,\"name\":\"Home\",\"item\":\"https:\/\/www.urlaubcornwall.de\/blog\/\"},{\"@type\":\"ListItem\",\"position\":2,\"name\":\"Gruppenreisen in Cornwall, S\u00fcdengland &#038; London 2026\"}]}]}<\/script>\n<!-- \/ Yoast SEO plugin. -->","yoast_head_json":{"title":"Gruppenreisen in Cornwall, S\u00fcdengland & London 2026 - Urlaub &amp; Reisen","description":"Organisierte Gruppenreisen und Touren durch Cornwall, S\u00fcdengland und London - Ob Familienreise, Firmenreise, Verbands- oder Vereinsreise oder eine Gruppenreise am Wochenende \u2013 wir bieten Ihnen ma\u00dfgeschneiderte Gruppenreisen ganz nach Ihren W\u00fcnschen an.","robots":{"index":"index","follow":"follow","max-snippet":"max-snippet:-1","max-image-preview":"max-image-preview:large","max-video-preview":"max-video-preview:-1"},"canonical":"https:\/\/www.urlaubcornwall.de\/blog\/gruppenreisen-in-cornwall-suedengland-london-2021\/","og_locale":"en_US","og_type":"article","og_title":"Gruppenreisen in Cornwall, S\u00fcdengland & London 2026 - Urlaub &amp; Reisen","og_description":"Organisierte Gruppenreisen und Touren durch Cornwall, S\u00fcdengland und London - Ob Familienreise, Firmenreise, Verbands- oder Vereinsreise oder eine Gruppenreise am Wochenende \u2013 wir bieten Ihnen ma\u00dfgeschneiderte Gruppenreisen ganz nach Ihren W\u00fcnschen an.","og_url":"https:\/\/www.urlaubcornwall.de\/blog\/gruppenreisen-in-cornwall-suedengland-london-2021\/","og_site_name":"Urlaub &amp; Reisen","article_modified_time":"2025-08-28T09:21:50+00:00","og_image":[{"url":"https:\/\/www.urlaubcornwall.de\/blog\/wp-content\/uploads\/2024\/03\/porthleven_urlaub_edit.jpg"}],"twitter_card":"summary","twitter_misc":{"Est. reading time":"2 minutes"},"schema":{"@context":"https:\/\/schema.org","@graph":[{"@type":"WebSite","@id":"https:\/\/www.urlaubcornwall.de\/blog\/#website","url":"https:\/\/www.urlaubcornwall.de\/blog\/","name":"Urlaub &amp; Reisen","description":"Urlaub, Reisen, Cornwall und S\u00fcdengland: eine perfekte Kombination","potentialAction":[{"@type":"SearchAction","target":{"@type":"EntryPoint","urlTemplate":"https:\/\/www.urlaubcornwall.de\/blog\/?s={search_term_string}"},"query-input":"required name=search_term_string"}],"inLanguage":"en-US"},{"@type":"WebPage","@id":"https:\/\/www.urlaubcornwall.de\/blog\/gruppenreisen-in-cornwall-suedengland-london-2021\/","url":"https:\/\/www.urlaubcornwall.de\/blog\/gruppenreisen-in-cornwall-suedengland-london-2021\/","name":"Gruppenreisen in Cornwall, S\u00fcdengland & London 2026 - Urlaub &amp; Reisen","isPartOf":{"@id":"https:\/\/www.urlaubcornwall.de\/blog\/#website"},"datePublished":"2020-04-28T09:15:34+00:00","dateModified":"2025-08-28T09:21:50+00:00","description":"Organisierte Gruppenreisen und Touren durch Cornwall, S\u00fcdengland und London - Ob Familienreise, Firmenreise, Verbands- oder Vereinsreise oder eine Gruppenreise am Wochenende \u2013 wir bieten Ihnen ma\u00dfgeschneiderte Gruppenreisen ganz nach Ihren W\u00fcnschen an.","breadcrumb":{"@id":"https:\/\/www.urlaubcornwall.de\/blog\/gruppenreisen-in-cornwall-suedengland-london-2021\/#breadcrumb"},"inLanguage":"en-US","potentialAction":[{"@type":"ReadAction","target":["https:\/\/www.urlaubcornwall.de\/blog\/gruppenreisen-in-cornwall-suedengland-london-2021\/"]}]},{"@type":"BreadcrumbList","@id":"https:\/\/www.urlaubcornwall.de\/blog\/gruppenreisen-in-cornwall-suedengland-london-2021\/#breadcrumb","itemListElement":[{"@type":"ListItem","position":1,"name":"Home","item":"https:\/\/www.urlaubcornwall.de\/blog\/"},{"@type":"ListItem","position":2,"name":"Gruppenreisen in Cornwall, S\u00fcdengland &#038; London 2026"}]}]}},"_links":{"self":[{"href":"https:\/\/www.urlaubcornwall.de\/blog\/wp-json\/wp\/v2\/pages\/40013"}],"collection":[{"href":"https:\/\/www.urlaubcornwall.de\/blog\/wp-json\/wp\/v2\/pages"}],"about":[{"href":"https:\/\/www.urlaubcornwall.de\/blog\/wp-json\/wp\/v2\/types\/page"}],"author":[{"embeddable":true,"href":"https:\/\/www.urlaubcornwall.de\/blog\/wp-json\/wp\/v2\/users\/1"}],"replies":[{"embeddable":true,"href":"https:\/\/www.urlaubcornwall.de\/blog\/wp-json\/wp\/v2\/comments?post=40013"}],"version-history":[{"count":9,"href":"https:\/\/www.urlaubcornwall.de\/blog\/wp-json\/wp\/v2\/pages\/40013\/revisions"}],"predecessor-version":[{"id":51886,"href":"https:\/\/www.urlaubcornwall.de\/blog\/wp-json\/wp\/v2\/pages\/40013\/revisions\/51886"}],"wp:attachment":[{"href":"https:\/\/www.urlaubcornwall.de\/blog\/wp-json\/wp\/v2\/media?parent=40013"}],"curies":[{"name":"wp","href":"https:\/\/api.w.org\/{rel}","templated":true}]}}