{"id":39954,"date":"2020-04-15T10:34:36","date_gmt":"2020-04-15T10:34:36","guid":{"rendered":"https:\/\/www.urlaubcornwall.de\/blog\/?page_id=39954"},"modified":"2022-03-18T08:06:36","modified_gmt":"2022-03-18T08:06:36","slug":"urlaub-auf-die-isles-of-scilly-coronavirus","status":"publish","type":"page","link":"https:\/\/www.urlaubcornwall.de\/blog\/urlaub-auf-die-isles-of-scilly-coronavirus\/","title":{"rendered":"Urlaub auf die Isles of Scilly &#038; Coronavirus (COVID-19)"},"content":{"rendered":"<p><img loading=\"lazy\" class=\"aligncenter size-full wp-image-24086\" src=\"https:\/\/www.urlaubcornwall.de\/blog\/wp-content\/uploads\/2016\/05\/par-strand-scilly.jpg\" alt=\"scilly inseln urlaub Coronavirus\" width=\"749\" height=\"399\"\/><\/p>\n<p><strong>Einschr\u00e4nkungen f\u00fcr internationale Besucher, die nach Gro\u00dfbritannien einreisen<\/strong><\/p>\n<p><strong>J\u00fcngstes Update<\/strong> &#8211; Vom 11. Februar 2022 ist es nicht mehr n\u00f6tig, sich bei Ankunft im UK einem Coronavirustest zu unterziehen, sofern Besucher vollst\u00e4ndig geimpft sind. Reisende werden ins Land kommen k\u00f6nnen, ohne vor oder nach der Reise einen Test durchf\u00fchren zu m\u00fcssen.<\/p>\n<p>Passagiere, die nicht vollst\u00e4ndig geimpft sind, m\u00fcssen nicht l\u00e4nger am 8. Tag nach ihrer Ankunft einen Test durchf\u00fchren, noch brauchen sie sich isolieren. <\/p>\n<p><strong>UrlaubCornwall.de \u2013 der Reiseservice f\u00fcr die Scilly-Inseln<\/strong> &#8211; Wir sind Experten, was die <a href=\"https:\/\/www.urlaubcornwall.de\/Scilly-Inseln.php\">Scilly Inseln<\/a> und Cornwall- betrifft und Ihnen gerne dabei behilflich, die Scilly Inseln auf einer Rundreise durch Cornwall mit einzubeziehen. Wir sind in Cornwall ans\u00e4ssig und f\u00fchren die informativste Webseite f\u00fcr Urlaub und Reisen in Cornwall. Dank unserer guten Ortskenntnisse k\u00f6nnen wir den perfekten Urlaub auf den Scilly-Inseln f\u00fcr Sie zusammenstellen.<\/p>\n<p style=\"text-align: center;\"><a class=\"tidycta\" href=\"https:\/\/www.urlaubcornwall.de\/Scilly-Inseln\/reiseservice.php\">Urlaub Scilly 2021<\/a><\/p>\n<p><script async src=\"https:\/\/pagead2.googlesyndication.com\/pagead\/js\/adsbygoogle.js?client=ca-pub-3901089389175725\"\n     crossorigin=\"anonymous\"><\/script><br \/>\n<!-- New UC --><br \/>\n<ins class=\"adsbygoogle\"\n     style=\"display:block\"\n     data-ad-client=\"ca-pub-3901089389175725\"\n     data-ad-slot=\"8080314818\"\n     data-ad-format=\"auto\"\n     data-full-width-responsive=\"true\"><\/ins><br \/>\n<script>\n     (adsbygoogle = window.adsbygoogle || []).push({});\n<\/script><\/p>\n<p>Ferienh\u00e4user Coronavirus K\u00fcndigungsgarantie &#8211; <a href=\"https:\/\/www.urlaubcornwall.de\/blog\/buchen-sie-voller-vertrauen-ihr-cornwall-ferienhaus-nach-coronavirus\/\">Eine Garantie f\u00fcr eine kostenfreie Stornierung<\/a><\/p>\n<p><img loading=\"lazy\" class=\"aligncenter size-full wp-image-38137\" src=\"https:\/\/www.urlaubcornwall.de\/blog\/wp-content\/uploads\/2019\/04\/Charmante-D\u00f6rfer-cornwall.jpg\" alt=\"Charmante Ferienhaus cornwall\" width=\"750\" height=\"498\"\/><\/p>\n<p>Nach dem Coronavirus sind <a href=\"https:\/\/www.urlaubcornwall.de\/ferienhaeuser-fewos\/cornwall.html\">Selbstversorgerunterk\u00fcnfte<\/a> die beste Option f\u00fcr einen Urlaub in Cornwall. Reisende k\u00f6nnen in ihrem eigenen Bereich bleiben mit der M\u00f6glichkeit, sich selbst zu versorgen oder nach Belieben Restaurants und Caf\u00e9s aufzusuchen. <\/p>\n<p>Cornwall bietet eine riesige Auswahl an herrlichen Unterk\u00fcnften, von stilvollen modernen Urlaubsappartements in beliebten St\u00e4dten wie <a href=\"https:\/\/www.urlaubcornwall.de\/ferienhaeuser-fewos\/st-ives.html\">St Ives<\/a> und <a href=\"https:\/\/www.urlaubcornwall.de\/ferienhaeuser-fewos\/falmouth.html\">Falmouth<\/a>, bis hin zu traditionellen Fischercottages in historischen Fischerd\u00f6rfern wie <a href=\"https:\/\/www.urlaubcornwall.de\/ferienhaeuser-fewos\/padstow.html\">Padstow<\/a>, Coverack und Polperro. Wir haben mehr als 600 handverlesene und inspizierte <a href=\"https:\/\/www.urlaubcornwall.de\/ferienhaeuser\/cornwall.php\">Ferienh\u00e4user in Cornwall<\/a> im Angebot.<\/p>\n<p style=\"text-align: center;\"><a class=\"tidycta\" href=\"https:\/\/www.urlaubcornwall.de\/ferienhaeuser-fewos\/cornwall.html\">Suche Ferienh\u00e4user Cornwall<\/a><\/p>\n<p>Vorbereitungen f\u00fcr Ihren Urlaub in einem Ferienhaus in Cornwall &#8211; Extra Sorgfalt walten lassen: Nach Covid-19 wird Ihr Urlaub in Cornwall verst\u00e4ndlicherweise ein wenig anders ausschauen. Daher wollten wir sicherstellen, dass Sie sich sicher und gut vorbereitet f\u00fcr Ihre Reise f\u00fchlen&#8230;. <a href=\"https:\/\/www.urlaubcornwall.de\/blog\/vorbereitungen-fuer-ihren-urlaub-in-einem-ferienhaus-in-cornwall\/\">[ Mehr ]<\/a><\/p>\n<p><strong>Hotelbuchungen in Cornwall &#038; auf die Isles of Scilly<\/strong><\/p>\n<p>S\u00e4mtliche Hotels in Cornwall haben wiederer\u00f6ffnet mit Distanzierungsma\u00dfnahmen, um bestm\u00f6gliche Sicherheit zu gew\u00e4hren, und es den G\u00e4sten zu erm\u00f6glichen, Cornwall zu genie\u00dfen.<\/p>\n<p>Es gibt eine riesige Auswahl, aus der Sie w\u00e4hlen k\u00f6nnen, doch wir, die wir unseren Firmensitz in Cornwall haben, haben <a href=\"https:\/\/www.urlaubcornwall.de\/hotels.php\">eine pers\u00f6nliche Auswahl unserer Lieblingshotels zusammengestellt<\/a>. <\/p>\n","protected":false},"excerpt":{"rendered":"<p>Einschr\u00e4nkungen f\u00fcr internationale Besucher, die nach Gro\u00dfbritannien einreisen J\u00fcngstes Update &#8211; Vom 11. Februar 2022 ist es nicht mehr n\u00f6tig, sich bei Ankunft im UK einem Coronavirustest zu unterziehen, sofern Besucher vollst\u00e4ndig geimpft sind. Reisende werden ins Land kommen k\u00f6nnen, ohne vor oder nach der Reise einen Test durchf\u00fchren zu m\u00fcssen. Passagiere, die nicht vollst\u00e4ndig [&hellip;]<\/p>\n","protected":false},"author":1,"featured_media":0,"parent":0,"menu_order":0,"comment_status":"closed","ping_status":"closed","template":"single-four.php","meta":[],"acf":[],"yoast_head":"<!-- This site is optimized with the Yoast SEO plugin v19.4 - https:\/\/yoast.com\/wordpress\/plugins\/seo\/ -->\n<title>Urlaub auf die Isles of Scilly &amp; Coronavirus (COVID-19) - Urlaub &amp; Reisen<\/title>\n<meta name=\"description\" content=\"Die Britische Regierung hat ihre Empfehlung aktualisiert, und diese besagt nun, dass s\u00e4mtliche Urlaube und nicht unbedingt notwendige Reisen \/ Fahrten innerhalb des UK nun tabu sein sollten, um die Ausbreitung des Coronavirus (COVID-19) zu verlangsamen. W\u00e4hrend der Zeit der Ausgangsbeschr\u00e4nkungen sollten Besucher nicht nach Cornwall kommen, so dass die Ausbreitung des Virus verlangsamt werden kann, so dass Sie sich selbst sch\u00fctzen, sowie die Gemeinden in Cornwall.\" \/>\n<meta name=\"robots\" content=\"index, follow, max-snippet:-1, max-image-preview:large, max-video-preview:-1\" \/>\n<link rel=\"canonical\" href=\"https:\/\/www.urlaubcornwall.de\/blog\/urlaub-auf-die-isles-of-scilly-coronavirus\/\" \/>\n<meta property=\"og:locale\" content=\"en_US\" \/>\n<meta property=\"og:type\" content=\"article\" \/>\n<meta property=\"og:title\" content=\"Urlaub auf die Isles of Scilly &amp; Coronavirus (COVID-19) - Urlaub &amp; Reisen\" \/>\n<meta property=\"og:description\" content=\"Die Britische Regierung hat ihre Empfehlung aktualisiert, und diese besagt nun, dass s\u00e4mtliche Urlaube und nicht unbedingt notwendige Reisen \/ Fahrten innerhalb des UK nun tabu sein sollten, um die Ausbreitung des Coronavirus (COVID-19) zu verlangsamen. W\u00e4hrend der Zeit der Ausgangsbeschr\u00e4nkungen sollten Besucher nicht nach Cornwall kommen, so dass die Ausbreitung des Virus verlangsamt werden kann, so dass Sie sich selbst sch\u00fctzen, sowie die Gemeinden in Cornwall.\" \/>\n<meta property=\"og:url\" content=\"https:\/\/www.urlaubcornwall.de\/blog\/urlaub-auf-die-isles-of-scilly-coronavirus\/\" \/>\n<meta property=\"og:site_name\" content=\"Urlaub &amp; Reisen\" \/>\n<meta property=\"article:modified_time\" content=\"2022-03-18T08:06:36+00:00\" \/>\n<meta property=\"og:image\" content=\"https:\/\/www.urlaubcornwall.de\/blog\/wp-content\/uploads\/2016\/05\/par-strand-scilly.jpg\" \/>\n<meta name=\"twitter:card\" content=\"summary\" \/>\n<meta name=\"twitter:label1\" content=\"Est. reading time\" \/>\n\t<meta name=\"twitter:data1\" content=\"2 minutes\" \/>\n<script type=\"application\/ld+json\" class=\"yoast-schema-graph\">{\"@context\":\"https:\/\/schema.org\",\"@graph\":[{\"@type\":\"WebSite\",\"@id\":\"https:\/\/www.urlaubcornwall.de\/blog\/#website\",\"url\":\"https:\/\/www.urlaubcornwall.de\/blog\/\",\"name\":\"Urlaub &amp; Reisen\",\"description\":\"Urlaub, Reisen, Cornwall und S\u00fcdengland: eine perfekte Kombination\",\"potentialAction\":[{\"@type\":\"SearchAction\",\"target\":{\"@type\":\"EntryPoint\",\"urlTemplate\":\"https:\/\/www.urlaubcornwall.de\/blog\/?s={search_term_string}\"},\"query-input\":\"required name=search_term_string\"}],\"inLanguage\":\"en-US\"},{\"@type\":\"WebPage\",\"@id\":\"https:\/\/www.urlaubcornwall.de\/blog\/urlaub-auf-die-isles-of-scilly-coronavirus\/\",\"url\":\"https:\/\/www.urlaubcornwall.de\/blog\/urlaub-auf-die-isles-of-scilly-coronavirus\/\",\"name\":\"Urlaub auf die Isles of Scilly & Coronavirus (COVID-19) - Urlaub &amp; Reisen\",\"isPartOf\":{\"@id\":\"https:\/\/www.urlaubcornwall.de\/blog\/#website\"},\"datePublished\":\"2020-04-15T10:34:36+00:00\",\"dateModified\":\"2022-03-18T08:06:36+00:00\",\"description\":\"Die Britische Regierung hat ihre Empfehlung aktualisiert, und diese besagt nun, dass s\u00e4mtliche Urlaube und nicht unbedingt notwendige Reisen \/ Fahrten innerhalb des UK nun tabu sein sollten, um die Ausbreitung des Coronavirus (COVID-19) zu verlangsamen. W\u00e4hrend der Zeit der Ausgangsbeschr\u00e4nkungen sollten Besucher nicht nach Cornwall kommen, so dass die Ausbreitung des Virus verlangsamt werden kann, so dass Sie sich selbst sch\u00fctzen, sowie die Gemeinden in Cornwall.\",\"breadcrumb\":{\"@id\":\"https:\/\/www.urlaubcornwall.de\/blog\/urlaub-auf-die-isles-of-scilly-coronavirus\/#breadcrumb\"},\"inLanguage\":\"en-US\",\"potentialAction\":[{\"@type\":\"ReadAction\",\"target\":[\"https:\/\/www.urlaubcornwall.de\/blog\/urlaub-auf-die-isles-of-scilly-coronavirus\/\"]}]},{\"@type\":\"BreadcrumbList\",\"@id\":\"https:\/\/www.urlaubcornwall.de\/blog\/urlaub-auf-die-isles-of-scilly-coronavirus\/#breadcrumb\",\"itemListElement\":[{\"@type\":\"ListItem\",\"position\":1,\"name\":\"Home\",\"item\":\"https:\/\/www.urlaubcornwall.de\/blog\/\"},{\"@type\":\"ListItem\",\"position\":2,\"name\":\"Urlaub auf die Isles of Scilly &#038; Coronavirus (COVID-19)\"}]}]}<\/script>\n<!-- \/ Yoast SEO plugin. -->","yoast_head_json":{"title":"Urlaub auf die Isles of Scilly & Coronavirus (COVID-19) - Urlaub &amp; Reisen","description":"Die Britische Regierung hat ihre Empfehlung aktualisiert, und diese besagt nun, dass s\u00e4mtliche Urlaube und nicht unbedingt notwendige Reisen \/ Fahrten innerhalb des UK nun tabu sein sollten, um die Ausbreitung des Coronavirus (COVID-19) zu verlangsamen. W\u00e4hrend der Zeit der Ausgangsbeschr\u00e4nkungen sollten Besucher nicht nach Cornwall kommen, so dass die Ausbreitung des Virus verlangsamt werden kann, so dass Sie sich selbst sch\u00fctzen, sowie die Gemeinden in Cornwall.","robots":{"index":"index","follow":"follow","max-snippet":"max-snippet:-1","max-image-preview":"max-image-preview:large","max-video-preview":"max-video-preview:-1"},"canonical":"https:\/\/www.urlaubcornwall.de\/blog\/urlaub-auf-die-isles-of-scilly-coronavirus\/","og_locale":"en_US","og_type":"article","og_title":"Urlaub auf die Isles of Scilly & Coronavirus (COVID-19) - Urlaub &amp; Reisen","og_description":"Die Britische Regierung hat ihre Empfehlung aktualisiert, und diese besagt nun, dass s\u00e4mtliche Urlaube und nicht unbedingt notwendige Reisen \/ Fahrten innerhalb des UK nun tabu sein sollten, um die Ausbreitung des Coronavirus (COVID-19) zu verlangsamen. W\u00e4hrend der Zeit der Ausgangsbeschr\u00e4nkungen sollten Besucher nicht nach Cornwall kommen, so dass die Ausbreitung des Virus verlangsamt werden kann, so dass Sie sich selbst sch\u00fctzen, sowie die Gemeinden in Cornwall.","og_url":"https:\/\/www.urlaubcornwall.de\/blog\/urlaub-auf-die-isles-of-scilly-coronavirus\/","og_site_name":"Urlaub &amp; Reisen","article_modified_time":"2022-03-18T08:06:36+00:00","og_image":[{"url":"https:\/\/www.urlaubcornwall.de\/blog\/wp-content\/uploads\/2016\/05\/par-strand-scilly.jpg"}],"twitter_card":"summary","twitter_misc":{"Est. reading time":"2 minutes"},"schema":{"@context":"https:\/\/schema.org","@graph":[{"@type":"WebSite","@id":"https:\/\/www.urlaubcornwall.de\/blog\/#website","url":"https:\/\/www.urlaubcornwall.de\/blog\/","name":"Urlaub &amp; Reisen","description":"Urlaub, Reisen, Cornwall und S\u00fcdengland: eine perfekte Kombination","potentialAction":[{"@type":"SearchAction","target":{"@type":"EntryPoint","urlTemplate":"https:\/\/www.urlaubcornwall.de\/blog\/?s={search_term_string}"},"query-input":"required name=search_term_string"}],"inLanguage":"en-US"},{"@type":"WebPage","@id":"https:\/\/www.urlaubcornwall.de\/blog\/urlaub-auf-die-isles-of-scilly-coronavirus\/","url":"https:\/\/www.urlaubcornwall.de\/blog\/urlaub-auf-die-isles-of-scilly-coronavirus\/","name":"Urlaub auf die Isles of Scilly & Coronavirus (COVID-19) - Urlaub &amp; Reisen","isPartOf":{"@id":"https:\/\/www.urlaubcornwall.de\/blog\/#website"},"datePublished":"2020-04-15T10:34:36+00:00","dateModified":"2022-03-18T08:06:36+00:00","description":"Die Britische Regierung hat ihre Empfehlung aktualisiert, und diese besagt nun, dass s\u00e4mtliche Urlaube und nicht unbedingt notwendige Reisen \/ Fahrten innerhalb des UK nun tabu sein sollten, um die Ausbreitung des Coronavirus (COVID-19) zu verlangsamen. W\u00e4hrend der Zeit der Ausgangsbeschr\u00e4nkungen sollten Besucher nicht nach Cornwall kommen, so dass die Ausbreitung des Virus verlangsamt werden kann, so dass Sie sich selbst sch\u00fctzen, sowie die Gemeinden in Cornwall.","breadcrumb":{"@id":"https:\/\/www.urlaubcornwall.de\/blog\/urlaub-auf-die-isles-of-scilly-coronavirus\/#breadcrumb"},"inLanguage":"en-US","potentialAction":[{"@type":"ReadAction","target":["https:\/\/www.urlaubcornwall.de\/blog\/urlaub-auf-die-isles-of-scilly-coronavirus\/"]}]},{"@type":"BreadcrumbList","@id":"https:\/\/www.urlaubcornwall.de\/blog\/urlaub-auf-die-isles-of-scilly-coronavirus\/#breadcrumb","itemListElement":[{"@type":"ListItem","position":1,"name":"Home","item":"https:\/\/www.urlaubcornwall.de\/blog\/"},{"@type":"ListItem","position":2,"name":"Urlaub auf die Isles of Scilly &#038; Coronavirus (COVID-19)"}]}]}},"_links":{"self":[{"href":"https:\/\/www.urlaubcornwall.de\/blog\/wp-json\/wp\/v2\/pages\/39954"}],"collection":[{"href":"https:\/\/www.urlaubcornwall.de\/blog\/wp-json\/wp\/v2\/pages"}],"about":[{"href":"https:\/\/www.urlaubcornwall.de\/blog\/wp-json\/wp\/v2\/types\/page"}],"author":[{"embeddable":true,"href":"https:\/\/www.urlaubcornwall.de\/blog\/wp-json\/wp\/v2\/users\/1"}],"replies":[{"embeddable":true,"href":"https:\/\/www.urlaubcornwall.de\/blog\/wp-json\/wp\/v2\/comments?post=39954"}],"version-history":[{"count":52,"href":"https:\/\/www.urlaubcornwall.de\/blog\/wp-json\/wp\/v2\/pages\/39954\/revisions"}],"predecessor-version":[{"id":44657,"href":"https:\/\/www.urlaubcornwall.de\/blog\/wp-json\/wp\/v2\/pages\/39954\/revisions\/44657"}],"wp:attachment":[{"href":"https:\/\/www.urlaubcornwall.de\/blog\/wp-json\/wp\/v2\/media?parent=39954"}],"curies":[{"name":"wp","href":"https:\/\/api.w.org\/{rel}","templated":true}]}}