{"id":39944,"date":"2020-04-09T14:05:26","date_gmt":"2020-04-09T14:05:26","guid":{"rendered":"https:\/\/www.urlaubcornwall.de\/blog\/?page_id=39944"},"modified":"2020-04-09T14:05:26","modified_gmt":"2020-04-09T14:05:26","slug":"yeovil-urlaub-in-somerset-und-suedengland","status":"publish","type":"page","link":"https:\/\/www.urlaubcornwall.de\/blog\/yeovil-urlaub-in-somerset-und-suedengland\/","title":{"rendered":"Yeovil \u2013 Urlaub in Somerset und S\u00fcdengland"},"content":{"rendered":"<p><img loading=\"lazy\" class=\"aligncenter size-full wp-image-39933\" src=\"https:\/\/www.urlaubcornwall.de\/blog\/wp-content\/uploads\/2020\/04\/whachet_urlaub_somerset-1.jpg\" alt=\"yoevil_urlaub_somerset\" width=\"750\" height=\"500\" srcset=\"https:\/\/www.urlaubcornwall.de\/blog\/wp-content\/uploads\/2020\/04\/whachet_urlaub_somerset-1.jpg 750w, https:\/\/www.urlaubcornwall.de\/blog\/wp-content\/uploads\/2020\/04\/whachet_urlaub_somerset-1-300x200.jpg 300w\" sizes=\"(max-width: 750px) 100vw, 750px\" \/><\/p>\n<p>Als eine von <a href=\"https:\/\/www.urlaubcornwall.de\/ferienhaeuser-fewos\/eng\/somerset\/somerset.html\">Somersets<\/a> gr\u00f6\u00dferen St\u00e4dten, ist Yeovil ein lebendiges st\u00e4dtisches Zentrum. Es geschieht hier eine Menge \u2013 es gibt zwei Theater, ein Kino mit zehn Leinw\u00e4nden und Dutzende Restaurants. Dies bedeutet, dass Yeovil ein buntes Nachtleben hat. Im Norden Yeovils bei Yeovilton ist das Fleet Air Arm Museum mit einer enormen Anzahl an Flugzeugen und am\u00fcsanten High-Tech interaktiven Exponaten.<\/p>\n<p style=\"text-align: center;\"><a class=\"tidycta\" href=\"https:\/\/www.urlaubcornwall.de\/ferienhaeuser-fewos\/eng\/somerset\/porlock.html\">Ferienh\u00e4user in Porlock<\/a><\/p>\n<p>Bei uns finden Sie Ferienh\u00e4user zum Verlieben &#8211; so einfach ist das! W\u00e4hlen Sie aus \u00fcber 1000 pers\u00f6nlich inspizierten Ferienh\u00e4usern, Cottages &#038; Ferienwohnungen in <a href=\"https:\/\/www.urlaubcornwall.de\/ferienhaeuser\/suedengland.php\">S\u00fcdengland<\/a>.<\/p>\n","protected":false},"excerpt":{"rendered":"<p>Als eine von Somersets gr\u00f6\u00dferen St\u00e4dten, ist Yeovil ein lebendiges st\u00e4dtisches Zentrum. Es geschieht hier eine Menge \u2013 es gibt zwei Theater, ein Kino mit zehn Leinw\u00e4nden und Dutzende Restaurants. Dies bedeutet, dass Yeovil ein buntes Nachtleben hat. Im Norden Yeovils bei Yeovilton ist das Fleet Air Arm Museum mit einer enormen Anzahl an Flugzeugen [&hellip;]<\/p>\n","protected":false},"author":1,"featured_media":0,"parent":0,"menu_order":0,"comment_status":"closed","ping_status":"closed","template":"single-four.php","meta":[],"acf":[],"yoast_head":"<!-- This site is optimized with the Yoast SEO plugin v19.4 - https:\/\/yoast.com\/wordpress\/plugins\/seo\/ -->\n<title>Yeovil \u2013 Urlaub in Somerset und S\u00fcdengland - Urlaub &amp; Reisen<\/title>\n<meta name=\"description\" content=\"Als eine von Somersets gr\u00f6\u00dferen St\u00e4dten, ist Yeovil ein lebendiges st\u00e4dtisches Zentrum. Es geschieht hier eine Menge \u2013 es gibt zwei Theater, ein Kino mit zehn Leinw\u00e4nden und Dutzende Restaurants. Dies bedeutet, dass Yeovil ein buntes Nachtleben hat. Im Norden Yeovils bei Yeovilton ist das Fleet Air Arm Museum mit einer enormen Anzahl an Flugzeugen und am\u00fcsanten High-Tech interaktiven Exponaten.\" \/>\n<meta name=\"robots\" content=\"index, follow, max-snippet:-1, max-image-preview:large, max-video-preview:-1\" \/>\n<link rel=\"canonical\" href=\"https:\/\/www.urlaubcornwall.de\/blog\/yeovil-urlaub-in-somerset-und-suedengland\/\" \/>\n<meta property=\"og:locale\" content=\"en_US\" \/>\n<meta property=\"og:type\" content=\"article\" \/>\n<meta property=\"og:title\" content=\"Yeovil \u2013 Urlaub in Somerset und S\u00fcdengland - Urlaub &amp; Reisen\" \/>\n<meta property=\"og:description\" content=\"Als eine von Somersets gr\u00f6\u00dferen St\u00e4dten, ist Yeovil ein lebendiges st\u00e4dtisches Zentrum. Es geschieht hier eine Menge \u2013 es gibt zwei Theater, ein Kino mit zehn Leinw\u00e4nden und Dutzende Restaurants. Dies bedeutet, dass Yeovil ein buntes Nachtleben hat. Im Norden Yeovils bei Yeovilton ist das Fleet Air Arm Museum mit einer enormen Anzahl an Flugzeugen und am\u00fcsanten High-Tech interaktiven Exponaten.\" \/>\n<meta property=\"og:url\" content=\"https:\/\/www.urlaubcornwall.de\/blog\/yeovil-urlaub-in-somerset-und-suedengland\/\" \/>\n<meta property=\"og:site_name\" content=\"Urlaub &amp; Reisen\" \/>\n<meta property=\"og:image\" content=\"https:\/\/www.urlaubcornwall.de\/blog\/wp-content\/uploads\/2020\/04\/whachet_urlaub_somerset-1.jpg\" \/>\n<meta name=\"twitter:card\" content=\"summary\" \/>\n<script type=\"application\/ld+json\" class=\"yoast-schema-graph\">{\"@context\":\"https:\/\/schema.org\",\"@graph\":[{\"@type\":\"WebSite\",\"@id\":\"https:\/\/www.urlaubcornwall.de\/blog\/#website\",\"url\":\"https:\/\/www.urlaubcornwall.de\/blog\/\",\"name\":\"Urlaub &amp; Reisen\",\"description\":\"Urlaub, Reisen, Cornwall und S\u00fcdengland: eine perfekte Kombination\",\"potentialAction\":[{\"@type\":\"SearchAction\",\"target\":{\"@type\":\"EntryPoint\",\"urlTemplate\":\"https:\/\/www.urlaubcornwall.de\/blog\/?s={search_term_string}\"},\"query-input\":\"required name=search_term_string\"}],\"inLanguage\":\"en-US\"},{\"@type\":\"WebPage\",\"@id\":\"https:\/\/www.urlaubcornwall.de\/blog\/yeovil-urlaub-in-somerset-und-suedengland\/\",\"url\":\"https:\/\/www.urlaubcornwall.de\/blog\/yeovil-urlaub-in-somerset-und-suedengland\/\",\"name\":\"Yeovil \u2013 Urlaub in Somerset und S\u00fcdengland - Urlaub &amp; Reisen\",\"isPartOf\":{\"@id\":\"https:\/\/www.urlaubcornwall.de\/blog\/#website\"},\"datePublished\":\"2020-04-09T14:05:26+00:00\",\"dateModified\":\"2020-04-09T14:05:26+00:00\",\"description\":\"Als eine von Somersets gr\u00f6\u00dferen St\u00e4dten, ist Yeovil ein lebendiges st\u00e4dtisches Zentrum. Es geschieht hier eine Menge \u2013 es gibt zwei Theater, ein Kino mit zehn Leinw\u00e4nden und Dutzende Restaurants. Dies bedeutet, dass Yeovil ein buntes Nachtleben hat. Im Norden Yeovils bei Yeovilton ist das Fleet Air Arm Museum mit einer enormen Anzahl an Flugzeugen und am\u00fcsanten High-Tech interaktiven Exponaten.\",\"breadcrumb\":{\"@id\":\"https:\/\/www.urlaubcornwall.de\/blog\/yeovil-urlaub-in-somerset-und-suedengland\/#breadcrumb\"},\"inLanguage\":\"en-US\",\"potentialAction\":[{\"@type\":\"ReadAction\",\"target\":[\"https:\/\/www.urlaubcornwall.de\/blog\/yeovil-urlaub-in-somerset-und-suedengland\/\"]}]},{\"@type\":\"BreadcrumbList\",\"@id\":\"https:\/\/www.urlaubcornwall.de\/blog\/yeovil-urlaub-in-somerset-und-suedengland\/#breadcrumb\",\"itemListElement\":[{\"@type\":\"ListItem\",\"position\":1,\"name\":\"Home\",\"item\":\"https:\/\/www.urlaubcornwall.de\/blog\/\"},{\"@type\":\"ListItem\",\"position\":2,\"name\":\"Yeovil \u2013 Urlaub in Somerset und S\u00fcdengland\"}]}]}<\/script>\n<!-- \/ Yoast SEO plugin. -->","yoast_head_json":{"title":"Yeovil \u2013 Urlaub in Somerset und S\u00fcdengland - Urlaub &amp; Reisen","description":"Als eine von Somersets gr\u00f6\u00dferen St\u00e4dten, ist Yeovil ein lebendiges st\u00e4dtisches Zentrum. Es geschieht hier eine Menge \u2013 es gibt zwei Theater, ein Kino mit zehn Leinw\u00e4nden und Dutzende Restaurants. Dies bedeutet, dass Yeovil ein buntes Nachtleben hat. Im Norden Yeovils bei Yeovilton ist das Fleet Air Arm Museum mit einer enormen Anzahl an Flugzeugen und am\u00fcsanten High-Tech interaktiven Exponaten.","robots":{"index":"index","follow":"follow","max-snippet":"max-snippet:-1","max-image-preview":"max-image-preview:large","max-video-preview":"max-video-preview:-1"},"canonical":"https:\/\/www.urlaubcornwall.de\/blog\/yeovil-urlaub-in-somerset-und-suedengland\/","og_locale":"en_US","og_type":"article","og_title":"Yeovil \u2013 Urlaub in Somerset und S\u00fcdengland - Urlaub &amp; Reisen","og_description":"Als eine von Somersets gr\u00f6\u00dferen St\u00e4dten, ist Yeovil ein lebendiges st\u00e4dtisches Zentrum. Es geschieht hier eine Menge \u2013 es gibt zwei Theater, ein Kino mit zehn Leinw\u00e4nden und Dutzende Restaurants. Dies bedeutet, dass Yeovil ein buntes Nachtleben hat. Im Norden Yeovils bei Yeovilton ist das Fleet Air Arm Museum mit einer enormen Anzahl an Flugzeugen und am\u00fcsanten High-Tech interaktiven Exponaten.","og_url":"https:\/\/www.urlaubcornwall.de\/blog\/yeovil-urlaub-in-somerset-und-suedengland\/","og_site_name":"Urlaub &amp; Reisen","og_image":[{"url":"https:\/\/www.urlaubcornwall.de\/blog\/wp-content\/uploads\/2020\/04\/whachet_urlaub_somerset-1.jpg"}],"twitter_card":"summary","schema":{"@context":"https:\/\/schema.org","@graph":[{"@type":"WebSite","@id":"https:\/\/www.urlaubcornwall.de\/blog\/#website","url":"https:\/\/www.urlaubcornwall.de\/blog\/","name":"Urlaub &amp; Reisen","description":"Urlaub, Reisen, Cornwall und S\u00fcdengland: eine perfekte Kombination","potentialAction":[{"@type":"SearchAction","target":{"@type":"EntryPoint","urlTemplate":"https:\/\/www.urlaubcornwall.de\/blog\/?s={search_term_string}"},"query-input":"required name=search_term_string"}],"inLanguage":"en-US"},{"@type":"WebPage","@id":"https:\/\/www.urlaubcornwall.de\/blog\/yeovil-urlaub-in-somerset-und-suedengland\/","url":"https:\/\/www.urlaubcornwall.de\/blog\/yeovil-urlaub-in-somerset-und-suedengland\/","name":"Yeovil \u2013 Urlaub in Somerset und S\u00fcdengland - Urlaub &amp; Reisen","isPartOf":{"@id":"https:\/\/www.urlaubcornwall.de\/blog\/#website"},"datePublished":"2020-04-09T14:05:26+00:00","dateModified":"2020-04-09T14:05:26+00:00","description":"Als eine von Somersets gr\u00f6\u00dferen St\u00e4dten, ist Yeovil ein lebendiges st\u00e4dtisches Zentrum. Es geschieht hier eine Menge \u2013 es gibt zwei Theater, ein Kino mit zehn Leinw\u00e4nden und Dutzende Restaurants. Dies bedeutet, dass Yeovil ein buntes Nachtleben hat. Im Norden Yeovils bei Yeovilton ist das Fleet Air Arm Museum mit einer enormen Anzahl an Flugzeugen und am\u00fcsanten High-Tech interaktiven Exponaten.","breadcrumb":{"@id":"https:\/\/www.urlaubcornwall.de\/blog\/yeovil-urlaub-in-somerset-und-suedengland\/#breadcrumb"},"inLanguage":"en-US","potentialAction":[{"@type":"ReadAction","target":["https:\/\/www.urlaubcornwall.de\/blog\/yeovil-urlaub-in-somerset-und-suedengland\/"]}]},{"@type":"BreadcrumbList","@id":"https:\/\/www.urlaubcornwall.de\/blog\/yeovil-urlaub-in-somerset-und-suedengland\/#breadcrumb","itemListElement":[{"@type":"ListItem","position":1,"name":"Home","item":"https:\/\/www.urlaubcornwall.de\/blog\/"},{"@type":"ListItem","position":2,"name":"Yeovil \u2013 Urlaub in Somerset und S\u00fcdengland"}]}]}},"_links":{"self":[{"href":"https:\/\/www.urlaubcornwall.de\/blog\/wp-json\/wp\/v2\/pages\/39944"}],"collection":[{"href":"https:\/\/www.urlaubcornwall.de\/blog\/wp-json\/wp\/v2\/pages"}],"about":[{"href":"https:\/\/www.urlaubcornwall.de\/blog\/wp-json\/wp\/v2\/types\/page"}],"author":[{"embeddable":true,"href":"https:\/\/www.urlaubcornwall.de\/blog\/wp-json\/wp\/v2\/users\/1"}],"replies":[{"embeddable":true,"href":"https:\/\/www.urlaubcornwall.de\/blog\/wp-json\/wp\/v2\/comments?post=39944"}],"version-history":[{"count":1,"href":"https:\/\/www.urlaubcornwall.de\/blog\/wp-json\/wp\/v2\/pages\/39944\/revisions"}],"predecessor-version":[{"id":39945,"href":"https:\/\/www.urlaubcornwall.de\/blog\/wp-json\/wp\/v2\/pages\/39944\/revisions\/39945"}],"wp:attachment":[{"href":"https:\/\/www.urlaubcornwall.de\/blog\/wp-json\/wp\/v2\/media?parent=39944"}],"curies":[{"name":"wp","href":"https:\/\/api.w.org\/{rel}","templated":true}]}}