{"id":39874,"date":"2020-04-08T09:26:35","date_gmt":"2020-04-08T09:26:35","guid":{"rendered":"https:\/\/www.urlaubcornwall.de\/blog\/?page_id=39874"},"modified":"2020-04-08T09:26:35","modified_gmt":"2020-04-08T09:26:35","slug":"tolpuddle-urlaub-in-dorset-und-suedengland","status":"publish","type":"page","link":"https:\/\/www.urlaubcornwall.de\/blog\/tolpuddle-urlaub-in-dorset-und-suedengland\/","title":{"rendered":"Tolpuddle \u2013 Urlaub in Dorset und S\u00fcdengland"},"content":{"rendered":"<p><img loading=\"lazy\" class=\"aligncenter size-full wp-image-24791\" src=\"https:\/\/www.urlaubcornwall.de\/blog\/wp-content\/uploads\/2016\/07\/hardys-cottage-dorset.jpg\" alt=\"ferienhaus cottage tolpuddle\" width=\"749\" height=\"437\"\/><\/p>\n<p>Zwischen <a href=\"https:\/\/www.urlaubcornwall.de\/ferienhaeuser-fewos\/eng\/dorset\/dorchester.html\">Dorchester<\/a> und <a href=\"https:\/\/www.urlaubcornwall.de\/ferienhaeuser-fewos\/eng\/dorset\/poole.html\">Poole<\/a>, tief in <a href=\"https:\/\/www.urlaubcornwall.de\/ferienhaeuser-fewos\/eng\/dorset\/dorset.html\">Dorsets<\/a> h\u00fcgeliger Landschaft liegend, ist Tolpuddle ein postkartensch\u00f6nes Dorf mit reetgedeckten Cottages, bewachsenen Wegen und einer h\u00fcbschen Kirche. Das Dorf ist bekannt f\u00fcr seine Tolpuddle M\u00e4rtyrer, eine Gruppe landwirtschaftlicher Arbeiter, die versuchten, die erste Gewerkschaft \u00fcberhaupt zu gr\u00fcnden. Ein Museum im Dorf berichtet von dieser Geschichte.<\/p>\n<p style=\"text-align: center;\"><a class=\"tidycta\" href=\"https:\/\/www.urlaubcornwall.de\/ferienhaeuser-fewos\/eng\/dorset\/dorset.html\">Ferienh\u00e4user in Tolpuddle und Dorset<\/a><\/p>\n<p>Bei uns finden Sie Ferienh\u00e4user zum Verlieben &#8211; so einfach ist das! W\u00e4hlen Sie aus \u00fcber 1000 pers\u00f6nlich inspizierten Ferienh\u00e4usern, Cottages &#038; Ferienwohnungen in <a href=\"https:\/\/www.urlaubcornwall.de\/ferienhaeuser\/suedengland.php\">Dorset und S\u00fcdengland<\/a>.<\/p>\n","protected":false},"excerpt":{"rendered":"<p>Zwischen Dorchester und Poole, tief in Dorsets h\u00fcgeliger Landschaft liegend, ist Tolpuddle ein postkartensch\u00f6nes Dorf mit reetgedeckten Cottages, bewachsenen Wegen und einer h\u00fcbschen Kirche. Das Dorf ist bekannt f\u00fcr seine Tolpuddle M\u00e4rtyrer, eine Gruppe landwirtschaftlicher Arbeiter, die versuchten, die erste Gewerkschaft \u00fcberhaupt zu gr\u00fcnden. Ein Museum im Dorf berichtet von dieser Geschichte. Ferienh\u00e4user in Tolpuddle [&hellip;]<\/p>\n","protected":false},"author":1,"featured_media":0,"parent":0,"menu_order":0,"comment_status":"closed","ping_status":"closed","template":"single-four.php","meta":[],"acf":[],"yoast_head":"<!-- This site is optimized with the Yoast SEO plugin v19.4 - https:\/\/yoast.com\/wordpress\/plugins\/seo\/ -->\n<title>Tolpuddle \u2013 Urlaub in Dorset und S\u00fcdengland - Urlaub &amp; Reisen<\/title>\n<meta name=\"description\" content=\"Zwischen Dorchester und Poole, tief in Dorsets h\u00fcgeliger Landschaft liegend, ist Tolpuddle ein postkartensch\u00f6nes Dorf mit reetgedeckten Cottages, bewachsenen Wegen und einer h\u00fcbschen Kirche. Das Dorf ist bekannt f\u00fcr seine Tolpuddle M\u00e4rtyrer, eine Gruppe landwirtschaftlicher Arbeiter, die versuchten, die erste Gewerkschaft \u00fcberhaupt zu gr\u00fcnden. Ein Museum im Dorf berichtet von dieser Geschichte.\" \/>\n<meta name=\"robots\" content=\"index, follow, max-snippet:-1, max-image-preview:large, max-video-preview:-1\" \/>\n<link rel=\"canonical\" href=\"https:\/\/www.urlaubcornwall.de\/blog\/tolpuddle-urlaub-in-dorset-und-suedengland\/\" \/>\n<meta property=\"og:locale\" content=\"en_US\" \/>\n<meta property=\"og:type\" content=\"article\" \/>\n<meta property=\"og:title\" content=\"Tolpuddle \u2013 Urlaub in Dorset und S\u00fcdengland - Urlaub &amp; Reisen\" \/>\n<meta property=\"og:description\" content=\"Zwischen Dorchester und Poole, tief in Dorsets h\u00fcgeliger Landschaft liegend, ist Tolpuddle ein postkartensch\u00f6nes Dorf mit reetgedeckten Cottages, bewachsenen Wegen und einer h\u00fcbschen Kirche. Das Dorf ist bekannt f\u00fcr seine Tolpuddle M\u00e4rtyrer, eine Gruppe landwirtschaftlicher Arbeiter, die versuchten, die erste Gewerkschaft \u00fcberhaupt zu gr\u00fcnden. Ein Museum im Dorf berichtet von dieser Geschichte.\" \/>\n<meta property=\"og:url\" content=\"https:\/\/www.urlaubcornwall.de\/blog\/tolpuddle-urlaub-in-dorset-und-suedengland\/\" \/>\n<meta property=\"og:site_name\" content=\"Urlaub &amp; Reisen\" \/>\n<meta property=\"og:image\" content=\"https:\/\/www.urlaubcornwall.de\/blog\/wp-content\/uploads\/2016\/07\/hardys-cottage-dorset.jpg\" \/>\n<meta name=\"twitter:card\" content=\"summary\" \/>\n<script type=\"application\/ld+json\" class=\"yoast-schema-graph\">{\"@context\":\"https:\/\/schema.org\",\"@graph\":[{\"@type\":\"WebSite\",\"@id\":\"https:\/\/www.urlaubcornwall.de\/blog\/#website\",\"url\":\"https:\/\/www.urlaubcornwall.de\/blog\/\",\"name\":\"Urlaub &amp; Reisen\",\"description\":\"Urlaub, Reisen, Cornwall und S\u00fcdengland: eine perfekte Kombination\",\"potentialAction\":[{\"@type\":\"SearchAction\",\"target\":{\"@type\":\"EntryPoint\",\"urlTemplate\":\"https:\/\/www.urlaubcornwall.de\/blog\/?s={search_term_string}\"},\"query-input\":\"required name=search_term_string\"}],\"inLanguage\":\"en-US\"},{\"@type\":\"WebPage\",\"@id\":\"https:\/\/www.urlaubcornwall.de\/blog\/tolpuddle-urlaub-in-dorset-und-suedengland\/\",\"url\":\"https:\/\/www.urlaubcornwall.de\/blog\/tolpuddle-urlaub-in-dorset-und-suedengland\/\",\"name\":\"Tolpuddle \u2013 Urlaub in Dorset und S\u00fcdengland - Urlaub &amp; Reisen\",\"isPartOf\":{\"@id\":\"https:\/\/www.urlaubcornwall.de\/blog\/#website\"},\"datePublished\":\"2020-04-08T09:26:35+00:00\",\"dateModified\":\"2020-04-08T09:26:35+00:00\",\"description\":\"Zwischen Dorchester und Poole, tief in Dorsets h\u00fcgeliger Landschaft liegend, ist Tolpuddle ein postkartensch\u00f6nes Dorf mit reetgedeckten Cottages, bewachsenen Wegen und einer h\u00fcbschen Kirche. Das Dorf ist bekannt f\u00fcr seine Tolpuddle M\u00e4rtyrer, eine Gruppe landwirtschaftlicher Arbeiter, die versuchten, die erste Gewerkschaft \u00fcberhaupt zu gr\u00fcnden. Ein Museum im Dorf berichtet von dieser Geschichte.\",\"breadcrumb\":{\"@id\":\"https:\/\/www.urlaubcornwall.de\/blog\/tolpuddle-urlaub-in-dorset-und-suedengland\/#breadcrumb\"},\"inLanguage\":\"en-US\",\"potentialAction\":[{\"@type\":\"ReadAction\",\"target\":[\"https:\/\/www.urlaubcornwall.de\/blog\/tolpuddle-urlaub-in-dorset-und-suedengland\/\"]}]},{\"@type\":\"BreadcrumbList\",\"@id\":\"https:\/\/www.urlaubcornwall.de\/blog\/tolpuddle-urlaub-in-dorset-und-suedengland\/#breadcrumb\",\"itemListElement\":[{\"@type\":\"ListItem\",\"position\":1,\"name\":\"Home\",\"item\":\"https:\/\/www.urlaubcornwall.de\/blog\/\"},{\"@type\":\"ListItem\",\"position\":2,\"name\":\"Tolpuddle \u2013 Urlaub in Dorset und S\u00fcdengland\"}]}]}<\/script>\n<!-- \/ Yoast SEO plugin. -->","yoast_head_json":{"title":"Tolpuddle \u2013 Urlaub in Dorset und S\u00fcdengland - Urlaub &amp; Reisen","description":"Zwischen Dorchester und Poole, tief in Dorsets h\u00fcgeliger Landschaft liegend, ist Tolpuddle ein postkartensch\u00f6nes Dorf mit reetgedeckten Cottages, bewachsenen Wegen und einer h\u00fcbschen Kirche. Das Dorf ist bekannt f\u00fcr seine Tolpuddle M\u00e4rtyrer, eine Gruppe landwirtschaftlicher Arbeiter, die versuchten, die erste Gewerkschaft \u00fcberhaupt zu gr\u00fcnden. Ein Museum im Dorf berichtet von dieser Geschichte.","robots":{"index":"index","follow":"follow","max-snippet":"max-snippet:-1","max-image-preview":"max-image-preview:large","max-video-preview":"max-video-preview:-1"},"canonical":"https:\/\/www.urlaubcornwall.de\/blog\/tolpuddle-urlaub-in-dorset-und-suedengland\/","og_locale":"en_US","og_type":"article","og_title":"Tolpuddle \u2013 Urlaub in Dorset und S\u00fcdengland - Urlaub &amp; Reisen","og_description":"Zwischen Dorchester und Poole, tief in Dorsets h\u00fcgeliger Landschaft liegend, ist Tolpuddle ein postkartensch\u00f6nes Dorf mit reetgedeckten Cottages, bewachsenen Wegen und einer h\u00fcbschen Kirche. Das Dorf ist bekannt f\u00fcr seine Tolpuddle M\u00e4rtyrer, eine Gruppe landwirtschaftlicher Arbeiter, die versuchten, die erste Gewerkschaft \u00fcberhaupt zu gr\u00fcnden. Ein Museum im Dorf berichtet von dieser Geschichte.","og_url":"https:\/\/www.urlaubcornwall.de\/blog\/tolpuddle-urlaub-in-dorset-und-suedengland\/","og_site_name":"Urlaub &amp; Reisen","og_image":[{"url":"https:\/\/www.urlaubcornwall.de\/blog\/wp-content\/uploads\/2016\/07\/hardys-cottage-dorset.jpg"}],"twitter_card":"summary","schema":{"@context":"https:\/\/schema.org","@graph":[{"@type":"WebSite","@id":"https:\/\/www.urlaubcornwall.de\/blog\/#website","url":"https:\/\/www.urlaubcornwall.de\/blog\/","name":"Urlaub &amp; Reisen","description":"Urlaub, Reisen, Cornwall und S\u00fcdengland: eine perfekte Kombination","potentialAction":[{"@type":"SearchAction","target":{"@type":"EntryPoint","urlTemplate":"https:\/\/www.urlaubcornwall.de\/blog\/?s={search_term_string}"},"query-input":"required name=search_term_string"}],"inLanguage":"en-US"},{"@type":"WebPage","@id":"https:\/\/www.urlaubcornwall.de\/blog\/tolpuddle-urlaub-in-dorset-und-suedengland\/","url":"https:\/\/www.urlaubcornwall.de\/blog\/tolpuddle-urlaub-in-dorset-und-suedengland\/","name":"Tolpuddle \u2013 Urlaub in Dorset und S\u00fcdengland - Urlaub &amp; Reisen","isPartOf":{"@id":"https:\/\/www.urlaubcornwall.de\/blog\/#website"},"datePublished":"2020-04-08T09:26:35+00:00","dateModified":"2020-04-08T09:26:35+00:00","description":"Zwischen Dorchester und Poole, tief in Dorsets h\u00fcgeliger Landschaft liegend, ist Tolpuddle ein postkartensch\u00f6nes Dorf mit reetgedeckten Cottages, bewachsenen Wegen und einer h\u00fcbschen Kirche. Das Dorf ist bekannt f\u00fcr seine Tolpuddle M\u00e4rtyrer, eine Gruppe landwirtschaftlicher Arbeiter, die versuchten, die erste Gewerkschaft \u00fcberhaupt zu gr\u00fcnden. Ein Museum im Dorf berichtet von dieser Geschichte.","breadcrumb":{"@id":"https:\/\/www.urlaubcornwall.de\/blog\/tolpuddle-urlaub-in-dorset-und-suedengland\/#breadcrumb"},"inLanguage":"en-US","potentialAction":[{"@type":"ReadAction","target":["https:\/\/www.urlaubcornwall.de\/blog\/tolpuddle-urlaub-in-dorset-und-suedengland\/"]}]},{"@type":"BreadcrumbList","@id":"https:\/\/www.urlaubcornwall.de\/blog\/tolpuddle-urlaub-in-dorset-und-suedengland\/#breadcrumb","itemListElement":[{"@type":"ListItem","position":1,"name":"Home","item":"https:\/\/www.urlaubcornwall.de\/blog\/"},{"@type":"ListItem","position":2,"name":"Tolpuddle \u2013 Urlaub in Dorset und S\u00fcdengland"}]}]}},"_links":{"self":[{"href":"https:\/\/www.urlaubcornwall.de\/blog\/wp-json\/wp\/v2\/pages\/39874"}],"collection":[{"href":"https:\/\/www.urlaubcornwall.de\/blog\/wp-json\/wp\/v2\/pages"}],"about":[{"href":"https:\/\/www.urlaubcornwall.de\/blog\/wp-json\/wp\/v2\/types\/page"}],"author":[{"embeddable":true,"href":"https:\/\/www.urlaubcornwall.de\/blog\/wp-json\/wp\/v2\/users\/1"}],"replies":[{"embeddable":true,"href":"https:\/\/www.urlaubcornwall.de\/blog\/wp-json\/wp\/v2\/comments?post=39874"}],"version-history":[{"count":1,"href":"https:\/\/www.urlaubcornwall.de\/blog\/wp-json\/wp\/v2\/pages\/39874\/revisions"}],"predecessor-version":[{"id":39875,"href":"https:\/\/www.urlaubcornwall.de\/blog\/wp-json\/wp\/v2\/pages\/39874\/revisions\/39875"}],"wp:attachment":[{"href":"https:\/\/www.urlaubcornwall.de\/blog\/wp-json\/wp\/v2\/media?parent=39874"}],"curies":[{"name":"wp","href":"https:\/\/api.w.org\/{rel}","templated":true}]}}