{"id":39862,"date":"2020-04-07T14:16:02","date_gmt":"2020-04-07T14:16:02","guid":{"rendered":"https:\/\/www.urlaubcornwall.de\/blog\/?page_id=39862"},"modified":"2024-04-03T11:58:37","modified_gmt":"2024-04-03T11:58:37","slug":"shaftesbury-urlaub-in-dorset-und-suedengland","status":"publish","type":"page","link":"https:\/\/www.urlaubcornwall.de\/blog\/shaftesbury-urlaub-in-dorset-und-suedengland\/","title":{"rendered":"Shaftesbury \u2013 Urlaub in Dorset und S\u00fcdengland"},"content":{"rendered":"<p><img loading=\"lazy\" class=\"aligncenter size-full wp-image-48043\" src=\"https:\/\/www.urlaubcornwall.de\/blog\/wp-content\/uploads\/2024\/03\/gold-hill-dorset.jpg\" alt=\"gold hill dorset\" width=\"750\" height=\"500\" srcset=\"https:\/\/www.urlaubcornwall.de\/blog\/wp-content\/uploads\/2024\/03\/gold-hill-dorset.jpg 750w, https:\/\/www.urlaubcornwall.de\/blog\/wp-content\/uploads\/2024\/03\/gold-hill-dorset-300x200.jpg 300w\" sizes=\"(max-width: 750px) 100vw, 750px\" \/><\/p>\n<p>Als ein weiterer ber\u00fchmter Ort des Schriftstellers Thomas Hardy verf\u00fcgt Shaftesbury \u00fcber eine von Englands faszinierendster Architektur, einschlie\u00dflich der ber\u00fchmten Pflasterstra\u00dfe des Goldh\u00fcgels und der Ruinen der Abtei, die zur\u00fcckreichen ins Jahr 888AD. Die Stadt befindet sich am Gipfel eines H\u00fcgels mit Panoramablick in jede Richtung \u00fcber <a href=\"https:\/\/www.urlaubcornwall.de\/ferienhaeuser-fewos\/eng\/dorset\/dorset.html\">Dorset<\/a> und <a href=\"https:\/\/www.urlaubcornwall.de\/ferienhaeuser-fewos\/eng\/wiltshire\/wiltshire.html\">Wiltshire<\/a>.<\/p>\n<p style=\"text-align: center;\"><a class=\"tidycta\" href=\"https:\/\/www.urlaubcornwall.de\/ferienhaeuser-fewos\/eng\/dorset\/shaftesbury.html\">Ferienh\u00e4user in Shaftesbury<\/a><\/p>\n<p>Bei uns finden Sie Ferienh\u00e4user zum Verlieben &#8211; so einfach ist das! W\u00e4hlen Sie aus \u00fcber 1000 pers\u00f6nlich inspizierten Ferienh\u00e4usern, Cottages &#038; Ferienwohnungen in <a href=\"https:\/\/www.urlaubcornwall.de\/ferienhaeuser\/suedengland.php\">Dorset und S\u00fcdengland<\/a>.<\/p>\n","protected":false},"excerpt":{"rendered":"<p>Als ein weiterer ber\u00fchmter Ort des Schriftstellers Thomas Hardy verf\u00fcgt Shaftesbury \u00fcber eine von Englands faszinierendster Architektur, einschlie\u00dflich der ber\u00fchmten Pflasterstra\u00dfe des Goldh\u00fcgels und der Ruinen der Abtei, die zur\u00fcckreichen ins Jahr 888AD. Die Stadt befindet sich am Gipfel eines H\u00fcgels mit Panoramablick in jede Richtung \u00fcber Dorset und Wiltshire. Ferienh\u00e4user in Shaftesbury Bei uns [&hellip;]<\/p>\n","protected":false},"author":1,"featured_media":0,"parent":0,"menu_order":0,"comment_status":"closed","ping_status":"closed","template":"single-four.php","meta":[],"acf":[],"yoast_head":"<!-- This site is optimized with the Yoast SEO plugin v19.4 - https:\/\/yoast.com\/wordpress\/plugins\/seo\/ -->\n<title>Shaftesbury \u2013 Urlaub in Dorset und S\u00fcdengland - Urlaub &amp; Reisen<\/title>\n<meta name=\"description\" content=\"Als ein weiterer ber\u00fchmter Ort des Schriftstellers Thomas Hardy verf\u00fcgt Shaftesbury \u00fcber eine von Englands faszinierendster Architektur, einschlie\u00dflich der ber\u00fchmten Pflasterstra\u00dfe des Goldh\u00fcgels und der Ruinen der Abtei, die zur\u00fcckreichen ins Jahr 888AD. Die Stadt befindet sich am Gipfel eines H\u00fcgels mit Panoramablick in jede Richtung \u00fcber Dorset und Wiltshire.\" \/>\n<meta name=\"robots\" content=\"index, follow, max-snippet:-1, max-image-preview:large, max-video-preview:-1\" \/>\n<link rel=\"canonical\" href=\"https:\/\/www.urlaubcornwall.de\/blog\/shaftesbury-urlaub-in-dorset-und-suedengland\/\" \/>\n<meta property=\"og:locale\" content=\"en_US\" \/>\n<meta property=\"og:type\" content=\"article\" \/>\n<meta property=\"og:title\" content=\"Shaftesbury \u2013 Urlaub in Dorset und S\u00fcdengland - Urlaub &amp; Reisen\" \/>\n<meta property=\"og:description\" content=\"Als ein weiterer ber\u00fchmter Ort des Schriftstellers Thomas Hardy verf\u00fcgt Shaftesbury \u00fcber eine von Englands faszinierendster Architektur, einschlie\u00dflich der ber\u00fchmten Pflasterstra\u00dfe des Goldh\u00fcgels und der Ruinen der Abtei, die zur\u00fcckreichen ins Jahr 888AD. Die Stadt befindet sich am Gipfel eines H\u00fcgels mit Panoramablick in jede Richtung \u00fcber Dorset und Wiltshire.\" \/>\n<meta property=\"og:url\" content=\"https:\/\/www.urlaubcornwall.de\/blog\/shaftesbury-urlaub-in-dorset-und-suedengland\/\" \/>\n<meta property=\"og:site_name\" content=\"Urlaub &amp; Reisen\" \/>\n<meta property=\"article:modified_time\" content=\"2024-04-03T11:58:37+00:00\" \/>\n<meta property=\"og:image\" content=\"https:\/\/www.urlaubcornwall.de\/blog\/wp-content\/uploads\/2024\/03\/gold-hill-dorset.jpg\" \/>\n<meta name=\"twitter:card\" content=\"summary\" \/>\n<meta name=\"twitter:label1\" content=\"Est. reading time\" \/>\n\t<meta name=\"twitter:data1\" content=\"1 minute\" \/>\n<script type=\"application\/ld+json\" class=\"yoast-schema-graph\">{\"@context\":\"https:\/\/schema.org\",\"@graph\":[{\"@type\":\"WebSite\",\"@id\":\"https:\/\/www.urlaubcornwall.de\/blog\/#website\",\"url\":\"https:\/\/www.urlaubcornwall.de\/blog\/\",\"name\":\"Urlaub &amp; Reisen\",\"description\":\"Urlaub, Reisen, Cornwall und S\u00fcdengland: eine perfekte Kombination\",\"potentialAction\":[{\"@type\":\"SearchAction\",\"target\":{\"@type\":\"EntryPoint\",\"urlTemplate\":\"https:\/\/www.urlaubcornwall.de\/blog\/?s={search_term_string}\"},\"query-input\":\"required name=search_term_string\"}],\"inLanguage\":\"en-US\"},{\"@type\":\"WebPage\",\"@id\":\"https:\/\/www.urlaubcornwall.de\/blog\/shaftesbury-urlaub-in-dorset-und-suedengland\/\",\"url\":\"https:\/\/www.urlaubcornwall.de\/blog\/shaftesbury-urlaub-in-dorset-und-suedengland\/\",\"name\":\"Shaftesbury \u2013 Urlaub in Dorset und S\u00fcdengland - Urlaub &amp; Reisen\",\"isPartOf\":{\"@id\":\"https:\/\/www.urlaubcornwall.de\/blog\/#website\"},\"datePublished\":\"2020-04-07T14:16:02+00:00\",\"dateModified\":\"2024-04-03T11:58:37+00:00\",\"description\":\"Als ein weiterer ber\u00fchmter Ort des Schriftstellers Thomas Hardy verf\u00fcgt Shaftesbury \u00fcber eine von Englands faszinierendster Architektur, einschlie\u00dflich der ber\u00fchmten Pflasterstra\u00dfe des Goldh\u00fcgels und der Ruinen der Abtei, die zur\u00fcckreichen ins Jahr 888AD. Die Stadt befindet sich am Gipfel eines H\u00fcgels mit Panoramablick in jede Richtung \u00fcber Dorset und Wiltshire.\",\"breadcrumb\":{\"@id\":\"https:\/\/www.urlaubcornwall.de\/blog\/shaftesbury-urlaub-in-dorset-und-suedengland\/#breadcrumb\"},\"inLanguage\":\"en-US\",\"potentialAction\":[{\"@type\":\"ReadAction\",\"target\":[\"https:\/\/www.urlaubcornwall.de\/blog\/shaftesbury-urlaub-in-dorset-und-suedengland\/\"]}]},{\"@type\":\"BreadcrumbList\",\"@id\":\"https:\/\/www.urlaubcornwall.de\/blog\/shaftesbury-urlaub-in-dorset-und-suedengland\/#breadcrumb\",\"itemListElement\":[{\"@type\":\"ListItem\",\"position\":1,\"name\":\"Home\",\"item\":\"https:\/\/www.urlaubcornwall.de\/blog\/\"},{\"@type\":\"ListItem\",\"position\":2,\"name\":\"Shaftesbury \u2013 Urlaub in Dorset und S\u00fcdengland\"}]}]}<\/script>\n<!-- \/ Yoast SEO plugin. -->","yoast_head_json":{"title":"Shaftesbury \u2013 Urlaub in Dorset und S\u00fcdengland - Urlaub &amp; Reisen","description":"Als ein weiterer ber\u00fchmter Ort des Schriftstellers Thomas Hardy verf\u00fcgt Shaftesbury \u00fcber eine von Englands faszinierendster Architektur, einschlie\u00dflich der ber\u00fchmten Pflasterstra\u00dfe des Goldh\u00fcgels und der Ruinen der Abtei, die zur\u00fcckreichen ins Jahr 888AD. Die Stadt befindet sich am Gipfel eines H\u00fcgels mit Panoramablick in jede Richtung \u00fcber Dorset und Wiltshire.","robots":{"index":"index","follow":"follow","max-snippet":"max-snippet:-1","max-image-preview":"max-image-preview:large","max-video-preview":"max-video-preview:-1"},"canonical":"https:\/\/www.urlaubcornwall.de\/blog\/shaftesbury-urlaub-in-dorset-und-suedengland\/","og_locale":"en_US","og_type":"article","og_title":"Shaftesbury \u2013 Urlaub in Dorset und S\u00fcdengland - Urlaub &amp; Reisen","og_description":"Als ein weiterer ber\u00fchmter Ort des Schriftstellers Thomas Hardy verf\u00fcgt Shaftesbury \u00fcber eine von Englands faszinierendster Architektur, einschlie\u00dflich der ber\u00fchmten Pflasterstra\u00dfe des Goldh\u00fcgels und der Ruinen der Abtei, die zur\u00fcckreichen ins Jahr 888AD. Die Stadt befindet sich am Gipfel eines H\u00fcgels mit Panoramablick in jede Richtung \u00fcber Dorset und Wiltshire.","og_url":"https:\/\/www.urlaubcornwall.de\/blog\/shaftesbury-urlaub-in-dorset-und-suedengland\/","og_site_name":"Urlaub &amp; Reisen","article_modified_time":"2024-04-03T11:58:37+00:00","og_image":[{"url":"https:\/\/www.urlaubcornwall.de\/blog\/wp-content\/uploads\/2024\/03\/gold-hill-dorset.jpg"}],"twitter_card":"summary","twitter_misc":{"Est. reading time":"1 minute"},"schema":{"@context":"https:\/\/schema.org","@graph":[{"@type":"WebSite","@id":"https:\/\/www.urlaubcornwall.de\/blog\/#website","url":"https:\/\/www.urlaubcornwall.de\/blog\/","name":"Urlaub &amp; Reisen","description":"Urlaub, Reisen, Cornwall und S\u00fcdengland: eine perfekte Kombination","potentialAction":[{"@type":"SearchAction","target":{"@type":"EntryPoint","urlTemplate":"https:\/\/www.urlaubcornwall.de\/blog\/?s={search_term_string}"},"query-input":"required name=search_term_string"}],"inLanguage":"en-US"},{"@type":"WebPage","@id":"https:\/\/www.urlaubcornwall.de\/blog\/shaftesbury-urlaub-in-dorset-und-suedengland\/","url":"https:\/\/www.urlaubcornwall.de\/blog\/shaftesbury-urlaub-in-dorset-und-suedengland\/","name":"Shaftesbury \u2013 Urlaub in Dorset und S\u00fcdengland - Urlaub &amp; Reisen","isPartOf":{"@id":"https:\/\/www.urlaubcornwall.de\/blog\/#website"},"datePublished":"2020-04-07T14:16:02+00:00","dateModified":"2024-04-03T11:58:37+00:00","description":"Als ein weiterer ber\u00fchmter Ort des Schriftstellers Thomas Hardy verf\u00fcgt Shaftesbury \u00fcber eine von Englands faszinierendster Architektur, einschlie\u00dflich der ber\u00fchmten Pflasterstra\u00dfe des Goldh\u00fcgels und der Ruinen der Abtei, die zur\u00fcckreichen ins Jahr 888AD. Die Stadt befindet sich am Gipfel eines H\u00fcgels mit Panoramablick in jede Richtung \u00fcber Dorset und Wiltshire.","breadcrumb":{"@id":"https:\/\/www.urlaubcornwall.de\/blog\/shaftesbury-urlaub-in-dorset-und-suedengland\/#breadcrumb"},"inLanguage":"en-US","potentialAction":[{"@type":"ReadAction","target":["https:\/\/www.urlaubcornwall.de\/blog\/shaftesbury-urlaub-in-dorset-und-suedengland\/"]}]},{"@type":"BreadcrumbList","@id":"https:\/\/www.urlaubcornwall.de\/blog\/shaftesbury-urlaub-in-dorset-und-suedengland\/#breadcrumb","itemListElement":[{"@type":"ListItem","position":1,"name":"Home","item":"https:\/\/www.urlaubcornwall.de\/blog\/"},{"@type":"ListItem","position":2,"name":"Shaftesbury \u2013 Urlaub in Dorset und S\u00fcdengland"}]}]}},"_links":{"self":[{"href":"https:\/\/www.urlaubcornwall.de\/blog\/wp-json\/wp\/v2\/pages\/39862"}],"collection":[{"href":"https:\/\/www.urlaubcornwall.de\/blog\/wp-json\/wp\/v2\/pages"}],"about":[{"href":"https:\/\/www.urlaubcornwall.de\/blog\/wp-json\/wp\/v2\/types\/page"}],"author":[{"embeddable":true,"href":"https:\/\/www.urlaubcornwall.de\/blog\/wp-json\/wp\/v2\/users\/1"}],"replies":[{"embeddable":true,"href":"https:\/\/www.urlaubcornwall.de\/blog\/wp-json\/wp\/v2\/comments?post=39862"}],"version-history":[{"count":2,"href":"https:\/\/www.urlaubcornwall.de\/blog\/wp-json\/wp\/v2\/pages\/39862\/revisions"}],"predecessor-version":[{"id":48794,"href":"https:\/\/www.urlaubcornwall.de\/blog\/wp-json\/wp\/v2\/pages\/39862\/revisions\/48794"}],"wp:attachment":[{"href":"https:\/\/www.urlaubcornwall.de\/blog\/wp-json\/wp\/v2\/media?parent=39862"}],"curies":[{"name":"wp","href":"https:\/\/api.w.org\/{rel}","templated":true}]}}