{"id":39839,"date":"2020-04-07T13:28:29","date_gmt":"2020-04-07T13:28:29","guid":{"rendered":"https:\/\/www.urlaubcornwall.de\/blog\/?page_id=39839"},"modified":"2024-04-12T12:06:37","modified_gmt":"2024-04-12T12:06:37","slug":"bridport-urlaub-in-dorset-und-suedengland","status":"publish","type":"page","link":"https:\/\/www.urlaubcornwall.de\/blog\/bridport-urlaub-in-dorset-und-suedengland\/","title":{"rendered":"Bridport \u2013 Urlaub in Dorset und S\u00fcdengland"},"content":{"rendered":"<p><img loading=\"lazy\" class=\"aligncenter size-full wp-image-47883\" src=\"https:\/\/www.urlaubcornwall.de\/blog\/wp-content\/uploads\/2024\/03\/bridport.jpg\" alt=\"bridport\" width=\"750\" height=\"500\" srcset=\"https:\/\/www.urlaubcornwall.de\/blog\/wp-content\/uploads\/2024\/03\/bridport.jpg 750w, https:\/\/www.urlaubcornwall.de\/blog\/wp-content\/uploads\/2024\/03\/bridport-300x200.jpg 300w\" sizes=\"(max-width: 750px) 100vw, 750px\" \/><\/p>\n<p>Als gesch\u00e4ftige und bl\u00fchende Marktstadt ist Bridport eines der beliebtesten Tore zur <a href=\"https:\/\/www.urlaubcornwall.de\/reiseziel\/dorset.php\">Jurak\u00fcste<\/a>. Es gibt in der Stadt noch immer drei Wochenm\u00e4rkte, einschlie\u00dflich eines Bauernmarktes. Beim Einkaufen in Bridport entdecken Sie dessen starkes Kunst-und Handwerkserbe. Bridport liegt im Binnenland von der Westbucht aus mit einem herrlichen <a href=\"https:\/\/www.urlaubcornwall.de\/ferienhaeuser-fewos\/eng\/dorset\/dorset-am-meer.html\">Sandstrand und einem h\u00fcbschen Hafen<\/a>, die beide Bridports Charme perfekt erg\u00e4nzen.<\/p>\n<p style=\"text-align: center;\"><a class=\"tidycta\" href=\"https:\/\/www.urlaubcornwall.de\/ferienhaeuser-fewos\/eng\/dorset\/bridport.html\">Ferienh\u00e4user in Bridport<\/a><\/p>\n<p>Bei uns finden Sie Ferienh\u00e4user zum Verlieben &#8211; so einfach ist das! W\u00e4hlen Sie aus \u00fcber 1000 pers\u00f6nlich inspizierten Ferienh\u00e4usern, Cottages &#038; Ferienwohnungen in <a href=\"https:\/\/www.urlaubcornwall.de\/ferienhaeuser\/suedengland.php\">Dorset und S\u00fcdengland<\/a>.<\/p>\n","protected":false},"excerpt":{"rendered":"<p>Als gesch\u00e4ftige und bl\u00fchende Marktstadt ist Bridport eines der beliebtesten Tore zur Jurak\u00fcste. Es gibt in der Stadt noch immer drei Wochenm\u00e4rkte, einschlie\u00dflich eines Bauernmarktes. Beim Einkaufen in Bridport entdecken Sie dessen starkes Kunst-und Handwerkserbe. Bridport liegt im Binnenland von der Westbucht aus mit einem herrlichen Sandstrand und einem h\u00fcbschen Hafen, die beide Bridports Charme [&hellip;]<\/p>\n","protected":false},"author":1,"featured_media":0,"parent":0,"menu_order":0,"comment_status":"closed","ping_status":"closed","template":"single-four.php","meta":[],"acf":[],"yoast_head":"<!-- This site is optimized with the Yoast SEO plugin v19.4 - https:\/\/yoast.com\/wordpress\/plugins\/seo\/ -->\n<title>Bridport \u2013 Urlaub in Dorset und S\u00fcdengland - Urlaub &amp; Reisen<\/title>\n<meta name=\"description\" content=\"Als gesch\u00e4ftige und bl\u00fchende Marktstadt ist Bridport eines der beliebtesten Tore zur Jurak\u00fcste. Es gibt in der Stadt noch immer drei Wochenm\u00e4rkte, einschlie\u00dflich eines Bauernmarktes. Beim Einkaufen in Bridport entdecken Sie dessen starkes Kunst-und Handwerkserbe. Bridport liegt im Binnenland von der Westbucht aus mit einem herrlichen Sandstrand und einem h\u00fcbschen Hafen, die beide Bridports Charme perfekt erg\u00e4nzen.\" \/>\n<meta name=\"robots\" content=\"index, follow, max-snippet:-1, max-image-preview:large, max-video-preview:-1\" \/>\n<link rel=\"canonical\" href=\"https:\/\/www.urlaubcornwall.de\/blog\/bridport-urlaub-in-dorset-und-suedengland\/\" \/>\n<meta property=\"og:locale\" content=\"en_US\" \/>\n<meta property=\"og:type\" content=\"article\" \/>\n<meta property=\"og:title\" content=\"Bridport \u2013 Urlaub in Dorset und S\u00fcdengland - Urlaub &amp; Reisen\" \/>\n<meta property=\"og:description\" content=\"Als gesch\u00e4ftige und bl\u00fchende Marktstadt ist Bridport eines der beliebtesten Tore zur Jurak\u00fcste. Es gibt in der Stadt noch immer drei Wochenm\u00e4rkte, einschlie\u00dflich eines Bauernmarktes. Beim Einkaufen in Bridport entdecken Sie dessen starkes Kunst-und Handwerkserbe. Bridport liegt im Binnenland von der Westbucht aus mit einem herrlichen Sandstrand und einem h\u00fcbschen Hafen, die beide Bridports Charme perfekt erg\u00e4nzen.\" \/>\n<meta property=\"og:url\" content=\"https:\/\/www.urlaubcornwall.de\/blog\/bridport-urlaub-in-dorset-und-suedengland\/\" \/>\n<meta property=\"og:site_name\" content=\"Urlaub &amp; Reisen\" \/>\n<meta property=\"article:modified_time\" content=\"2024-04-12T12:06:37+00:00\" \/>\n<meta property=\"og:image\" content=\"https:\/\/www.urlaubcornwall.de\/blog\/wp-content\/uploads\/2024\/03\/bridport.jpg\" \/>\n<meta name=\"twitter:card\" content=\"summary\" \/>\n<meta name=\"twitter:label1\" content=\"Est. reading time\" \/>\n\t<meta name=\"twitter:data1\" content=\"1 minute\" \/>\n<script type=\"application\/ld+json\" class=\"yoast-schema-graph\">{\"@context\":\"https:\/\/schema.org\",\"@graph\":[{\"@type\":\"WebSite\",\"@id\":\"https:\/\/www.urlaubcornwall.de\/blog\/#website\",\"url\":\"https:\/\/www.urlaubcornwall.de\/blog\/\",\"name\":\"Urlaub &amp; Reisen\",\"description\":\"Urlaub, Reisen, Cornwall und S\u00fcdengland: eine perfekte Kombination\",\"potentialAction\":[{\"@type\":\"SearchAction\",\"target\":{\"@type\":\"EntryPoint\",\"urlTemplate\":\"https:\/\/www.urlaubcornwall.de\/blog\/?s={search_term_string}\"},\"query-input\":\"required name=search_term_string\"}],\"inLanguage\":\"en-US\"},{\"@type\":\"WebPage\",\"@id\":\"https:\/\/www.urlaubcornwall.de\/blog\/bridport-urlaub-in-dorset-und-suedengland\/\",\"url\":\"https:\/\/www.urlaubcornwall.de\/blog\/bridport-urlaub-in-dorset-und-suedengland\/\",\"name\":\"Bridport \u2013 Urlaub in Dorset und S\u00fcdengland - Urlaub &amp; Reisen\",\"isPartOf\":{\"@id\":\"https:\/\/www.urlaubcornwall.de\/blog\/#website\"},\"datePublished\":\"2020-04-07T13:28:29+00:00\",\"dateModified\":\"2024-04-12T12:06:37+00:00\",\"description\":\"Als gesch\u00e4ftige und bl\u00fchende Marktstadt ist Bridport eines der beliebtesten Tore zur Jurak\u00fcste. Es gibt in der Stadt noch immer drei Wochenm\u00e4rkte, einschlie\u00dflich eines Bauernmarktes. Beim Einkaufen in Bridport entdecken Sie dessen starkes Kunst-und Handwerkserbe. Bridport liegt im Binnenland von der Westbucht aus mit einem herrlichen Sandstrand und einem h\u00fcbschen Hafen, die beide Bridports Charme perfekt erg\u00e4nzen.\",\"breadcrumb\":{\"@id\":\"https:\/\/www.urlaubcornwall.de\/blog\/bridport-urlaub-in-dorset-und-suedengland\/#breadcrumb\"},\"inLanguage\":\"en-US\",\"potentialAction\":[{\"@type\":\"ReadAction\",\"target\":[\"https:\/\/www.urlaubcornwall.de\/blog\/bridport-urlaub-in-dorset-und-suedengland\/\"]}]},{\"@type\":\"BreadcrumbList\",\"@id\":\"https:\/\/www.urlaubcornwall.de\/blog\/bridport-urlaub-in-dorset-und-suedengland\/#breadcrumb\",\"itemListElement\":[{\"@type\":\"ListItem\",\"position\":1,\"name\":\"Home\",\"item\":\"https:\/\/www.urlaubcornwall.de\/blog\/\"},{\"@type\":\"ListItem\",\"position\":2,\"name\":\"Bridport \u2013 Urlaub in Dorset und S\u00fcdengland\"}]}]}<\/script>\n<!-- \/ Yoast SEO plugin. -->","yoast_head_json":{"title":"Bridport \u2013 Urlaub in Dorset und S\u00fcdengland - Urlaub &amp; Reisen","description":"Als gesch\u00e4ftige und bl\u00fchende Marktstadt ist Bridport eines der beliebtesten Tore zur Jurak\u00fcste. Es gibt in der Stadt noch immer drei Wochenm\u00e4rkte, einschlie\u00dflich eines Bauernmarktes. Beim Einkaufen in Bridport entdecken Sie dessen starkes Kunst-und Handwerkserbe. Bridport liegt im Binnenland von der Westbucht aus mit einem herrlichen Sandstrand und einem h\u00fcbschen Hafen, die beide Bridports Charme perfekt erg\u00e4nzen.","robots":{"index":"index","follow":"follow","max-snippet":"max-snippet:-1","max-image-preview":"max-image-preview:large","max-video-preview":"max-video-preview:-1"},"canonical":"https:\/\/www.urlaubcornwall.de\/blog\/bridport-urlaub-in-dorset-und-suedengland\/","og_locale":"en_US","og_type":"article","og_title":"Bridport \u2013 Urlaub in Dorset und S\u00fcdengland - Urlaub &amp; Reisen","og_description":"Als gesch\u00e4ftige und bl\u00fchende Marktstadt ist Bridport eines der beliebtesten Tore zur Jurak\u00fcste. Es gibt in der Stadt noch immer drei Wochenm\u00e4rkte, einschlie\u00dflich eines Bauernmarktes. Beim Einkaufen in Bridport entdecken Sie dessen starkes Kunst-und Handwerkserbe. Bridport liegt im Binnenland von der Westbucht aus mit einem herrlichen Sandstrand und einem h\u00fcbschen Hafen, die beide Bridports Charme perfekt erg\u00e4nzen.","og_url":"https:\/\/www.urlaubcornwall.de\/blog\/bridport-urlaub-in-dorset-und-suedengland\/","og_site_name":"Urlaub &amp; Reisen","article_modified_time":"2024-04-12T12:06:37+00:00","og_image":[{"url":"https:\/\/www.urlaubcornwall.de\/blog\/wp-content\/uploads\/2024\/03\/bridport.jpg"}],"twitter_card":"summary","twitter_misc":{"Est. reading time":"1 minute"},"schema":{"@context":"https:\/\/schema.org","@graph":[{"@type":"WebSite","@id":"https:\/\/www.urlaubcornwall.de\/blog\/#website","url":"https:\/\/www.urlaubcornwall.de\/blog\/","name":"Urlaub &amp; Reisen","description":"Urlaub, Reisen, Cornwall und S\u00fcdengland: eine perfekte Kombination","potentialAction":[{"@type":"SearchAction","target":{"@type":"EntryPoint","urlTemplate":"https:\/\/www.urlaubcornwall.de\/blog\/?s={search_term_string}"},"query-input":"required name=search_term_string"}],"inLanguage":"en-US"},{"@type":"WebPage","@id":"https:\/\/www.urlaubcornwall.de\/blog\/bridport-urlaub-in-dorset-und-suedengland\/","url":"https:\/\/www.urlaubcornwall.de\/blog\/bridport-urlaub-in-dorset-und-suedengland\/","name":"Bridport \u2013 Urlaub in Dorset und S\u00fcdengland - Urlaub &amp; Reisen","isPartOf":{"@id":"https:\/\/www.urlaubcornwall.de\/blog\/#website"},"datePublished":"2020-04-07T13:28:29+00:00","dateModified":"2024-04-12T12:06:37+00:00","description":"Als gesch\u00e4ftige und bl\u00fchende Marktstadt ist Bridport eines der beliebtesten Tore zur Jurak\u00fcste. Es gibt in der Stadt noch immer drei Wochenm\u00e4rkte, einschlie\u00dflich eines Bauernmarktes. Beim Einkaufen in Bridport entdecken Sie dessen starkes Kunst-und Handwerkserbe. Bridport liegt im Binnenland von der Westbucht aus mit einem herrlichen Sandstrand und einem h\u00fcbschen Hafen, die beide Bridports Charme perfekt erg\u00e4nzen.","breadcrumb":{"@id":"https:\/\/www.urlaubcornwall.de\/blog\/bridport-urlaub-in-dorset-und-suedengland\/#breadcrumb"},"inLanguage":"en-US","potentialAction":[{"@type":"ReadAction","target":["https:\/\/www.urlaubcornwall.de\/blog\/bridport-urlaub-in-dorset-und-suedengland\/"]}]},{"@type":"BreadcrumbList","@id":"https:\/\/www.urlaubcornwall.de\/blog\/bridport-urlaub-in-dorset-und-suedengland\/#breadcrumb","itemListElement":[{"@type":"ListItem","position":1,"name":"Home","item":"https:\/\/www.urlaubcornwall.de\/blog\/"},{"@type":"ListItem","position":2,"name":"Bridport \u2013 Urlaub in Dorset und S\u00fcdengland"}]}]}},"_links":{"self":[{"href":"https:\/\/www.urlaubcornwall.de\/blog\/wp-json\/wp\/v2\/pages\/39839"}],"collection":[{"href":"https:\/\/www.urlaubcornwall.de\/blog\/wp-json\/wp\/v2\/pages"}],"about":[{"href":"https:\/\/www.urlaubcornwall.de\/blog\/wp-json\/wp\/v2\/types\/page"}],"author":[{"embeddable":true,"href":"https:\/\/www.urlaubcornwall.de\/blog\/wp-json\/wp\/v2\/users\/1"}],"replies":[{"embeddable":true,"href":"https:\/\/www.urlaubcornwall.de\/blog\/wp-json\/wp\/v2\/comments?post=39839"}],"version-history":[{"count":2,"href":"https:\/\/www.urlaubcornwall.de\/blog\/wp-json\/wp\/v2\/pages\/39839\/revisions"}],"predecessor-version":[{"id":49292,"href":"https:\/\/www.urlaubcornwall.de\/blog\/wp-json\/wp\/v2\/pages\/39839\/revisions\/49292"}],"wp:attachment":[{"href":"https:\/\/www.urlaubcornwall.de\/blog\/wp-json\/wp\/v2\/media?parent=39839"}],"curies":[{"name":"wp","href":"https:\/\/api.w.org\/{rel}","templated":true}]}}