{"id":39834,"date":"2020-04-07T13:14:55","date_gmt":"2020-04-07T13:14:55","guid":{"rendered":"https:\/\/www.urlaubcornwall.de\/blog\/?page_id=39834"},"modified":"2024-04-03T12:00:57","modified_gmt":"2024-04-03T12:00:57","slug":"blandford-forum-urlaub-in-dorset-und-suedengland","status":"publish","type":"page","link":"https:\/\/www.urlaubcornwall.de\/blog\/blandford-forum-urlaub-in-dorset-und-suedengland\/","title":{"rendered":"Blandford Forum \u2013 Urlaub in Dorset und S\u00fcdengland"},"content":{"rendered":"<p><img loading=\"lazy\" class=\"aligncenter size-full wp-image-48110\" src=\"https:\/\/www.urlaubcornwall.de\/blog\/wp-content\/uploads\/2024\/03\/blandford-forum.jpg\" alt=\"blandford-forum\" width=\"750\" height=\"412\" srcset=\"https:\/\/www.urlaubcornwall.de\/blog\/wp-content\/uploads\/2024\/03\/blandford-forum.jpg 750w, https:\/\/www.urlaubcornwall.de\/blog\/wp-content\/uploads\/2024\/03\/blandford-forum-300x165.jpg 300w\" sizes=\"(max-width: 750px) 100vw, 750px\" \/><\/p>\n<p>Als eine von <a href=\"https:\/\/www.urlaubcornwall.de\/reiseziel\/dorset.php\">Dorsets<\/a> gr\u00f6\u00dferen Marktst\u00e4dten weist Blandford Forum sehr sch\u00f6n das Konzept georgianischer Architektur auf mit breiten, eleganten Stra\u00dfen und gro\u00dfen, rechteckigen Marktpl\u00e4tzen. Es gibt vier Museen, allerhand Gesch\u00e4fte und eine Menge Caf\u00e9s und Restaurants, au\u00dferdem ein paar gro\u00dfartige Ausflugsm\u00f6glichkeiten; Die <a href=\"https:\/\/www.urlaubcornwall.de\/blog\/top-10-reisetipps-dorset-die-sie-sehen-und-erleben-sollten\/\">K\u00fcste Dorsets<\/a> befindet sich eine kurze Autofahrt entfernt und erm\u00f6glicht es, mit Leichtigkeit \u00f6rtliche Juwelen wie Durdle Door, die <a href=\"https:\/\/www.urlaubcornwall.de\/ferienhaeuser-fewos\/eng\/dorset\/studland.html\">Studland Bucht<\/a> und den <a href=\"https:\/\/www.urlaubcornwall.de\/ferienhaeuser-fewos\/eng\/dorset\/chesil-strand.html\">Chesil Strand<\/a> zu erkunden.<\/p>\n<p style=\"text-align: center;\"><a class=\"tidycta\" href=\"https:\/\/www.urlaubcornwall.de\/ferienhaeuser-fewos\/eng\/dorset\/blandford-forum.html\">Ferienh\u00e4user in Blandford Forum<\/a><\/p>\n<p>Bei uns finden Sie Ferienh\u00e4user zum Verlieben &#8211; so einfach ist das! W\u00e4hlen Sie aus \u00fcber 1000 pers\u00f6nlich inspizierten Ferienh\u00e4usern, Cottages &#038; Ferienwohnungen in <a href=\"https:\/\/www.urlaubcornwall.de\/ferienhaeuser\/suedengland.php\">Dorset und S\u00fcdengland<\/a>.<\/p>\n","protected":false},"excerpt":{"rendered":"<p>Als eine von Dorsets gr\u00f6\u00dferen Marktst\u00e4dten weist Blandford Forum sehr sch\u00f6n das Konzept georgianischer Architektur auf mit breiten, eleganten Stra\u00dfen und gro\u00dfen, rechteckigen Marktpl\u00e4tzen. Es gibt vier Museen, allerhand Gesch\u00e4fte und eine Menge Caf\u00e9s und Restaurants, au\u00dferdem ein paar gro\u00dfartige Ausflugsm\u00f6glichkeiten; Die K\u00fcste Dorsets befindet sich eine kurze Autofahrt entfernt und erm\u00f6glicht es, mit Leichtigkeit [&hellip;]<\/p>\n","protected":false},"author":1,"featured_media":0,"parent":0,"menu_order":0,"comment_status":"closed","ping_status":"closed","template":"single-four.php","meta":[],"acf":[],"yoast_head":"<!-- This site is optimized with the Yoast SEO plugin v19.4 - https:\/\/yoast.com\/wordpress\/plugins\/seo\/ -->\n<title>Blandford Forum \u2013 Urlaub in Dorset und S\u00fcdengland - Urlaub &amp; Reisen<\/title>\n<meta name=\"description\" content=\"Als eine von Dorsets gr\u00f6\u00dferen Marktst\u00e4dten weist Blandford Forum sehr sch\u00f6n das Konzept georgianischer Architektur auf mit breiten, eleganten Stra\u00dfen und gro\u00dfen, rechteckigen Marktpl\u00e4tzen. Es gibt vier Museen, allerhand Gesch\u00e4fte und eine Menge Caf\u00e9s und Restaurants, au\u00dferdem ein paar gro\u00dfartige Ausflugsm\u00f6glichkeiten; Die K\u00fcste Dorsets befindet sich eine kurze Autofahrt entfernt und erm\u00f6glicht es, mit Leichtigkeit \u00f6rtliche Juwelen wie Durdle Door, die Studland Bucht und den Chesil Strand zu erkunden.\" \/>\n<meta name=\"robots\" content=\"index, follow, max-snippet:-1, max-image-preview:large, max-video-preview:-1\" \/>\n<link rel=\"canonical\" href=\"https:\/\/www.urlaubcornwall.de\/blog\/blandford-forum-urlaub-in-dorset-und-suedengland\/\" \/>\n<meta property=\"og:locale\" content=\"en_US\" \/>\n<meta property=\"og:type\" content=\"article\" \/>\n<meta property=\"og:title\" content=\"Blandford Forum \u2013 Urlaub in Dorset und S\u00fcdengland - Urlaub &amp; Reisen\" \/>\n<meta property=\"og:description\" content=\"Als eine von Dorsets gr\u00f6\u00dferen Marktst\u00e4dten weist Blandford Forum sehr sch\u00f6n das Konzept georgianischer Architektur auf mit breiten, eleganten Stra\u00dfen und gro\u00dfen, rechteckigen Marktpl\u00e4tzen. Es gibt vier Museen, allerhand Gesch\u00e4fte und eine Menge Caf\u00e9s und Restaurants, au\u00dferdem ein paar gro\u00dfartige Ausflugsm\u00f6glichkeiten; Die K\u00fcste Dorsets befindet sich eine kurze Autofahrt entfernt und erm\u00f6glicht es, mit Leichtigkeit \u00f6rtliche Juwelen wie Durdle Door, die Studland Bucht und den Chesil Strand zu erkunden.\" \/>\n<meta property=\"og:url\" content=\"https:\/\/www.urlaubcornwall.de\/blog\/blandford-forum-urlaub-in-dorset-und-suedengland\/\" \/>\n<meta property=\"og:site_name\" content=\"Urlaub &amp; Reisen\" \/>\n<meta property=\"article:modified_time\" content=\"2024-04-03T12:00:57+00:00\" \/>\n<meta property=\"og:image\" content=\"https:\/\/www.urlaubcornwall.de\/blog\/wp-content\/uploads\/2024\/03\/blandford-forum.jpg\" \/>\n<meta name=\"twitter:card\" content=\"summary\" \/>\n<meta name=\"twitter:label1\" content=\"Est. reading time\" \/>\n\t<meta name=\"twitter:data1\" content=\"1 minute\" \/>\n<script type=\"application\/ld+json\" class=\"yoast-schema-graph\">{\"@context\":\"https:\/\/schema.org\",\"@graph\":[{\"@type\":\"WebSite\",\"@id\":\"https:\/\/www.urlaubcornwall.de\/blog\/#website\",\"url\":\"https:\/\/www.urlaubcornwall.de\/blog\/\",\"name\":\"Urlaub &amp; Reisen\",\"description\":\"Urlaub, Reisen, Cornwall und S\u00fcdengland: eine perfekte Kombination\",\"potentialAction\":[{\"@type\":\"SearchAction\",\"target\":{\"@type\":\"EntryPoint\",\"urlTemplate\":\"https:\/\/www.urlaubcornwall.de\/blog\/?s={search_term_string}\"},\"query-input\":\"required name=search_term_string\"}],\"inLanguage\":\"en-US\"},{\"@type\":\"WebPage\",\"@id\":\"https:\/\/www.urlaubcornwall.de\/blog\/blandford-forum-urlaub-in-dorset-und-suedengland\/\",\"url\":\"https:\/\/www.urlaubcornwall.de\/blog\/blandford-forum-urlaub-in-dorset-und-suedengland\/\",\"name\":\"Blandford Forum \u2013 Urlaub in Dorset und S\u00fcdengland - Urlaub &amp; Reisen\",\"isPartOf\":{\"@id\":\"https:\/\/www.urlaubcornwall.de\/blog\/#website\"},\"datePublished\":\"2020-04-07T13:14:55+00:00\",\"dateModified\":\"2024-04-03T12:00:57+00:00\",\"description\":\"Als eine von Dorsets gr\u00f6\u00dferen Marktst\u00e4dten weist Blandford Forum sehr sch\u00f6n das Konzept georgianischer Architektur auf mit breiten, eleganten Stra\u00dfen und gro\u00dfen, rechteckigen Marktpl\u00e4tzen. Es gibt vier Museen, allerhand Gesch\u00e4fte und eine Menge Caf\u00e9s und Restaurants, au\u00dferdem ein paar gro\u00dfartige Ausflugsm\u00f6glichkeiten; Die K\u00fcste Dorsets befindet sich eine kurze Autofahrt entfernt und erm\u00f6glicht es, mit Leichtigkeit \u00f6rtliche Juwelen wie Durdle Door, die Studland Bucht und den Chesil Strand zu erkunden.\",\"breadcrumb\":{\"@id\":\"https:\/\/www.urlaubcornwall.de\/blog\/blandford-forum-urlaub-in-dorset-und-suedengland\/#breadcrumb\"},\"inLanguage\":\"en-US\",\"potentialAction\":[{\"@type\":\"ReadAction\",\"target\":[\"https:\/\/www.urlaubcornwall.de\/blog\/blandford-forum-urlaub-in-dorset-und-suedengland\/\"]}]},{\"@type\":\"BreadcrumbList\",\"@id\":\"https:\/\/www.urlaubcornwall.de\/blog\/blandford-forum-urlaub-in-dorset-und-suedengland\/#breadcrumb\",\"itemListElement\":[{\"@type\":\"ListItem\",\"position\":1,\"name\":\"Home\",\"item\":\"https:\/\/www.urlaubcornwall.de\/blog\/\"},{\"@type\":\"ListItem\",\"position\":2,\"name\":\"Blandford Forum \u2013 Urlaub in Dorset und S\u00fcdengland\"}]}]}<\/script>\n<!-- \/ Yoast SEO plugin. -->","yoast_head_json":{"title":"Blandford Forum \u2013 Urlaub in Dorset und S\u00fcdengland - Urlaub &amp; Reisen","description":"Als eine von Dorsets gr\u00f6\u00dferen Marktst\u00e4dten weist Blandford Forum sehr sch\u00f6n das Konzept georgianischer Architektur auf mit breiten, eleganten Stra\u00dfen und gro\u00dfen, rechteckigen Marktpl\u00e4tzen. Es gibt vier Museen, allerhand Gesch\u00e4fte und eine Menge Caf\u00e9s und Restaurants, au\u00dferdem ein paar gro\u00dfartige Ausflugsm\u00f6glichkeiten; Die K\u00fcste Dorsets befindet sich eine kurze Autofahrt entfernt und erm\u00f6glicht es, mit Leichtigkeit \u00f6rtliche Juwelen wie Durdle Door, die Studland Bucht und den Chesil Strand zu erkunden.","robots":{"index":"index","follow":"follow","max-snippet":"max-snippet:-1","max-image-preview":"max-image-preview:large","max-video-preview":"max-video-preview:-1"},"canonical":"https:\/\/www.urlaubcornwall.de\/blog\/blandford-forum-urlaub-in-dorset-und-suedengland\/","og_locale":"en_US","og_type":"article","og_title":"Blandford Forum \u2013 Urlaub in Dorset und S\u00fcdengland - Urlaub &amp; Reisen","og_description":"Als eine von Dorsets gr\u00f6\u00dferen Marktst\u00e4dten weist Blandford Forum sehr sch\u00f6n das Konzept georgianischer Architektur auf mit breiten, eleganten Stra\u00dfen und gro\u00dfen, rechteckigen Marktpl\u00e4tzen. Es gibt vier Museen, allerhand Gesch\u00e4fte und eine Menge Caf\u00e9s und Restaurants, au\u00dferdem ein paar gro\u00dfartige Ausflugsm\u00f6glichkeiten; Die K\u00fcste Dorsets befindet sich eine kurze Autofahrt entfernt und erm\u00f6glicht es, mit Leichtigkeit \u00f6rtliche Juwelen wie Durdle Door, die Studland Bucht und den Chesil Strand zu erkunden.","og_url":"https:\/\/www.urlaubcornwall.de\/blog\/blandford-forum-urlaub-in-dorset-und-suedengland\/","og_site_name":"Urlaub &amp; Reisen","article_modified_time":"2024-04-03T12:00:57+00:00","og_image":[{"url":"https:\/\/www.urlaubcornwall.de\/blog\/wp-content\/uploads\/2024\/03\/blandford-forum.jpg"}],"twitter_card":"summary","twitter_misc":{"Est. reading time":"1 minute"},"schema":{"@context":"https:\/\/schema.org","@graph":[{"@type":"WebSite","@id":"https:\/\/www.urlaubcornwall.de\/blog\/#website","url":"https:\/\/www.urlaubcornwall.de\/blog\/","name":"Urlaub &amp; Reisen","description":"Urlaub, Reisen, Cornwall und S\u00fcdengland: eine perfekte Kombination","potentialAction":[{"@type":"SearchAction","target":{"@type":"EntryPoint","urlTemplate":"https:\/\/www.urlaubcornwall.de\/blog\/?s={search_term_string}"},"query-input":"required name=search_term_string"}],"inLanguage":"en-US"},{"@type":"WebPage","@id":"https:\/\/www.urlaubcornwall.de\/blog\/blandford-forum-urlaub-in-dorset-und-suedengland\/","url":"https:\/\/www.urlaubcornwall.de\/blog\/blandford-forum-urlaub-in-dorset-und-suedengland\/","name":"Blandford Forum \u2013 Urlaub in Dorset und S\u00fcdengland - Urlaub &amp; Reisen","isPartOf":{"@id":"https:\/\/www.urlaubcornwall.de\/blog\/#website"},"datePublished":"2020-04-07T13:14:55+00:00","dateModified":"2024-04-03T12:00:57+00:00","description":"Als eine von Dorsets gr\u00f6\u00dferen Marktst\u00e4dten weist Blandford Forum sehr sch\u00f6n das Konzept georgianischer Architektur auf mit breiten, eleganten Stra\u00dfen und gro\u00dfen, rechteckigen Marktpl\u00e4tzen. Es gibt vier Museen, allerhand Gesch\u00e4fte und eine Menge Caf\u00e9s und Restaurants, au\u00dferdem ein paar gro\u00dfartige Ausflugsm\u00f6glichkeiten; Die K\u00fcste Dorsets befindet sich eine kurze Autofahrt entfernt und erm\u00f6glicht es, mit Leichtigkeit \u00f6rtliche Juwelen wie Durdle Door, die Studland Bucht und den Chesil Strand zu erkunden.","breadcrumb":{"@id":"https:\/\/www.urlaubcornwall.de\/blog\/blandford-forum-urlaub-in-dorset-und-suedengland\/#breadcrumb"},"inLanguage":"en-US","potentialAction":[{"@type":"ReadAction","target":["https:\/\/www.urlaubcornwall.de\/blog\/blandford-forum-urlaub-in-dorset-und-suedengland\/"]}]},{"@type":"BreadcrumbList","@id":"https:\/\/www.urlaubcornwall.de\/blog\/blandford-forum-urlaub-in-dorset-und-suedengland\/#breadcrumb","itemListElement":[{"@type":"ListItem","position":1,"name":"Home","item":"https:\/\/www.urlaubcornwall.de\/blog\/"},{"@type":"ListItem","position":2,"name":"Blandford Forum \u2013 Urlaub in Dorset und S\u00fcdengland"}]}]}},"_links":{"self":[{"href":"https:\/\/www.urlaubcornwall.de\/blog\/wp-json\/wp\/v2\/pages\/39834"}],"collection":[{"href":"https:\/\/www.urlaubcornwall.de\/blog\/wp-json\/wp\/v2\/pages"}],"about":[{"href":"https:\/\/www.urlaubcornwall.de\/blog\/wp-json\/wp\/v2\/types\/page"}],"author":[{"embeddable":true,"href":"https:\/\/www.urlaubcornwall.de\/blog\/wp-json\/wp\/v2\/users\/1"}],"replies":[{"embeddable":true,"href":"https:\/\/www.urlaubcornwall.de\/blog\/wp-json\/wp\/v2\/comments?post=39834"}],"version-history":[{"count":2,"href":"https:\/\/www.urlaubcornwall.de\/blog\/wp-json\/wp\/v2\/pages\/39834\/revisions"}],"predecessor-version":[{"id":48797,"href":"https:\/\/www.urlaubcornwall.de\/blog\/wp-json\/wp\/v2\/pages\/39834\/revisions\/48797"}],"wp:attachment":[{"href":"https:\/\/www.urlaubcornwall.de\/blog\/wp-json\/wp\/v2\/media?parent=39834"}],"curies":[{"name":"wp","href":"https:\/\/api.w.org\/{rel}","templated":true}]}}