{"id":39819,"date":"2020-04-07T10:38:02","date_gmt":"2020-04-07T10:38:02","guid":{"rendered":"https:\/\/www.urlaubcornwall.de\/blog\/?page_id=39819"},"modified":"2024-05-30T15:35:52","modified_gmt":"2024-05-30T15:35:52","slug":"wo-in-cornwall-urlaub-machen","status":"publish","type":"page","link":"https:\/\/www.urlaubcornwall.de\/blog\/wo-in-cornwall-urlaub-machen\/","title":{"rendered":"Wo in Cornwall Urlaub machen?"},"content":{"rendered":"<p>Cornwall ist bekannt als eine der sch\u00f6nsten Regionen Englands und H\u00f6hepunkt eines jeden <a href=\"https:\/\/www.urlaubcornwall.de\/ferienhaeuser\/suedengland.php\">Urlaubs<\/a> oder <a href=\"https:\/\/www.urlaubcornwall.de\/rundreisen\/cornwall-suedengland.php\">Rundreise durch S\u00fcdengland<\/a>. Cornwall bietet eine h\u00fcbsche Stadt nach der anderen, von <a href=\"https:\/\/www.urlaubcornwall.de\/blog\/fuenf-der-besten-unsere-beliebtesten-haefen-in-cornwall\/\">beliebten Urlaubsorten am Meer<\/a> bis hin zu urigen Fischerd\u00f6rfern und -st\u00e4dten. Da sich unser Firmensitz in Cornwall befindet, m\u00f6chten wir Ihnen unsere Insiderauswahl der allersch\u00f6nsten Urlaubsziele vorstellen.<\/p>\n<p><strong><a href=\"https:\/\/www.urlaubcornwall.de\/ferienhaeuser-fewos\/st-ives.html\">St Ives<\/a><\/strong><\/p>\n<p><a href=\"https:\/\/www.urlaubcornwall.de\/blog\/wp-content\/uploads\/2021\/10\/st-ives_hafen_cornwall.jpg\"><img loading=\"lazy\" src=\"https:\/\/www.urlaubcornwall.de\/blog\/wp-content\/uploads\/2021\/10\/st-ives_hafen_cornwall.jpg\" alt=\"st ives_hafen_cornwall\" width=\"751\" height=\"563\" class=\"alignnone size-full wp-image-43325\" srcset=\"https:\/\/www.urlaubcornwall.de\/blog\/wp-content\/uploads\/2021\/10\/st-ives_hafen_cornwall.jpg 751w, https:\/\/www.urlaubcornwall.de\/blog\/wp-content\/uploads\/2021\/10\/st-ives_hafen_cornwall-300x225.jpg 300w\" sizes=\"(max-width: 751px) 100vw, 751px\" \/><\/a><\/p>\n<p>St Ives eines der Juwelen der britischen Krone. <a href=\"https:\/\/www.urlaubcornwall.de\/ferienhaeuser-fewos\/st-ives.html\">St Ives ist ein Labyrinth mit gepflasterten Stra\u00dfen<\/a>, Fischerh\u00e4uschen, Gesch\u00e4ften, Galerien und Restaurants, die alle f\u00f6rmlich darauf warten, entdeckt zu werden.<\/p>\n<p><strong><a href=\"https:\/\/www.urlaubcornwall.de\/ferienhaeuser-fewos\/falmouth.html\">Falmouth<\/a><\/strong><\/p>\n<p><img loading=\"lazy\" class=\"aligncenter size-full wp-image-32668\" src=\"https:\/\/www.urlaubcornwall.de\/blog\/wp-content\/uploads\/2018\/02\/gylly-beach-daisies.jpg\" alt=\"falmouth stand gyllyngvase\" width=\"750\" height=\"423\"\/><\/p>\n<p>Falmouth liegt am \u00c4stuar des Flusses Fal, eines der feinsten Naturh\u00e4fen der Welt. Auf einer Landspitze mit Blick auf die Bucht von <a href=\"https:\/\/www.urlaubcornwall.de\/ferienhaeuser-fewos\/falmouth.html\">Falmouth<\/a> befindet sich die Burg Pendennis Castle und \u00fcber dem Fluss in St Mawes liegt die St Mawes Burg.<\/p>\n<p><strong><a href=\"https:\/\/www.urlaubcornwall.de\/ferienhaeuser-fewos\/newquay.html\">Newquay<\/a><\/strong><\/p>\n<p><img loading=\"lazy\" class=\"aligncenter size-full wp-image-47783\" src=\"https:\/\/www.urlaubcornwall.de\/blog\/wp-content\/uploads\/2024\/03\/Fistral-strand.jpg\" alt=\"Fistral strand\" width=\"750\" height=\"482\" srcset=\"https:\/\/www.urlaubcornwall.de\/blog\/wp-content\/uploads\/2024\/03\/Fistral-strand.jpg 750w, https:\/\/www.urlaubcornwall.de\/blog\/wp-content\/uploads\/2024\/03\/Fistral-strand-300x193.jpg 300w\" sizes=\"(max-width: 750px) 100vw, 750px\" \/><\/p>\n<p>Als zweifelsohne die lebendigste Stadt an der Nordk\u00fcste sorgt <a href=\"https:\/\/www.urlaubcornwall.de\/ferienhaeuser-fewos\/newquay.html\">Newquay<\/a> sowohl f\u00fcr junge Nachtschw\u00e4rmer als auch Familien. Es gibt gro\u00dfartige Surfm\u00f6glichkeiten, jede Menge gesch\u00e4ftiger Kneipen und Caf\u00e9s, und es ist ein Paradies f\u00fcr Surf Lifestyle Shopping.<\/p>\n<p><strong><a href=\"https:\/\/www.urlaubcornwall.de\/ferienhaeuser-fewos\/mousehole.html\">Mousehole<\/a><\/strong><\/p>\n<p><a href=\"https:\/\/www.urlaubcornwall.de\/blog\/wp-content\/uploads\/2024\/03\/mousehole_urlaub.jpg\"><img loading=\"lazy\" src=\"https:\/\/www.urlaubcornwall.de\/blog\/wp-content\/uploads\/2024\/03\/mousehole_urlaub.jpg\" alt=\"\" width=\"750\" height=\"665\" class=\"alignnone size-full wp-image-48071\" srcset=\"https:\/\/www.urlaubcornwall.de\/blog\/wp-content\/uploads\/2024\/03\/mousehole_urlaub.jpg 750w, https:\/\/www.urlaubcornwall.de\/blog\/wp-content\/uploads\/2024\/03\/mousehole_urlaub-300x266.jpg 300w\" sizes=\"(max-width: 750px) 100vw, 750px\" \/><\/a><\/p>\n<p><a href=\"https:\/\/www.urlaubcornwall.de\/ferienhaeuser-fewos\/mousehole.html\">Mousehole<\/a> liegt am westlichen Rand von Mount\u2018s Bay. Die h\u00fcbsche Bucht von Lamorna ist ganz in der N\u00e4he sowie das in einen Granitfelsen eingebettete Minack Theatre. Der Strand von <a href=\"https:\/\/www.urlaubcornwall.de\/ferienhaeuser-fewos\/porthcurno.html\">Porthcurno<\/a>, eines der feinsten Buchten der Penwith-Halbinsel, und das Telegraph Museum befinden sich alle in der N\u00e4he.<\/p>\n<div class=\"snippet\"> <a class=\"featured-item\" href=\"https:\/\/www.urlaubcornwall.de\/ferienhaeuser\/cornwall.php\"> <span class=\"image-holder\" style=\"background-image: url('https:\/\/www.urlaubcornwall.de\/blog\/wp-content\/uploads\/2018\/12\/familienurlaub-corwnall-snippet.jpg');\"><\/span> <span class=\"featured-content\"> \n<h2 class=\"featured-title\">Ferienh\u00e4user in Cornwall am Meer<\/h2>\n<p class=\"featured-body\">Cornwall besitzt mehr K\u00fcstenlinien als jede andere Grafschaft und bietet einige der besten Str\u00e4nde, K\u00fcstenwanderwege und Klippenlandschaften, die man \u00fcberhaupt finden kann&#8230; <\/p><\/span> <span class=\"featured-link-holder\"> <span class=\"featured-extra-info\"> \n<p>F\u00fcr Paare, Familien &#038; Gruppen<\/p>\n<\/span> \n<p class=\"featured-link\">DETAILS<\/p>\n<\/span> <\/a><\/div>\n<p><strong><a href=\"https:\/\/www.urlaubcornwall.de\/ferienhaeuser-fewos\/porthleven.html\">Porthleven<\/a><\/strong><\/p>\n<p style=\"text-align: right;\"><img loading=\"lazy\" class=\"aligncenter size-full wp-image-48080\" src=\"https:\/\/www.urlaubcornwall.de\/blog\/wp-content\/uploads\/2024\/03\/porthleven_urlaub_edit.jpg\" alt=\"porthleven_urlaub\" width=\"750\" height=\"608\" srcset=\"https:\/\/www.urlaubcornwall.de\/blog\/wp-content\/uploads\/2024\/03\/porthleven_urlaub_edit.jpg 750w, https:\/\/www.urlaubcornwall.de\/blog\/wp-content\/uploads\/2024\/03\/porthleven_urlaub_edit-300x243.jpg 300w\" sizes=\"(max-width: 750px) 100vw, 750px\" \/><\/p>\n<p><a href=\"https:\/\/www.urlaubcornwall.de\/ferienhaeuser-fewos\/porthleven.html\">Porthleven ist eines von Cornwalls versteckten Juwelen<\/a>, weniger bekannt als zum Beispiel Padstow oder St Ives, doch sicherlich eines Besuches wert. Es liegt in <a href=\"https:\/\/www.urlaubcornwall.de\/ferienhaeuser-fewos\/west-cornwall.html\">Westcornwall<\/a> zwischen dem Lizard Point (Britanniens s\u00fcdlichstem Zipfel) und Lands End direkt zum atlantischen Ozean hin und vermittelt einen rauen, zerkl\u00fcfteten Eindruck, was vielen der gesch\u00fctzter gelegenen H\u00e4fen entlang der cornischen K\u00fcste fehlt.<\/p>\n<p><strong><a href=\"https:\/\/www.urlaubcornwall.de\/ferienhaeuser-fewos\/fowey.html\">Fowey<\/a><\/strong><\/p>\n<p><img loading=\"lazy\" class=\"aligncenter size-full wp-image-39543\" src=\"https:\/\/www.urlaubcornwall.de\/blog\/wp-content\/uploads\/2020\/02\/fowey-urlaub.jpg\" alt=\"fowey-urlaub\" width=\"749\" height=\"421\"\/><\/p>\n<p><a href=\"https:\/\/www.urlaubcornwall.de\/ferienhaeuser-fewos\/fowey.html\">Fowey ist ein bezauberndes Hafenst\u00e4dtchen<\/a>, das sich von hoch auf einem H\u00fcgel bis zum Meer hinunter erstreckt. Enge schiefe Str\u00e4\u00dfchen verleihen Fowey eine klassisch kornische Atmosph\u00e4re. Die Inspiration f\u00fcr den Gro\u00dfteil der von Daphne du Maurier geschriebenen Geschichten l\u00e4sst sich an der K\u00fcste und Landschaft in der N\u00e4he ihres Anwesens Menabilly erkennen.<\/p>\n<p><strong><a href=\"https:\/\/www.urlaubcornwall.de\/ferienhaeuser-fewos\/port-isaac.html\">Port Isaac<\/a><\/strong><\/p>\n<p><img loading=\"lazy\" class=\"aligncenter size-full wp-image-34508\" src=\"https:\/\/www.urlaubcornwall.de\/blog\/wp-content\/uploads\/2018\/11\/23050001_ferienhaus_port_isaac_meerblick.jpg\" alt=\"ferienhaus_port_isaac_meerblick\" width=\"752\" height=\"420\"\/><br \/>\nWenn Sie an einen cornische Urlaubsort denken, werden Ihnen <a href=\"https:\/\/www.urlaubcornwall.de\/ferienhaeuser-fewos\/port-isaac.html\">Bilder von Port Isaac<\/a> einfallen. Als quintessentielles cornisches Fischerdorf ist es ein beliebter Urlaubsort.<\/p>\n<p><strong><a href=\"https:\/\/www.urlaubcornwall.de\/ferienhaeuser-fewos\/lizard-halbinsel.html\">Lizard Halbinsel<\/a><\/strong><\/p>\n<p><img loading=\"lazy\" class=\"aligncenter size-full wp-image-47900\" src=\"https:\/\/www.urlaubcornwall.de\/blog\/wp-content\/uploads\/2024\/03\/lizard.jpg\" alt=\"lizard kynance\" width=\"750\" height=\"563\" srcset=\"https:\/\/www.urlaubcornwall.de\/blog\/wp-content\/uploads\/2024\/03\/lizard.jpg 750w, https:\/\/www.urlaubcornwall.de\/blog\/wp-content\/uploads\/2024\/03\/lizard-300x225.jpg 300w\" sizes=\"(max-width: 750px) 100vw, 750px\" \/><\/p>\n<p>Die <a href=\"https:\/\/www.urlaubcornwall.de\/ferienhaeuser-fewos\/lizard-halbinsel.html\">Lizard-Halbinsel ist der s\u00fcdlichste Punkt von Gro\u00dfbritannien<\/a>. Entlang seiner K\u00fcstenlinie befinden sich die bezaubernden Str\u00e4nde Praa Sands, Loe Bar, Church Cove, Kennack Sands und Kynance Cove. Die h\u00fcbschen Fischerd\u00f6rfer <a href=\"https:\/\/www.urlaubcornwall.de\/ferienhaeuser-fewos\/mullion-cove.html\">Mullion<\/a>, <a href=\"https:\/\/www.urlaubcornwall.de\/ferienhaeuser-fewos\/cadgwith.html\">Cadgwith<\/a>, <a href=\"https:\/\/www.urlaubcornwall.de\/ferienhaeuser-fewos\/coverack.html\">Coverack<\/a> und <a href=\"https:\/\/www.urlaubcornwall.de\/ferienhaeuser-fewos\/porthleven.html\">Porthleven<\/a> liegen alle auf der Lizard-Halbinsel.<\/p>\n<p><strong><a href=\"https:\/\/www.urlaubcornwall.de\/ferienhaeuser-fewos\/padstow.html\">Padstow<\/a><\/strong><\/p>\n<p><img loading=\"lazy\" class=\"aligncenter size-full wp-image-39118\" src=\"https:\/\/www.urlaubcornwall.de\/blog\/wp-content\/uploads\/2019\/11\/padstow_hafen.jpg\" alt=\"padstow_hafen\" width=\"750\" height=\"422\"\/><\/p>\n<p><a href=\"https:\/\/www.urlaubcornwall.de\/ferienhaeuser-fewos\/padstow.html\">Padstow ist ein Fischer- und Badeort<\/a>, der im Schutze des Camel-\u00c4stuars liegt. Der Ort ist bekannt f\u00fcr seine ber\u00fchmten Restaurants und sehr guten Fisch- und Meeresfr\u00fcchte, zudem ist dort die nationale Hummeraufzucht beheimatet. <\/p>\n","protected":false},"excerpt":{"rendered":"<p>Cornwall ist bekannt als eine der sch\u00f6nsten Regionen Englands und H\u00f6hepunkt eines jeden Urlaubs oder Rundreise durch S\u00fcdengland. Cornwall bietet eine h\u00fcbsche Stadt nach der anderen, von beliebten Urlaubsorten am Meer bis hin zu urigen Fischerd\u00f6rfern und -st\u00e4dten. Da sich unser Firmensitz in Cornwall befindet, m\u00f6chten wir Ihnen unsere Insiderauswahl der allersch\u00f6nsten Urlaubsziele vorstellen. St [&hellip;]<\/p>\n","protected":false},"author":1,"featured_media":0,"parent":0,"menu_order":0,"comment_status":"closed","ping_status":"closed","template":"single-four.php","meta":[],"acf":[],"yoast_head":"<!-- This site is optimized with the Yoast SEO plugin v19.4 - https:\/\/yoast.com\/wordpress\/plugins\/seo\/ -->\n<title>Wo in Cornwall Urlaub machen? - Urlaub &amp; Reisen<\/title>\n<meta name=\"description\" content=\"Cornwall ist bekannt als eine der sch\u00f6nsten Regionen Englands und H\u00f6hepunkt eines jeden Urlaubs oder Rundreise durch S\u00fcdengland. Cornwall bietet eine h\u00fcbsche Stadt nach der anderen, von beliebten Urlaubsorten am Meer bis hin zu urigen Fischerd\u00f6rfern und -st\u00e4dten. Da sich unser Firmensitz in Cornwall befindet, m\u00f6chten wir Ihnen unsere Insiderauswahl der allersch\u00f6nsten Urlaubsziele vorstellen.\" \/>\n<meta name=\"robots\" content=\"index, follow, max-snippet:-1, max-image-preview:large, max-video-preview:-1\" \/>\n<link rel=\"canonical\" href=\"https:\/\/www.urlaubcornwall.de\/blog\/wo-in-cornwall-urlaub-machen\/\" \/>\n<meta property=\"og:locale\" content=\"en_US\" \/>\n<meta property=\"og:type\" content=\"article\" \/>\n<meta property=\"og:title\" content=\"Wo in Cornwall Urlaub machen? - Urlaub &amp; Reisen\" \/>\n<meta property=\"og:description\" content=\"Cornwall ist bekannt als eine der sch\u00f6nsten Regionen Englands und H\u00f6hepunkt eines jeden Urlaubs oder Rundreise durch S\u00fcdengland. Cornwall bietet eine h\u00fcbsche Stadt nach der anderen, von beliebten Urlaubsorten am Meer bis hin zu urigen Fischerd\u00f6rfern und -st\u00e4dten. Da sich unser Firmensitz in Cornwall befindet, m\u00f6chten wir Ihnen unsere Insiderauswahl der allersch\u00f6nsten Urlaubsziele vorstellen.\" \/>\n<meta property=\"og:url\" content=\"https:\/\/www.urlaubcornwall.de\/blog\/wo-in-cornwall-urlaub-machen\/\" \/>\n<meta property=\"og:site_name\" content=\"Urlaub &amp; Reisen\" \/>\n<meta property=\"article:modified_time\" content=\"2024-05-30T15:35:52+00:00\" \/>\n<meta property=\"og:image\" content=\"https:\/\/www.urlaubcornwall.de\/blog\/wp-content\/uploads\/2021\/10\/st-ives_hafen_cornwall.jpg\" \/>\n<meta name=\"twitter:card\" content=\"summary\" \/>\n<meta name=\"twitter:label1\" content=\"Est. reading time\" \/>\n\t<meta name=\"twitter:data1\" content=\"4 minutes\" \/>\n<script type=\"application\/ld+json\" class=\"yoast-schema-graph\">{\"@context\":\"https:\/\/schema.org\",\"@graph\":[{\"@type\":\"WebSite\",\"@id\":\"https:\/\/www.urlaubcornwall.de\/blog\/#website\",\"url\":\"https:\/\/www.urlaubcornwall.de\/blog\/\",\"name\":\"Urlaub &amp; Reisen\",\"description\":\"Urlaub, Reisen, Cornwall und S\u00fcdengland: eine perfekte Kombination\",\"potentialAction\":[{\"@type\":\"SearchAction\",\"target\":{\"@type\":\"EntryPoint\",\"urlTemplate\":\"https:\/\/www.urlaubcornwall.de\/blog\/?s={search_term_string}\"},\"query-input\":\"required name=search_term_string\"}],\"inLanguage\":\"en-US\"},{\"@type\":\"WebPage\",\"@id\":\"https:\/\/www.urlaubcornwall.de\/blog\/wo-in-cornwall-urlaub-machen\/\",\"url\":\"https:\/\/www.urlaubcornwall.de\/blog\/wo-in-cornwall-urlaub-machen\/\",\"name\":\"Wo in Cornwall Urlaub machen? - Urlaub &amp; Reisen\",\"isPartOf\":{\"@id\":\"https:\/\/www.urlaubcornwall.de\/blog\/#website\"},\"datePublished\":\"2020-04-07T10:38:02+00:00\",\"dateModified\":\"2024-05-30T15:35:52+00:00\",\"description\":\"Cornwall ist bekannt als eine der sch\u00f6nsten Regionen Englands und H\u00f6hepunkt eines jeden Urlaubs oder Rundreise durch S\u00fcdengland. Cornwall bietet eine h\u00fcbsche Stadt nach der anderen, von beliebten Urlaubsorten am Meer bis hin zu urigen Fischerd\u00f6rfern und -st\u00e4dten. Da sich unser Firmensitz in Cornwall befindet, m\u00f6chten wir Ihnen unsere Insiderauswahl der allersch\u00f6nsten Urlaubsziele vorstellen.\",\"breadcrumb\":{\"@id\":\"https:\/\/www.urlaubcornwall.de\/blog\/wo-in-cornwall-urlaub-machen\/#breadcrumb\"},\"inLanguage\":\"en-US\",\"potentialAction\":[{\"@type\":\"ReadAction\",\"target\":[\"https:\/\/www.urlaubcornwall.de\/blog\/wo-in-cornwall-urlaub-machen\/\"]}]},{\"@type\":\"BreadcrumbList\",\"@id\":\"https:\/\/www.urlaubcornwall.de\/blog\/wo-in-cornwall-urlaub-machen\/#breadcrumb\",\"itemListElement\":[{\"@type\":\"ListItem\",\"position\":1,\"name\":\"Home\",\"item\":\"https:\/\/www.urlaubcornwall.de\/blog\/\"},{\"@type\":\"ListItem\",\"position\":2,\"name\":\"Wo in Cornwall Urlaub machen?\"}]}]}<\/script>\n<!-- \/ Yoast SEO plugin. -->","yoast_head_json":{"title":"Wo in Cornwall Urlaub machen? - Urlaub &amp; Reisen","description":"Cornwall ist bekannt als eine der sch\u00f6nsten Regionen Englands und H\u00f6hepunkt eines jeden Urlaubs oder Rundreise durch S\u00fcdengland. Cornwall bietet eine h\u00fcbsche Stadt nach der anderen, von beliebten Urlaubsorten am Meer bis hin zu urigen Fischerd\u00f6rfern und -st\u00e4dten. Da sich unser Firmensitz in Cornwall befindet, m\u00f6chten wir Ihnen unsere Insiderauswahl der allersch\u00f6nsten Urlaubsziele vorstellen.","robots":{"index":"index","follow":"follow","max-snippet":"max-snippet:-1","max-image-preview":"max-image-preview:large","max-video-preview":"max-video-preview:-1"},"canonical":"https:\/\/www.urlaubcornwall.de\/blog\/wo-in-cornwall-urlaub-machen\/","og_locale":"en_US","og_type":"article","og_title":"Wo in Cornwall Urlaub machen? - Urlaub &amp; Reisen","og_description":"Cornwall ist bekannt als eine der sch\u00f6nsten Regionen Englands und H\u00f6hepunkt eines jeden Urlaubs oder Rundreise durch S\u00fcdengland. Cornwall bietet eine h\u00fcbsche Stadt nach der anderen, von beliebten Urlaubsorten am Meer bis hin zu urigen Fischerd\u00f6rfern und -st\u00e4dten. Da sich unser Firmensitz in Cornwall befindet, m\u00f6chten wir Ihnen unsere Insiderauswahl der allersch\u00f6nsten Urlaubsziele vorstellen.","og_url":"https:\/\/www.urlaubcornwall.de\/blog\/wo-in-cornwall-urlaub-machen\/","og_site_name":"Urlaub &amp; Reisen","article_modified_time":"2024-05-30T15:35:52+00:00","og_image":[{"url":"https:\/\/www.urlaubcornwall.de\/blog\/wp-content\/uploads\/2021\/10\/st-ives_hafen_cornwall.jpg"}],"twitter_card":"summary","twitter_misc":{"Est. reading time":"4 minutes"},"schema":{"@context":"https:\/\/schema.org","@graph":[{"@type":"WebSite","@id":"https:\/\/www.urlaubcornwall.de\/blog\/#website","url":"https:\/\/www.urlaubcornwall.de\/blog\/","name":"Urlaub &amp; Reisen","description":"Urlaub, Reisen, Cornwall und S\u00fcdengland: eine perfekte Kombination","potentialAction":[{"@type":"SearchAction","target":{"@type":"EntryPoint","urlTemplate":"https:\/\/www.urlaubcornwall.de\/blog\/?s={search_term_string}"},"query-input":"required name=search_term_string"}],"inLanguage":"en-US"},{"@type":"WebPage","@id":"https:\/\/www.urlaubcornwall.de\/blog\/wo-in-cornwall-urlaub-machen\/","url":"https:\/\/www.urlaubcornwall.de\/blog\/wo-in-cornwall-urlaub-machen\/","name":"Wo in Cornwall Urlaub machen? - Urlaub &amp; Reisen","isPartOf":{"@id":"https:\/\/www.urlaubcornwall.de\/blog\/#website"},"datePublished":"2020-04-07T10:38:02+00:00","dateModified":"2024-05-30T15:35:52+00:00","description":"Cornwall ist bekannt als eine der sch\u00f6nsten Regionen Englands und H\u00f6hepunkt eines jeden Urlaubs oder Rundreise durch S\u00fcdengland. Cornwall bietet eine h\u00fcbsche Stadt nach der anderen, von beliebten Urlaubsorten am Meer bis hin zu urigen Fischerd\u00f6rfern und -st\u00e4dten. Da sich unser Firmensitz in Cornwall befindet, m\u00f6chten wir Ihnen unsere Insiderauswahl der allersch\u00f6nsten Urlaubsziele vorstellen.","breadcrumb":{"@id":"https:\/\/www.urlaubcornwall.de\/blog\/wo-in-cornwall-urlaub-machen\/#breadcrumb"},"inLanguage":"en-US","potentialAction":[{"@type":"ReadAction","target":["https:\/\/www.urlaubcornwall.de\/blog\/wo-in-cornwall-urlaub-machen\/"]}]},{"@type":"BreadcrumbList","@id":"https:\/\/www.urlaubcornwall.de\/blog\/wo-in-cornwall-urlaub-machen\/#breadcrumb","itemListElement":[{"@type":"ListItem","position":1,"name":"Home","item":"https:\/\/www.urlaubcornwall.de\/blog\/"},{"@type":"ListItem","position":2,"name":"Wo in Cornwall Urlaub machen?"}]}]}},"_links":{"self":[{"href":"https:\/\/www.urlaubcornwall.de\/blog\/wp-json\/wp\/v2\/pages\/39819"}],"collection":[{"href":"https:\/\/www.urlaubcornwall.de\/blog\/wp-json\/wp\/v2\/pages"}],"about":[{"href":"https:\/\/www.urlaubcornwall.de\/blog\/wp-json\/wp\/v2\/types\/page"}],"author":[{"embeddable":true,"href":"https:\/\/www.urlaubcornwall.de\/blog\/wp-json\/wp\/v2\/users\/1"}],"replies":[{"embeddable":true,"href":"https:\/\/www.urlaubcornwall.de\/blog\/wp-json\/wp\/v2\/comments?post=39819"}],"version-history":[{"count":11,"href":"https:\/\/www.urlaubcornwall.de\/blog\/wp-json\/wp\/v2\/pages\/39819\/revisions"}],"predecessor-version":[{"id":51150,"href":"https:\/\/www.urlaubcornwall.de\/blog\/wp-json\/wp\/v2\/pages\/39819\/revisions\/51150"}],"wp:attachment":[{"href":"https:\/\/www.urlaubcornwall.de\/blog\/wp-json\/wp\/v2\/media?parent=39819"}],"curies":[{"name":"wp","href":"https:\/\/api.w.org\/{rel}","templated":true}]}}