{"id":39805,"date":"2020-04-02T14:44:24","date_gmt":"2020-04-02T14:44:24","guid":{"rendered":"https:\/\/www.urlaubcornwall.de\/blog\/?page_id=39805"},"modified":"2023-08-15T08:40:02","modified_gmt":"2023-08-15T08:40:02","slug":"wanderurlaub-in-cornwall-2021","status":"publish","type":"page","link":"https:\/\/www.urlaubcornwall.de\/blog\/wanderurlaub-in-cornwall-2021\/","title":{"rendered":"Wanderurlaub &#038; Individuelle Wanderreisen in Cornwall 2024"},"content":{"rendered":"<p><img loading=\"lazy\" class=\"aligncenter size-full wp-image-24897\" src=\"https:\/\/www.urlaubcornwall.de\/blog\/wp-content\/uploads\/2016\/08\/wandern-in-cornwall.jpg\" alt=\"wanderreise cornwall\" width=\"748\" height=\"406\"\/><\/p>\n<p>Der <a href=\"https:\/\/www.urlaubcornwall.de\/blog\/suedwestkuestenpfad-unser-fuehrer-wandern-in-cornwall-devon-und-suedengland\/\">S\u00fcdwestk\u00fcstenpfad<\/a> (South West Coastal Path) ist Gro\u00dfbritanniens l\u00e4ngster Langstrecken-Wanderweg und bietet auf dem Abschnitt um die K\u00fcste von Cornwall gro\u00dfartige Herausforderungen und herrlich abwechslungsreiche, reizvolle Landschaft. Wir bieten eine Pauschalwandertour, wo alles f\u00fcr Ihren Urlaub schon arrangiert wird &#8211; Sie m\u00fcssen nur noch Ihren Urlaub genie\u00dfen und unvergessliche Momente erleben. So k\u00f6nnen Sie ganz in entspannt wandern in Cornwall.<\/p>\n<p><strong>Herrliche Wander- und K\u00fcstenwanderungsurlaube in Cornwall preisg\u00fcnstig<\/strong><\/p>\n<p>UrlaubCornwall spezialisieren sich auf gef\u00fchrte und ungef\u00fchrte Wanderferien in Cornwall und <a href=\"https:\/\/www.urlaubcornwall.de\/wanderurlaub\/devon.php\">Devon<\/a>. Eine Klippenwanderung am S\u00fcdwestk\u00fcstenpfad macht Ihren Urlaub in einer der beliebtesten Urlaubsgegenden in S\u00fcdengland zu einem unvergesslichen Erlebnis.<\/p>\n<p style=\"text-align: center;\"><a class=\"tidycta\" href=\"https:\/\/www.urlaubcornwall.de\/wanderurlaub\/anfrage.php\">Schicken Sie uns eine Anfrage<\/a><\/p>\n","protected":false},"excerpt":{"rendered":"<p>Der S\u00fcdwestk\u00fcstenpfad (South West Coastal Path) ist Gro\u00dfbritanniens l\u00e4ngster Langstrecken-Wanderweg und bietet auf dem Abschnitt um die K\u00fcste von Cornwall gro\u00dfartige Herausforderungen und herrlich abwechslungsreiche, reizvolle Landschaft. Wir bieten eine Pauschalwandertour, wo alles f\u00fcr Ihren Urlaub schon arrangiert wird &#8211; Sie m\u00fcssen nur noch Ihren Urlaub genie\u00dfen und unvergessliche Momente erleben. So k\u00f6nnen Sie ganz [&hellip;]<\/p>\n","protected":false},"author":1,"featured_media":0,"parent":0,"menu_order":0,"comment_status":"closed","ping_status":"closed","template":"single-four.php","meta":[],"acf":[],"yoast_head":"<!-- This site is optimized with the Yoast SEO plugin v19.4 - https:\/\/yoast.com\/wordpress\/plugins\/seo\/ -->\n<title>Wanderurlaub &amp; Individuelle Wanderreisen in Cornwall 2024 - Urlaub &amp; Reisen<\/title>\n<meta name=\"description\" content=\"Herrliche Wander- und K\u00fcstenwanderungsurlaube in Cornwall preisg\u00fcnstig. UrlaubCornwall spezialisieren sich auf gef\u00fchrte und ungef\u00fchrte Wanderferien in Cornwall und Devon. Eine Klippenwanderung am S\u00fcdwestk\u00fcstenpfad macht Ihren Urlaub in einer der beliebtesten Urlaubsgegenden in S\u00fcdengland zu einem unvergesslichen Erlebnis.\" \/>\n<meta name=\"robots\" content=\"index, follow, max-snippet:-1, max-image-preview:large, max-video-preview:-1\" \/>\n<link rel=\"canonical\" href=\"https:\/\/www.urlaubcornwall.de\/blog\/wanderurlaub-in-cornwall-2021\/\" \/>\n<meta property=\"og:locale\" content=\"en_US\" \/>\n<meta property=\"og:type\" content=\"article\" \/>\n<meta property=\"og:title\" content=\"Wanderurlaub &amp; Individuelle Wanderreisen in Cornwall 2024 - Urlaub &amp; Reisen\" \/>\n<meta property=\"og:description\" content=\"Herrliche Wander- und K\u00fcstenwanderungsurlaube in Cornwall preisg\u00fcnstig. UrlaubCornwall spezialisieren sich auf gef\u00fchrte und ungef\u00fchrte Wanderferien in Cornwall und Devon. Eine Klippenwanderung am S\u00fcdwestk\u00fcstenpfad macht Ihren Urlaub in einer der beliebtesten Urlaubsgegenden in S\u00fcdengland zu einem unvergesslichen Erlebnis.\" \/>\n<meta property=\"og:url\" content=\"https:\/\/www.urlaubcornwall.de\/blog\/wanderurlaub-in-cornwall-2021\/\" \/>\n<meta property=\"og:site_name\" content=\"Urlaub &amp; Reisen\" \/>\n<meta property=\"article:modified_time\" content=\"2023-08-15T08:40:02+00:00\" \/>\n<meta property=\"og:image\" content=\"https:\/\/www.urlaubcornwall.de\/blog\/wp-content\/uploads\/2016\/08\/wandern-in-cornwall.jpg\" \/>\n<meta name=\"twitter:card\" content=\"summary\" \/>\n<meta name=\"twitter:label1\" content=\"Est. reading time\" \/>\n\t<meta name=\"twitter:data1\" content=\"1 minute\" \/>\n<script type=\"application\/ld+json\" class=\"yoast-schema-graph\">{\"@context\":\"https:\/\/schema.org\",\"@graph\":[{\"@type\":\"WebSite\",\"@id\":\"https:\/\/www.urlaubcornwall.de\/blog\/#website\",\"url\":\"https:\/\/www.urlaubcornwall.de\/blog\/\",\"name\":\"Urlaub &amp; Reisen\",\"description\":\"Urlaub, Reisen, Cornwall und S\u00fcdengland: eine perfekte Kombination\",\"potentialAction\":[{\"@type\":\"SearchAction\",\"target\":{\"@type\":\"EntryPoint\",\"urlTemplate\":\"https:\/\/www.urlaubcornwall.de\/blog\/?s={search_term_string}\"},\"query-input\":\"required name=search_term_string\"}],\"inLanguage\":\"en-US\"},{\"@type\":\"WebPage\",\"@id\":\"https:\/\/www.urlaubcornwall.de\/blog\/wanderurlaub-in-cornwall-2021\/\",\"url\":\"https:\/\/www.urlaubcornwall.de\/blog\/wanderurlaub-in-cornwall-2021\/\",\"name\":\"Wanderurlaub & Individuelle Wanderreisen in Cornwall 2024 - Urlaub &amp; Reisen\",\"isPartOf\":{\"@id\":\"https:\/\/www.urlaubcornwall.de\/blog\/#website\"},\"datePublished\":\"2020-04-02T14:44:24+00:00\",\"dateModified\":\"2023-08-15T08:40:02+00:00\",\"description\":\"Herrliche Wander- und K\u00fcstenwanderungsurlaube in Cornwall preisg\u00fcnstig. UrlaubCornwall spezialisieren sich auf gef\u00fchrte und ungef\u00fchrte Wanderferien in Cornwall und Devon. Eine Klippenwanderung am S\u00fcdwestk\u00fcstenpfad macht Ihren Urlaub in einer der beliebtesten Urlaubsgegenden in S\u00fcdengland zu einem unvergesslichen Erlebnis.\",\"breadcrumb\":{\"@id\":\"https:\/\/www.urlaubcornwall.de\/blog\/wanderurlaub-in-cornwall-2021\/#breadcrumb\"},\"inLanguage\":\"en-US\",\"potentialAction\":[{\"@type\":\"ReadAction\",\"target\":[\"https:\/\/www.urlaubcornwall.de\/blog\/wanderurlaub-in-cornwall-2021\/\"]}]},{\"@type\":\"BreadcrumbList\",\"@id\":\"https:\/\/www.urlaubcornwall.de\/blog\/wanderurlaub-in-cornwall-2021\/#breadcrumb\",\"itemListElement\":[{\"@type\":\"ListItem\",\"position\":1,\"name\":\"Home\",\"item\":\"https:\/\/www.urlaubcornwall.de\/blog\/\"},{\"@type\":\"ListItem\",\"position\":2,\"name\":\"Wanderurlaub &#038; Individuelle Wanderreisen in Cornwall 2024\"}]}]}<\/script>\n<!-- \/ Yoast SEO plugin. -->","yoast_head_json":{"title":"Wanderurlaub & Individuelle Wanderreisen in Cornwall 2024 - Urlaub &amp; Reisen","description":"Herrliche Wander- und K\u00fcstenwanderungsurlaube in Cornwall preisg\u00fcnstig. UrlaubCornwall spezialisieren sich auf gef\u00fchrte und ungef\u00fchrte Wanderferien in Cornwall und Devon. Eine Klippenwanderung am S\u00fcdwestk\u00fcstenpfad macht Ihren Urlaub in einer der beliebtesten Urlaubsgegenden in S\u00fcdengland zu einem unvergesslichen Erlebnis.","robots":{"index":"index","follow":"follow","max-snippet":"max-snippet:-1","max-image-preview":"max-image-preview:large","max-video-preview":"max-video-preview:-1"},"canonical":"https:\/\/www.urlaubcornwall.de\/blog\/wanderurlaub-in-cornwall-2021\/","og_locale":"en_US","og_type":"article","og_title":"Wanderurlaub & Individuelle Wanderreisen in Cornwall 2024 - Urlaub &amp; Reisen","og_description":"Herrliche Wander- und K\u00fcstenwanderungsurlaube in Cornwall preisg\u00fcnstig. UrlaubCornwall spezialisieren sich auf gef\u00fchrte und ungef\u00fchrte Wanderferien in Cornwall und Devon. Eine Klippenwanderung am S\u00fcdwestk\u00fcstenpfad macht Ihren Urlaub in einer der beliebtesten Urlaubsgegenden in S\u00fcdengland zu einem unvergesslichen Erlebnis.","og_url":"https:\/\/www.urlaubcornwall.de\/blog\/wanderurlaub-in-cornwall-2021\/","og_site_name":"Urlaub &amp; Reisen","article_modified_time":"2023-08-15T08:40:02+00:00","og_image":[{"url":"https:\/\/www.urlaubcornwall.de\/blog\/wp-content\/uploads\/2016\/08\/wandern-in-cornwall.jpg"}],"twitter_card":"summary","twitter_misc":{"Est. reading time":"1 minute"},"schema":{"@context":"https:\/\/schema.org","@graph":[{"@type":"WebSite","@id":"https:\/\/www.urlaubcornwall.de\/blog\/#website","url":"https:\/\/www.urlaubcornwall.de\/blog\/","name":"Urlaub &amp; Reisen","description":"Urlaub, Reisen, Cornwall und S\u00fcdengland: eine perfekte Kombination","potentialAction":[{"@type":"SearchAction","target":{"@type":"EntryPoint","urlTemplate":"https:\/\/www.urlaubcornwall.de\/blog\/?s={search_term_string}"},"query-input":"required name=search_term_string"}],"inLanguage":"en-US"},{"@type":"WebPage","@id":"https:\/\/www.urlaubcornwall.de\/blog\/wanderurlaub-in-cornwall-2021\/","url":"https:\/\/www.urlaubcornwall.de\/blog\/wanderurlaub-in-cornwall-2021\/","name":"Wanderurlaub & Individuelle Wanderreisen in Cornwall 2024 - Urlaub &amp; Reisen","isPartOf":{"@id":"https:\/\/www.urlaubcornwall.de\/blog\/#website"},"datePublished":"2020-04-02T14:44:24+00:00","dateModified":"2023-08-15T08:40:02+00:00","description":"Herrliche Wander- und K\u00fcstenwanderungsurlaube in Cornwall preisg\u00fcnstig. UrlaubCornwall spezialisieren sich auf gef\u00fchrte und ungef\u00fchrte Wanderferien in Cornwall und Devon. Eine Klippenwanderung am S\u00fcdwestk\u00fcstenpfad macht Ihren Urlaub in einer der beliebtesten Urlaubsgegenden in S\u00fcdengland zu einem unvergesslichen Erlebnis.","breadcrumb":{"@id":"https:\/\/www.urlaubcornwall.de\/blog\/wanderurlaub-in-cornwall-2021\/#breadcrumb"},"inLanguage":"en-US","potentialAction":[{"@type":"ReadAction","target":["https:\/\/www.urlaubcornwall.de\/blog\/wanderurlaub-in-cornwall-2021\/"]}]},{"@type":"BreadcrumbList","@id":"https:\/\/www.urlaubcornwall.de\/blog\/wanderurlaub-in-cornwall-2021\/#breadcrumb","itemListElement":[{"@type":"ListItem","position":1,"name":"Home","item":"https:\/\/www.urlaubcornwall.de\/blog\/"},{"@type":"ListItem","position":2,"name":"Wanderurlaub &#038; Individuelle Wanderreisen in Cornwall 2024"}]}]}},"_links":{"self":[{"href":"https:\/\/www.urlaubcornwall.de\/blog\/wp-json\/wp\/v2\/pages\/39805"}],"collection":[{"href":"https:\/\/www.urlaubcornwall.de\/blog\/wp-json\/wp\/v2\/pages"}],"about":[{"href":"https:\/\/www.urlaubcornwall.de\/blog\/wp-json\/wp\/v2\/types\/page"}],"author":[{"embeddable":true,"href":"https:\/\/www.urlaubcornwall.de\/blog\/wp-json\/wp\/v2\/users\/1"}],"replies":[{"embeddable":true,"href":"https:\/\/www.urlaubcornwall.de\/blog\/wp-json\/wp\/v2\/comments?post=39805"}],"version-history":[{"count":4,"href":"https:\/\/www.urlaubcornwall.de\/blog\/wp-json\/wp\/v2\/pages\/39805\/revisions"}],"predecessor-version":[{"id":46966,"href":"https:\/\/www.urlaubcornwall.de\/blog\/wp-json\/wp\/v2\/pages\/39805\/revisions\/46966"}],"wp:attachment":[{"href":"https:\/\/www.urlaubcornwall.de\/blog\/wp-json\/wp\/v2\/media?parent=39805"}],"curies":[{"name":"wp","href":"https:\/\/api.w.org\/{rel}","templated":true}]}}