{"id":39775,"date":"2020-04-01T13:28:23","date_gmt":"2020-04-01T13:28:23","guid":{"rendered":"https:\/\/www.urlaubcornwall.de\/blog\/?page_id=39775"},"modified":"2024-04-12T10:47:15","modified_gmt":"2024-04-12T10:47:15","slug":"torquay-urlaub-in-devon-und-suedengland-am-meer","status":"publish","type":"page","link":"https:\/\/www.urlaubcornwall.de\/blog\/torquay-urlaub-in-devon-und-suedengland-am-meer\/","title":{"rendered":"Torquay &#8211; Urlaub in Devon und S\u00fcdengland am Meer"},"content":{"rendered":"<p style=\"text-align: left;\"><img loading=\"lazy\" class=\"aligncenter size-full wp-image-47875\" src=\"https:\/\/www.urlaubcornwall.de\/blog\/wp-content\/uploads\/2024\/03\/torquay.jpg\" alt=\"torquay\" width=\"750\" height=\"500\" srcset=\"https:\/\/www.urlaubcornwall.de\/blog\/wp-content\/uploads\/2024\/03\/torquay.jpg 750w, https:\/\/www.urlaubcornwall.de\/blog\/wp-content\/uploads\/2024\/03\/torquay-300x200.jpg 300w\" sizes=\"(max-width: 750px) 100vw, 750px\" \/><\/p>\n<p>Elegante viktorianische Architektur, eine Reihe breiter, halbmondf\u00f6rmiger Str\u00e4nde und als Hintergrund sieben H\u00fcgel, die die Stadt umgeben \u2013 so \u00fcberrascht es kaum, dass Torquay seit Generationen ein derart beliebter Urlaubsort ist. Dies ist die <a href=\"https:\/\/www.urlaubcornwall.de\/ferienhaeuser-fewos\/englische-riviera.html\">englische Riviera<\/a> wie sie klassischer nicht sein kann, und am besten l\u00e4sst es sich genie\u00dfen bei einem Spaziergang entlang der Palmen begrenzten Promenade, ein Eis in der Hand und dem Meer dabei zuschauend, wie es auf Land trifft.<\/p>\n<p style=\"text-align: center;\"><a class=\"tidycta\" href=\"https:\/\/www.urlaubcornwall.de\/ferienhaeuser-fewos\/eng\/sued-devon\/plymouth.html\">Ferienh\u00e4user in Plymouth<\/a><\/p>\n<p>Bei uns finden Sie Ferienh\u00e4user zum Verlieben &#8211; so einfach ist das!  W\u00e4hlen Sie aus \u00fcber 1000 pers\u00f6nlich inspizierten Ferienh\u00e4usern, Cottages &#038; Ferienwohnungen in <a href=\"https:\/\/www.urlaubcornwall.de\/ferienhaeuser\/suedengland.php\">Devon und S\u00fcdengland<\/a>.<\/p>\n","protected":false},"excerpt":{"rendered":"<p>Elegante viktorianische Architektur, eine Reihe breiter, halbmondf\u00f6rmiger Str\u00e4nde und als Hintergrund sieben H\u00fcgel, die die Stadt umgeben \u2013 so \u00fcberrascht es kaum, dass Torquay seit Generationen ein derart beliebter Urlaubsort ist. Dies ist die englische Riviera wie sie klassischer nicht sein kann, und am besten l\u00e4sst es sich genie\u00dfen bei einem Spaziergang entlang der Palmen [&hellip;]<\/p>\n","protected":false},"author":1,"featured_media":0,"parent":0,"menu_order":0,"comment_status":"closed","ping_status":"closed","template":"single-four.php","meta":[],"acf":[],"yoast_head":"<!-- This site is optimized with the Yoast SEO plugin v19.4 - https:\/\/yoast.com\/wordpress\/plugins\/seo\/ -->\n<title>Torquay - Urlaub in Devon und S\u00fcdengland am Meer - Urlaub &amp; Reisen<\/title>\n<meta name=\"description\" content=\"Elegante viktorianische Architektur, eine Reihe breiter, halbmondf\u00f6rmiger Str\u00e4nde und als Hintergrund sieben H\u00fcgel, die die Stadt umgeben \u2013 so \u00fcberrascht es kaum, dass Torquay seit Generationen ein derart beliebter Urlaubsort ist. Dies ist die englische Riviera wie sie klassischer nicht sein kann, und am besten l\u00e4sst es sich genie\u00dfen bei einem Spaziergang entlang der Palmen begrenzten Promenade, ein Eis in der Hand und dem Meer dabei zuschauend, wie es auf Land trifft.\" \/>\n<meta name=\"robots\" content=\"index, follow, max-snippet:-1, max-image-preview:large, max-video-preview:-1\" \/>\n<link rel=\"canonical\" href=\"https:\/\/www.urlaubcornwall.de\/blog\/torquay-urlaub-in-devon-und-suedengland-am-meer\/\" \/>\n<meta property=\"og:locale\" content=\"en_US\" \/>\n<meta property=\"og:type\" content=\"article\" \/>\n<meta property=\"og:title\" content=\"Torquay - Urlaub in Devon und S\u00fcdengland am Meer - Urlaub &amp; Reisen\" \/>\n<meta property=\"og:description\" content=\"Elegante viktorianische Architektur, eine Reihe breiter, halbmondf\u00f6rmiger Str\u00e4nde und als Hintergrund sieben H\u00fcgel, die die Stadt umgeben \u2013 so \u00fcberrascht es kaum, dass Torquay seit Generationen ein derart beliebter Urlaubsort ist. Dies ist die englische Riviera wie sie klassischer nicht sein kann, und am besten l\u00e4sst es sich genie\u00dfen bei einem Spaziergang entlang der Palmen begrenzten Promenade, ein Eis in der Hand und dem Meer dabei zuschauend, wie es auf Land trifft.\" \/>\n<meta property=\"og:url\" content=\"https:\/\/www.urlaubcornwall.de\/blog\/torquay-urlaub-in-devon-und-suedengland-am-meer\/\" \/>\n<meta property=\"og:site_name\" content=\"Urlaub &amp; Reisen\" \/>\n<meta property=\"article:modified_time\" content=\"2024-04-12T10:47:15+00:00\" \/>\n<meta property=\"og:image\" content=\"https:\/\/www.urlaubcornwall.de\/blog\/wp-content\/uploads\/2024\/03\/torquay.jpg\" \/>\n<meta name=\"twitter:card\" content=\"summary\" \/>\n<meta name=\"twitter:label1\" content=\"Est. reading time\" \/>\n\t<meta name=\"twitter:data1\" content=\"1 minute\" \/>\n<script type=\"application\/ld+json\" class=\"yoast-schema-graph\">{\"@context\":\"https:\/\/schema.org\",\"@graph\":[{\"@type\":\"WebSite\",\"@id\":\"https:\/\/www.urlaubcornwall.de\/blog\/#website\",\"url\":\"https:\/\/www.urlaubcornwall.de\/blog\/\",\"name\":\"Urlaub &amp; Reisen\",\"description\":\"Urlaub, Reisen, Cornwall und S\u00fcdengland: eine perfekte Kombination\",\"potentialAction\":[{\"@type\":\"SearchAction\",\"target\":{\"@type\":\"EntryPoint\",\"urlTemplate\":\"https:\/\/www.urlaubcornwall.de\/blog\/?s={search_term_string}\"},\"query-input\":\"required name=search_term_string\"}],\"inLanguage\":\"en-US\"},{\"@type\":\"WebPage\",\"@id\":\"https:\/\/www.urlaubcornwall.de\/blog\/torquay-urlaub-in-devon-und-suedengland-am-meer\/\",\"url\":\"https:\/\/www.urlaubcornwall.de\/blog\/torquay-urlaub-in-devon-und-suedengland-am-meer\/\",\"name\":\"Torquay - Urlaub in Devon und S\u00fcdengland am Meer - Urlaub &amp; Reisen\",\"isPartOf\":{\"@id\":\"https:\/\/www.urlaubcornwall.de\/blog\/#website\"},\"datePublished\":\"2020-04-01T13:28:23+00:00\",\"dateModified\":\"2024-04-12T10:47:15+00:00\",\"description\":\"Elegante viktorianische Architektur, eine Reihe breiter, halbmondf\u00f6rmiger Str\u00e4nde und als Hintergrund sieben H\u00fcgel, die die Stadt umgeben \u2013 so \u00fcberrascht es kaum, dass Torquay seit Generationen ein derart beliebter Urlaubsort ist. Dies ist die englische Riviera wie sie klassischer nicht sein kann, und am besten l\u00e4sst es sich genie\u00dfen bei einem Spaziergang entlang der Palmen begrenzten Promenade, ein Eis in der Hand und dem Meer dabei zuschauend, wie es auf Land trifft.\",\"breadcrumb\":{\"@id\":\"https:\/\/www.urlaubcornwall.de\/blog\/torquay-urlaub-in-devon-und-suedengland-am-meer\/#breadcrumb\"},\"inLanguage\":\"en-US\",\"potentialAction\":[{\"@type\":\"ReadAction\",\"target\":[\"https:\/\/www.urlaubcornwall.de\/blog\/torquay-urlaub-in-devon-und-suedengland-am-meer\/\"]}]},{\"@type\":\"BreadcrumbList\",\"@id\":\"https:\/\/www.urlaubcornwall.de\/blog\/torquay-urlaub-in-devon-und-suedengland-am-meer\/#breadcrumb\",\"itemListElement\":[{\"@type\":\"ListItem\",\"position\":1,\"name\":\"Home\",\"item\":\"https:\/\/www.urlaubcornwall.de\/blog\/\"},{\"@type\":\"ListItem\",\"position\":2,\"name\":\"Torquay &#8211; Urlaub in Devon und S\u00fcdengland am Meer\"}]}]}<\/script>\n<!-- \/ Yoast SEO plugin. -->","yoast_head_json":{"title":"Torquay - Urlaub in Devon und S\u00fcdengland am Meer - Urlaub &amp; Reisen","description":"Elegante viktorianische Architektur, eine Reihe breiter, halbmondf\u00f6rmiger Str\u00e4nde und als Hintergrund sieben H\u00fcgel, die die Stadt umgeben \u2013 so \u00fcberrascht es kaum, dass Torquay seit Generationen ein derart beliebter Urlaubsort ist. Dies ist die englische Riviera wie sie klassischer nicht sein kann, und am besten l\u00e4sst es sich genie\u00dfen bei einem Spaziergang entlang der Palmen begrenzten Promenade, ein Eis in der Hand und dem Meer dabei zuschauend, wie es auf Land trifft.","robots":{"index":"index","follow":"follow","max-snippet":"max-snippet:-1","max-image-preview":"max-image-preview:large","max-video-preview":"max-video-preview:-1"},"canonical":"https:\/\/www.urlaubcornwall.de\/blog\/torquay-urlaub-in-devon-und-suedengland-am-meer\/","og_locale":"en_US","og_type":"article","og_title":"Torquay - Urlaub in Devon und S\u00fcdengland am Meer - Urlaub &amp; Reisen","og_description":"Elegante viktorianische Architektur, eine Reihe breiter, halbmondf\u00f6rmiger Str\u00e4nde und als Hintergrund sieben H\u00fcgel, die die Stadt umgeben \u2013 so \u00fcberrascht es kaum, dass Torquay seit Generationen ein derart beliebter Urlaubsort ist. Dies ist die englische Riviera wie sie klassischer nicht sein kann, und am besten l\u00e4sst es sich genie\u00dfen bei einem Spaziergang entlang der Palmen begrenzten Promenade, ein Eis in der Hand und dem Meer dabei zuschauend, wie es auf Land trifft.","og_url":"https:\/\/www.urlaubcornwall.de\/blog\/torquay-urlaub-in-devon-und-suedengland-am-meer\/","og_site_name":"Urlaub &amp; Reisen","article_modified_time":"2024-04-12T10:47:15+00:00","og_image":[{"url":"https:\/\/www.urlaubcornwall.de\/blog\/wp-content\/uploads\/2024\/03\/torquay.jpg"}],"twitter_card":"summary","twitter_misc":{"Est. reading time":"1 minute"},"schema":{"@context":"https:\/\/schema.org","@graph":[{"@type":"WebSite","@id":"https:\/\/www.urlaubcornwall.de\/blog\/#website","url":"https:\/\/www.urlaubcornwall.de\/blog\/","name":"Urlaub &amp; Reisen","description":"Urlaub, Reisen, Cornwall und S\u00fcdengland: eine perfekte Kombination","potentialAction":[{"@type":"SearchAction","target":{"@type":"EntryPoint","urlTemplate":"https:\/\/www.urlaubcornwall.de\/blog\/?s={search_term_string}"},"query-input":"required name=search_term_string"}],"inLanguage":"en-US"},{"@type":"WebPage","@id":"https:\/\/www.urlaubcornwall.de\/blog\/torquay-urlaub-in-devon-und-suedengland-am-meer\/","url":"https:\/\/www.urlaubcornwall.de\/blog\/torquay-urlaub-in-devon-und-suedengland-am-meer\/","name":"Torquay - Urlaub in Devon und S\u00fcdengland am Meer - Urlaub &amp; Reisen","isPartOf":{"@id":"https:\/\/www.urlaubcornwall.de\/blog\/#website"},"datePublished":"2020-04-01T13:28:23+00:00","dateModified":"2024-04-12T10:47:15+00:00","description":"Elegante viktorianische Architektur, eine Reihe breiter, halbmondf\u00f6rmiger Str\u00e4nde und als Hintergrund sieben H\u00fcgel, die die Stadt umgeben \u2013 so \u00fcberrascht es kaum, dass Torquay seit Generationen ein derart beliebter Urlaubsort ist. Dies ist die englische Riviera wie sie klassischer nicht sein kann, und am besten l\u00e4sst es sich genie\u00dfen bei einem Spaziergang entlang der Palmen begrenzten Promenade, ein Eis in der Hand und dem Meer dabei zuschauend, wie es auf Land trifft.","breadcrumb":{"@id":"https:\/\/www.urlaubcornwall.de\/blog\/torquay-urlaub-in-devon-und-suedengland-am-meer\/#breadcrumb"},"inLanguage":"en-US","potentialAction":[{"@type":"ReadAction","target":["https:\/\/www.urlaubcornwall.de\/blog\/torquay-urlaub-in-devon-und-suedengland-am-meer\/"]}]},{"@type":"BreadcrumbList","@id":"https:\/\/www.urlaubcornwall.de\/blog\/torquay-urlaub-in-devon-und-suedengland-am-meer\/#breadcrumb","itemListElement":[{"@type":"ListItem","position":1,"name":"Home","item":"https:\/\/www.urlaubcornwall.de\/blog\/"},{"@type":"ListItem","position":2,"name":"Torquay &#8211; Urlaub in Devon und S\u00fcdengland am Meer"}]}]}},"_links":{"self":[{"href":"https:\/\/www.urlaubcornwall.de\/blog\/wp-json\/wp\/v2\/pages\/39775"}],"collection":[{"href":"https:\/\/www.urlaubcornwall.de\/blog\/wp-json\/wp\/v2\/pages"}],"about":[{"href":"https:\/\/www.urlaubcornwall.de\/blog\/wp-json\/wp\/v2\/types\/page"}],"author":[{"embeddable":true,"href":"https:\/\/www.urlaubcornwall.de\/blog\/wp-json\/wp\/v2\/users\/1"}],"replies":[{"embeddable":true,"href":"https:\/\/www.urlaubcornwall.de\/blog\/wp-json\/wp\/v2\/comments?post=39775"}],"version-history":[{"count":2,"href":"https:\/\/www.urlaubcornwall.de\/blog\/wp-json\/wp\/v2\/pages\/39775\/revisions"}],"predecessor-version":[{"id":49277,"href":"https:\/\/www.urlaubcornwall.de\/blog\/wp-json\/wp\/v2\/pages\/39775\/revisions\/49277"}],"wp:attachment":[{"href":"https:\/\/www.urlaubcornwall.de\/blog\/wp-json\/wp\/v2\/media?parent=39775"}],"curies":[{"name":"wp","href":"https:\/\/api.w.org\/{rel}","templated":true}]}}