{"id":39764,"date":"2020-04-01T13:02:49","date_gmt":"2020-04-01T13:02:49","guid":{"rendered":"https:\/\/www.urlaubcornwall.de\/blog\/?page_id=39764"},"modified":"2020-04-01T13:02:49","modified_gmt":"2020-04-01T13:02:49","slug":"tiverton-urlaub-in-devon-und-suedengland","status":"publish","type":"page","link":"https:\/\/www.urlaubcornwall.de\/blog\/tiverton-urlaub-in-devon-und-suedengland\/","title":{"rendered":"Tiverton &#8211; Urlaub in Devon und S\u00fcdengland"},"content":{"rendered":"<p><img loading=\"lazy\" class=\"aligncenter size-full wp-image-39765\" src=\"https:\/\/www.urlaubcornwall.de\/blog\/wp-content\/uploads\/2020\/04\/tiverton-urlaub-devon.jpg\" alt=\"tiverton urlaub devon\" width=\"750\" height=\"420\"\/><\/p>\n<p>Tiverton liegt vom Grundriss her kreisf\u00f6rmig angelegt an den Fl\u00fcssen Exe und Lowman. Es ist bestbekannt wegen John Heathcoat, der dort im 19. Jahrhundert seine Textilfabrik mit nur wenigen Wollrahmen gr\u00fcndete; das Gesch\u00e4ft bl\u00fchte, und so erbaute er nahe gelegen <a href=\"https:\/\/www.urlaubcornwall.de\/blog\/national-trust-historische-haeuser-cornwall-devon\/\">Knighthayes Court als sein Herrschaftshaus \u2013 heutzutage National Trust<\/a> und f\u00fcr Besucher ge\u00f6ffnet. Die Burg Tiverton befindet sich im Stadtzentrum.<\/p>\n<p style=\"text-align: center;\"><a class=\"tidycta\" href=\"https:\/\/www.urlaubcornwall.de\/ferienhaeuser-fewos\/eng\/mitteldevon-und-ostdevon\/tiverton.html\">Ferienh\u00e4user in Tiverton<\/a><\/p>\n<p>Bei uns finden Sie Ferienh\u00e4user zum Verlieben &#8211; so einfach ist das!  W\u00e4hlen Sie aus \u00fcber 1000 pers\u00f6nlich inspizierten Ferienh\u00e4usern, Cottages &#038; Ferienwohnungen in <a href=\"https:\/\/www.urlaubcornwall.de\/ferienhaeuser\/suedengland.php\">Devon und S\u00fcdengland<\/a>.<\/p>\n","protected":false},"excerpt":{"rendered":"<p>Tiverton liegt vom Grundriss her kreisf\u00f6rmig angelegt an den Fl\u00fcssen Exe und Lowman. Es ist bestbekannt wegen John Heathcoat, der dort im 19. Jahrhundert seine Textilfabrik mit nur wenigen Wollrahmen gr\u00fcndete; das Gesch\u00e4ft bl\u00fchte, und so erbaute er nahe gelegen Knighthayes Court als sein Herrschaftshaus \u2013 heutzutage National Trust und f\u00fcr Besucher ge\u00f6ffnet. Die Burg [&hellip;]<\/p>\n","protected":false},"author":1,"featured_media":0,"parent":0,"menu_order":0,"comment_status":"closed","ping_status":"closed","template":"single-four.php","meta":[],"acf":[],"yoast_head":"<!-- This site is optimized with the Yoast SEO plugin v19.4 - https:\/\/yoast.com\/wordpress\/plugins\/seo\/ -->\n<title>Tiverton - Urlaub in Devon und S\u00fcdengland - Urlaub &amp; Reisen<\/title>\n<meta name=\"description\" content=\"Tiverton liegt vom Grundriss her kreisf\u00f6rmig angelegt an den Fl\u00fcssen Exe und Lowman. Es ist bestbekannt wegen John Heathcoat, der dort im 19. Jahrhundert seine Textilfabrik mit nur wenigen Wollrahmen gr\u00fcndete; das Gesch\u00e4ft bl\u00fchte, und so erbaute er nahe gelegen Knighthayes Court als sein Herrschaftshaus \u2013 heutzutage National Trust und f\u00fcr Besucher ge\u00f6ffnet. Die Burg Tiverton befindet sich im Stadtzentrum.\" \/>\n<meta name=\"robots\" content=\"index, follow, max-snippet:-1, max-image-preview:large, max-video-preview:-1\" \/>\n<link rel=\"canonical\" href=\"https:\/\/www.urlaubcornwall.de\/blog\/tiverton-urlaub-in-devon-und-suedengland\/\" \/>\n<meta property=\"og:locale\" content=\"en_US\" \/>\n<meta property=\"og:type\" content=\"article\" \/>\n<meta property=\"og:title\" content=\"Tiverton - Urlaub in Devon und S\u00fcdengland - Urlaub &amp; Reisen\" \/>\n<meta property=\"og:description\" content=\"Tiverton liegt vom Grundriss her kreisf\u00f6rmig angelegt an den Fl\u00fcssen Exe und Lowman. Es ist bestbekannt wegen John Heathcoat, der dort im 19. Jahrhundert seine Textilfabrik mit nur wenigen Wollrahmen gr\u00fcndete; das Gesch\u00e4ft bl\u00fchte, und so erbaute er nahe gelegen Knighthayes Court als sein Herrschaftshaus \u2013 heutzutage National Trust und f\u00fcr Besucher ge\u00f6ffnet. Die Burg Tiverton befindet sich im Stadtzentrum.\" \/>\n<meta property=\"og:url\" content=\"https:\/\/www.urlaubcornwall.de\/blog\/tiverton-urlaub-in-devon-und-suedengland\/\" \/>\n<meta property=\"og:site_name\" content=\"Urlaub &amp; Reisen\" \/>\n<meta property=\"og:image\" content=\"https:\/\/www.urlaubcornwall.de\/blog\/wp-content\/uploads\/2020\/04\/tiverton-urlaub-devon.jpg\" \/>\n<meta name=\"twitter:card\" content=\"summary\" \/>\n<script type=\"application\/ld+json\" class=\"yoast-schema-graph\">{\"@context\":\"https:\/\/schema.org\",\"@graph\":[{\"@type\":\"WebSite\",\"@id\":\"https:\/\/www.urlaubcornwall.de\/blog\/#website\",\"url\":\"https:\/\/www.urlaubcornwall.de\/blog\/\",\"name\":\"Urlaub &amp; Reisen\",\"description\":\"Urlaub, Reisen, Cornwall und S\u00fcdengland: eine perfekte Kombination\",\"potentialAction\":[{\"@type\":\"SearchAction\",\"target\":{\"@type\":\"EntryPoint\",\"urlTemplate\":\"https:\/\/www.urlaubcornwall.de\/blog\/?s={search_term_string}\"},\"query-input\":\"required name=search_term_string\"}],\"inLanguage\":\"en-US\"},{\"@type\":\"WebPage\",\"@id\":\"https:\/\/www.urlaubcornwall.de\/blog\/tiverton-urlaub-in-devon-und-suedengland\/\",\"url\":\"https:\/\/www.urlaubcornwall.de\/blog\/tiverton-urlaub-in-devon-und-suedengland\/\",\"name\":\"Tiverton - Urlaub in Devon und S\u00fcdengland - Urlaub &amp; Reisen\",\"isPartOf\":{\"@id\":\"https:\/\/www.urlaubcornwall.de\/blog\/#website\"},\"datePublished\":\"2020-04-01T13:02:49+00:00\",\"dateModified\":\"2020-04-01T13:02:49+00:00\",\"description\":\"Tiverton liegt vom Grundriss her kreisf\u00f6rmig angelegt an den Fl\u00fcssen Exe und Lowman. Es ist bestbekannt wegen John Heathcoat, der dort im 19. Jahrhundert seine Textilfabrik mit nur wenigen Wollrahmen gr\u00fcndete; das Gesch\u00e4ft bl\u00fchte, und so erbaute er nahe gelegen Knighthayes Court als sein Herrschaftshaus \u2013 heutzutage National Trust und f\u00fcr Besucher ge\u00f6ffnet. Die Burg Tiverton befindet sich im Stadtzentrum.\",\"breadcrumb\":{\"@id\":\"https:\/\/www.urlaubcornwall.de\/blog\/tiverton-urlaub-in-devon-und-suedengland\/#breadcrumb\"},\"inLanguage\":\"en-US\",\"potentialAction\":[{\"@type\":\"ReadAction\",\"target\":[\"https:\/\/www.urlaubcornwall.de\/blog\/tiverton-urlaub-in-devon-und-suedengland\/\"]}]},{\"@type\":\"BreadcrumbList\",\"@id\":\"https:\/\/www.urlaubcornwall.de\/blog\/tiverton-urlaub-in-devon-und-suedengland\/#breadcrumb\",\"itemListElement\":[{\"@type\":\"ListItem\",\"position\":1,\"name\":\"Home\",\"item\":\"https:\/\/www.urlaubcornwall.de\/blog\/\"},{\"@type\":\"ListItem\",\"position\":2,\"name\":\"Tiverton &#8211; Urlaub in Devon und S\u00fcdengland\"}]}]}<\/script>\n<!-- \/ Yoast SEO plugin. -->","yoast_head_json":{"title":"Tiverton - Urlaub in Devon und S\u00fcdengland - Urlaub &amp; Reisen","description":"Tiverton liegt vom Grundriss her kreisf\u00f6rmig angelegt an den Fl\u00fcssen Exe und Lowman. Es ist bestbekannt wegen John Heathcoat, der dort im 19. Jahrhundert seine Textilfabrik mit nur wenigen Wollrahmen gr\u00fcndete; das Gesch\u00e4ft bl\u00fchte, und so erbaute er nahe gelegen Knighthayes Court als sein Herrschaftshaus \u2013 heutzutage National Trust und f\u00fcr Besucher ge\u00f6ffnet. Die Burg Tiverton befindet sich im Stadtzentrum.","robots":{"index":"index","follow":"follow","max-snippet":"max-snippet:-1","max-image-preview":"max-image-preview:large","max-video-preview":"max-video-preview:-1"},"canonical":"https:\/\/www.urlaubcornwall.de\/blog\/tiverton-urlaub-in-devon-und-suedengland\/","og_locale":"en_US","og_type":"article","og_title":"Tiverton - Urlaub in Devon und S\u00fcdengland - Urlaub &amp; Reisen","og_description":"Tiverton liegt vom Grundriss her kreisf\u00f6rmig angelegt an den Fl\u00fcssen Exe und Lowman. Es ist bestbekannt wegen John Heathcoat, der dort im 19. Jahrhundert seine Textilfabrik mit nur wenigen Wollrahmen gr\u00fcndete; das Gesch\u00e4ft bl\u00fchte, und so erbaute er nahe gelegen Knighthayes Court als sein Herrschaftshaus \u2013 heutzutage National Trust und f\u00fcr Besucher ge\u00f6ffnet. Die Burg Tiverton befindet sich im Stadtzentrum.","og_url":"https:\/\/www.urlaubcornwall.de\/blog\/tiverton-urlaub-in-devon-und-suedengland\/","og_site_name":"Urlaub &amp; Reisen","og_image":[{"url":"https:\/\/www.urlaubcornwall.de\/blog\/wp-content\/uploads\/2020\/04\/tiverton-urlaub-devon.jpg"}],"twitter_card":"summary","schema":{"@context":"https:\/\/schema.org","@graph":[{"@type":"WebSite","@id":"https:\/\/www.urlaubcornwall.de\/blog\/#website","url":"https:\/\/www.urlaubcornwall.de\/blog\/","name":"Urlaub &amp; Reisen","description":"Urlaub, Reisen, Cornwall und S\u00fcdengland: eine perfekte Kombination","potentialAction":[{"@type":"SearchAction","target":{"@type":"EntryPoint","urlTemplate":"https:\/\/www.urlaubcornwall.de\/blog\/?s={search_term_string}"},"query-input":"required name=search_term_string"}],"inLanguage":"en-US"},{"@type":"WebPage","@id":"https:\/\/www.urlaubcornwall.de\/blog\/tiverton-urlaub-in-devon-und-suedengland\/","url":"https:\/\/www.urlaubcornwall.de\/blog\/tiverton-urlaub-in-devon-und-suedengland\/","name":"Tiverton - Urlaub in Devon und S\u00fcdengland - Urlaub &amp; Reisen","isPartOf":{"@id":"https:\/\/www.urlaubcornwall.de\/blog\/#website"},"datePublished":"2020-04-01T13:02:49+00:00","dateModified":"2020-04-01T13:02:49+00:00","description":"Tiverton liegt vom Grundriss her kreisf\u00f6rmig angelegt an den Fl\u00fcssen Exe und Lowman. Es ist bestbekannt wegen John Heathcoat, der dort im 19. Jahrhundert seine Textilfabrik mit nur wenigen Wollrahmen gr\u00fcndete; das Gesch\u00e4ft bl\u00fchte, und so erbaute er nahe gelegen Knighthayes Court als sein Herrschaftshaus \u2013 heutzutage National Trust und f\u00fcr Besucher ge\u00f6ffnet. Die Burg Tiverton befindet sich im Stadtzentrum.","breadcrumb":{"@id":"https:\/\/www.urlaubcornwall.de\/blog\/tiverton-urlaub-in-devon-und-suedengland\/#breadcrumb"},"inLanguage":"en-US","potentialAction":[{"@type":"ReadAction","target":["https:\/\/www.urlaubcornwall.de\/blog\/tiverton-urlaub-in-devon-und-suedengland\/"]}]},{"@type":"BreadcrumbList","@id":"https:\/\/www.urlaubcornwall.de\/blog\/tiverton-urlaub-in-devon-und-suedengland\/#breadcrumb","itemListElement":[{"@type":"ListItem","position":1,"name":"Home","item":"https:\/\/www.urlaubcornwall.de\/blog\/"},{"@type":"ListItem","position":2,"name":"Tiverton &#8211; Urlaub in Devon und S\u00fcdengland"}]}]}},"_links":{"self":[{"href":"https:\/\/www.urlaubcornwall.de\/blog\/wp-json\/wp\/v2\/pages\/39764"}],"collection":[{"href":"https:\/\/www.urlaubcornwall.de\/blog\/wp-json\/wp\/v2\/pages"}],"about":[{"href":"https:\/\/www.urlaubcornwall.de\/blog\/wp-json\/wp\/v2\/types\/page"}],"author":[{"embeddable":true,"href":"https:\/\/www.urlaubcornwall.de\/blog\/wp-json\/wp\/v2\/users\/1"}],"replies":[{"embeddable":true,"href":"https:\/\/www.urlaubcornwall.de\/blog\/wp-json\/wp\/v2\/comments?post=39764"}],"version-history":[{"count":1,"href":"https:\/\/www.urlaubcornwall.de\/blog\/wp-json\/wp\/v2\/pages\/39764\/revisions"}],"predecessor-version":[{"id":39766,"href":"https:\/\/www.urlaubcornwall.de\/blog\/wp-json\/wp\/v2\/pages\/39764\/revisions\/39766"}],"wp:attachment":[{"href":"https:\/\/www.urlaubcornwall.de\/blog\/wp-json\/wp\/v2\/media?parent=39764"}],"curies":[{"name":"wp","href":"https:\/\/api.w.org\/{rel}","templated":true}]}}