{"id":39743,"date":"2020-04-01T10:58:16","date_gmt":"2020-04-01T10:58:16","guid":{"rendered":"https:\/\/www.urlaubcornwall.de\/blog\/?page_id=39743"},"modified":"2020-04-01T10:58:16","modified_gmt":"2020-04-01T10:58:16","slug":"salcombe-urlaub-in-devon-und-suedengland-am-meer","status":"publish","type":"page","link":"https:\/\/www.urlaubcornwall.de\/blog\/salcombe-urlaub-in-devon-und-suedengland-am-meer\/","title":{"rendered":"Salcombe &#8211; Urlaub in Devon und S\u00fcdengland am Meer"},"content":{"rendered":"<p><img loading=\"lazy\" class=\"aligncenter size-full wp-image-31668\" src=\"https:\/\/www.urlaubcornwall.de\/blog\/wp-content\/uploads\/2018\/01\/ferienhaus-am-meer-meerblick-salcombe.jpg\" alt=\"ferienhaus am meer meerblick salcombe\" width=\"748\" height=\"420\"\/><\/p>\n<p>Salcombe war lange Zeit der bevorzugte Urlaubsort f\u00fcr Jachtliebhaber und befindet sich in ausgezeichneter Lage, umgeben von gesch\u00fctztem Wasser und einer Reihe kleiner, sandiger Buchten. In der Stadt selbst herrscht ein besonderes Upmarket- Gef\u00fchl vor; Boutique-L\u00e4den, schicke Caf\u00e9s und Restaurants finden sich zahlreich wieder in den urigen Stra\u00dfen von Salcombe.<\/p>\n<p style=\"text-align: center;\"><a class=\"tidycta\" href=\"https:\/\/www.urlaubcornwall.de\/ferienhaeuser-fewos\/eng\/sued-devon\/salcombe.html\">Ferienh\u00e4user in Salcombe<\/a><\/p>\n<p>Bei uns finden Sie Ferienh\u00e4user zum Verlieben &#8211; so einfach ist das!  W\u00e4hlen Sie aus \u00fcber 1000 pers\u00f6nlich inspizierten Ferienh\u00e4usern, Cottages &#038; Ferienwohnungen in <a href=\"https:\/\/www.urlaubcornwall.de\/ferienhaeuser\/suedengland.php\">Devon und S\u00fcdengland<\/a>.<\/p>\n","protected":false},"excerpt":{"rendered":"<p>Salcombe war lange Zeit der bevorzugte Urlaubsort f\u00fcr Jachtliebhaber und befindet sich in ausgezeichneter Lage, umgeben von gesch\u00fctztem Wasser und einer Reihe kleiner, sandiger Buchten. In der Stadt selbst herrscht ein besonderes Upmarket- Gef\u00fchl vor; Boutique-L\u00e4den, schicke Caf\u00e9s und Restaurants finden sich zahlreich wieder in den urigen Stra\u00dfen von Salcombe. Ferienh\u00e4user in Salcombe Bei uns [&hellip;]<\/p>\n","protected":false},"author":1,"featured_media":0,"parent":0,"menu_order":0,"comment_status":"closed","ping_status":"closed","template":"single-four.php","meta":[],"acf":[],"yoast_head":"<!-- This site is optimized with the Yoast SEO plugin v19.4 - https:\/\/yoast.com\/wordpress\/plugins\/seo\/ -->\n<title>Salcombe - Urlaub in Devon und S\u00fcdengland am Meer - Urlaub &amp; Reisen<\/title>\n<meta name=\"description\" content=\"Salcombe war lange Zeit der bevorzugte Urlaubsort f\u00fcr Jachtliebhaber und befindet sich in ausgezeichneter Lage, umgeben von gesch\u00fctztem Wasser und einer Reihe kleiner, sandiger Buchten. In der Stadt selbst herrscht ein besonderes Upmarket- Gef\u00fchl vor; Boutique-L\u00e4den, schicke Caf\u00e9s und Restaurants finden sich zahlreich wieder in den urigen Stra\u00dfen von Salcombe.\" \/>\n<meta name=\"robots\" content=\"index, follow, max-snippet:-1, max-image-preview:large, max-video-preview:-1\" \/>\n<link rel=\"canonical\" href=\"https:\/\/www.urlaubcornwall.de\/blog\/salcombe-urlaub-in-devon-und-suedengland-am-meer\/\" \/>\n<meta property=\"og:locale\" content=\"en_US\" \/>\n<meta property=\"og:type\" content=\"article\" \/>\n<meta property=\"og:title\" content=\"Salcombe - Urlaub in Devon und S\u00fcdengland am Meer - Urlaub &amp; Reisen\" \/>\n<meta property=\"og:description\" content=\"Salcombe war lange Zeit der bevorzugte Urlaubsort f\u00fcr Jachtliebhaber und befindet sich in ausgezeichneter Lage, umgeben von gesch\u00fctztem Wasser und einer Reihe kleiner, sandiger Buchten. In der Stadt selbst herrscht ein besonderes Upmarket- Gef\u00fchl vor; Boutique-L\u00e4den, schicke Caf\u00e9s und Restaurants finden sich zahlreich wieder in den urigen Stra\u00dfen von Salcombe.\" \/>\n<meta property=\"og:url\" content=\"https:\/\/www.urlaubcornwall.de\/blog\/salcombe-urlaub-in-devon-und-suedengland-am-meer\/\" \/>\n<meta property=\"og:site_name\" content=\"Urlaub &amp; Reisen\" \/>\n<meta property=\"og:image\" content=\"https:\/\/www.urlaubcornwall.de\/blog\/wp-content\/uploads\/2018\/01\/ferienhaus-am-meer-meerblick-salcombe.jpg\" \/>\n<meta name=\"twitter:card\" content=\"summary\" \/>\n<script type=\"application\/ld+json\" class=\"yoast-schema-graph\">{\"@context\":\"https:\/\/schema.org\",\"@graph\":[{\"@type\":\"WebSite\",\"@id\":\"https:\/\/www.urlaubcornwall.de\/blog\/#website\",\"url\":\"https:\/\/www.urlaubcornwall.de\/blog\/\",\"name\":\"Urlaub &amp; Reisen\",\"description\":\"Urlaub, Reisen, Cornwall und S\u00fcdengland: eine perfekte Kombination\",\"potentialAction\":[{\"@type\":\"SearchAction\",\"target\":{\"@type\":\"EntryPoint\",\"urlTemplate\":\"https:\/\/www.urlaubcornwall.de\/blog\/?s={search_term_string}\"},\"query-input\":\"required name=search_term_string\"}],\"inLanguage\":\"en-US\"},{\"@type\":\"WebPage\",\"@id\":\"https:\/\/www.urlaubcornwall.de\/blog\/salcombe-urlaub-in-devon-und-suedengland-am-meer\/\",\"url\":\"https:\/\/www.urlaubcornwall.de\/blog\/salcombe-urlaub-in-devon-und-suedengland-am-meer\/\",\"name\":\"Salcombe - Urlaub in Devon und S\u00fcdengland am Meer - Urlaub &amp; Reisen\",\"isPartOf\":{\"@id\":\"https:\/\/www.urlaubcornwall.de\/blog\/#website\"},\"datePublished\":\"2020-04-01T10:58:16+00:00\",\"dateModified\":\"2020-04-01T10:58:16+00:00\",\"description\":\"Salcombe war lange Zeit der bevorzugte Urlaubsort f\u00fcr Jachtliebhaber und befindet sich in ausgezeichneter Lage, umgeben von gesch\u00fctztem Wasser und einer Reihe kleiner, sandiger Buchten. In der Stadt selbst herrscht ein besonderes Upmarket- Gef\u00fchl vor; Boutique-L\u00e4den, schicke Caf\u00e9s und Restaurants finden sich zahlreich wieder in den urigen Stra\u00dfen von Salcombe.\",\"breadcrumb\":{\"@id\":\"https:\/\/www.urlaubcornwall.de\/blog\/salcombe-urlaub-in-devon-und-suedengland-am-meer\/#breadcrumb\"},\"inLanguage\":\"en-US\",\"potentialAction\":[{\"@type\":\"ReadAction\",\"target\":[\"https:\/\/www.urlaubcornwall.de\/blog\/salcombe-urlaub-in-devon-und-suedengland-am-meer\/\"]}]},{\"@type\":\"BreadcrumbList\",\"@id\":\"https:\/\/www.urlaubcornwall.de\/blog\/salcombe-urlaub-in-devon-und-suedengland-am-meer\/#breadcrumb\",\"itemListElement\":[{\"@type\":\"ListItem\",\"position\":1,\"name\":\"Home\",\"item\":\"https:\/\/www.urlaubcornwall.de\/blog\/\"},{\"@type\":\"ListItem\",\"position\":2,\"name\":\"Salcombe &#8211; Urlaub in Devon und S\u00fcdengland am Meer\"}]}]}<\/script>\n<!-- \/ Yoast SEO plugin. -->","yoast_head_json":{"title":"Salcombe - Urlaub in Devon und S\u00fcdengland am Meer - Urlaub &amp; Reisen","description":"Salcombe war lange Zeit der bevorzugte Urlaubsort f\u00fcr Jachtliebhaber und befindet sich in ausgezeichneter Lage, umgeben von gesch\u00fctztem Wasser und einer Reihe kleiner, sandiger Buchten. In der Stadt selbst herrscht ein besonderes Upmarket- Gef\u00fchl vor; Boutique-L\u00e4den, schicke Caf\u00e9s und Restaurants finden sich zahlreich wieder in den urigen Stra\u00dfen von Salcombe.","robots":{"index":"index","follow":"follow","max-snippet":"max-snippet:-1","max-image-preview":"max-image-preview:large","max-video-preview":"max-video-preview:-1"},"canonical":"https:\/\/www.urlaubcornwall.de\/blog\/salcombe-urlaub-in-devon-und-suedengland-am-meer\/","og_locale":"en_US","og_type":"article","og_title":"Salcombe - Urlaub in Devon und S\u00fcdengland am Meer - Urlaub &amp; Reisen","og_description":"Salcombe war lange Zeit der bevorzugte Urlaubsort f\u00fcr Jachtliebhaber und befindet sich in ausgezeichneter Lage, umgeben von gesch\u00fctztem Wasser und einer Reihe kleiner, sandiger Buchten. In der Stadt selbst herrscht ein besonderes Upmarket- Gef\u00fchl vor; Boutique-L\u00e4den, schicke Caf\u00e9s und Restaurants finden sich zahlreich wieder in den urigen Stra\u00dfen von Salcombe.","og_url":"https:\/\/www.urlaubcornwall.de\/blog\/salcombe-urlaub-in-devon-und-suedengland-am-meer\/","og_site_name":"Urlaub &amp; Reisen","og_image":[{"url":"https:\/\/www.urlaubcornwall.de\/blog\/wp-content\/uploads\/2018\/01\/ferienhaus-am-meer-meerblick-salcombe.jpg"}],"twitter_card":"summary","schema":{"@context":"https:\/\/schema.org","@graph":[{"@type":"WebSite","@id":"https:\/\/www.urlaubcornwall.de\/blog\/#website","url":"https:\/\/www.urlaubcornwall.de\/blog\/","name":"Urlaub &amp; Reisen","description":"Urlaub, Reisen, Cornwall und S\u00fcdengland: eine perfekte Kombination","potentialAction":[{"@type":"SearchAction","target":{"@type":"EntryPoint","urlTemplate":"https:\/\/www.urlaubcornwall.de\/blog\/?s={search_term_string}"},"query-input":"required name=search_term_string"}],"inLanguage":"en-US"},{"@type":"WebPage","@id":"https:\/\/www.urlaubcornwall.de\/blog\/salcombe-urlaub-in-devon-und-suedengland-am-meer\/","url":"https:\/\/www.urlaubcornwall.de\/blog\/salcombe-urlaub-in-devon-und-suedengland-am-meer\/","name":"Salcombe - Urlaub in Devon und S\u00fcdengland am Meer - Urlaub &amp; Reisen","isPartOf":{"@id":"https:\/\/www.urlaubcornwall.de\/blog\/#website"},"datePublished":"2020-04-01T10:58:16+00:00","dateModified":"2020-04-01T10:58:16+00:00","description":"Salcombe war lange Zeit der bevorzugte Urlaubsort f\u00fcr Jachtliebhaber und befindet sich in ausgezeichneter Lage, umgeben von gesch\u00fctztem Wasser und einer Reihe kleiner, sandiger Buchten. In der Stadt selbst herrscht ein besonderes Upmarket- Gef\u00fchl vor; Boutique-L\u00e4den, schicke Caf\u00e9s und Restaurants finden sich zahlreich wieder in den urigen Stra\u00dfen von Salcombe.","breadcrumb":{"@id":"https:\/\/www.urlaubcornwall.de\/blog\/salcombe-urlaub-in-devon-und-suedengland-am-meer\/#breadcrumb"},"inLanguage":"en-US","potentialAction":[{"@type":"ReadAction","target":["https:\/\/www.urlaubcornwall.de\/blog\/salcombe-urlaub-in-devon-und-suedengland-am-meer\/"]}]},{"@type":"BreadcrumbList","@id":"https:\/\/www.urlaubcornwall.de\/blog\/salcombe-urlaub-in-devon-und-suedengland-am-meer\/#breadcrumb","itemListElement":[{"@type":"ListItem","position":1,"name":"Home","item":"https:\/\/www.urlaubcornwall.de\/blog\/"},{"@type":"ListItem","position":2,"name":"Salcombe &#8211; Urlaub in Devon und S\u00fcdengland am Meer"}]}]}},"_links":{"self":[{"href":"https:\/\/www.urlaubcornwall.de\/blog\/wp-json\/wp\/v2\/pages\/39743"}],"collection":[{"href":"https:\/\/www.urlaubcornwall.de\/blog\/wp-json\/wp\/v2\/pages"}],"about":[{"href":"https:\/\/www.urlaubcornwall.de\/blog\/wp-json\/wp\/v2\/types\/page"}],"author":[{"embeddable":true,"href":"https:\/\/www.urlaubcornwall.de\/blog\/wp-json\/wp\/v2\/users\/1"}],"replies":[{"embeddable":true,"href":"https:\/\/www.urlaubcornwall.de\/blog\/wp-json\/wp\/v2\/comments?post=39743"}],"version-history":[{"count":1,"href":"https:\/\/www.urlaubcornwall.de\/blog\/wp-json\/wp\/v2\/pages\/39743\/revisions"}],"predecessor-version":[{"id":39744,"href":"https:\/\/www.urlaubcornwall.de\/blog\/wp-json\/wp\/v2\/pages\/39743\/revisions\/39744"}],"wp:attachment":[{"href":"https:\/\/www.urlaubcornwall.de\/blog\/wp-json\/wp\/v2\/media?parent=39743"}],"curies":[{"name":"wp","href":"https:\/\/api.w.org\/{rel}","templated":true}]}}