{"id":39739,"date":"2020-04-01T10:38:38","date_gmt":"2020-04-01T10:38:38","guid":{"rendered":"https:\/\/www.urlaubcornwall.de\/blog\/?page_id=39739"},"modified":"2020-04-01T10:38:38","modified_gmt":"2020-04-01T10:38:38","slug":"paignton-urlaub-am-meer-in-devon","status":"publish","type":"page","link":"https:\/\/www.urlaubcornwall.de\/blog\/paignton-urlaub-am-meer-in-devon\/","title":{"rendered":"Paignton &#8211; Urlaub am Meer in Devon"},"content":{"rendered":"<p><img loading=\"lazy\" class=\"aligncenter size-full wp-image-31441\" src=\"https:\/\/www.urlaubcornwall.de\/blog\/wp-content\/uploads\/2017\/12\/ferienhaus-am-meer-torquay.jpg\" alt=\"ferienhaus am meer paignton\" width=\"749\" height=\"422\"\/><\/p>\n<p>Seit Generationen kommen Familien schon nach Paignton, um einen <a href=\"https:\/\/www.urlaubcornwall.de\/ferienhaeuser\/suedengland-am-meer.php\">traditionellen englischen Urlaub am Meer<\/a> zu genie\u00dfen. Bereits von den Menschen viktorianischer Zeit geliebt, haben sich die Freuden Paigntons wenig ver\u00e4ndert \u2013 Sandburgen bauen, Picknicks am Strand und Schwimmen. Der Zoo Paigntons ist weltweit bekannt f\u00fcr sein Bestreben, zum Artenschutz beizutragen, und erm\u00f6glicht Tierliebhabern einen ausgezeichneten Ausflugstag.<\/p>\n<p style=\"text-align: center;\"><a class=\"tidycta\" href=\"https:\/\/www.urlaubcornwall.de\/ferienhaeuser-fewos\/eng\/sued-devon\/paignton.html\">Ferienh\u00e4user in Paignton<\/a><\/p>\n<p>Bei uns finden Sie Ferienh\u00e4user zum Verlieben &#8211; so einfach ist das!  W\u00e4hlen Sie aus \u00fcber 1000 pers\u00f6nlich inspizierten Ferienh\u00e4usern, Cottages &#038; Ferienwohnungen in <a href=\"https:\/\/www.urlaubcornwall.de\/ferienhaeuser\/suedwesten-englands.php\">Devon und S\u00fcdwestengland<\/a>.<\/p>\n","protected":false},"excerpt":{"rendered":"<p>Seit Generationen kommen Familien schon nach Paignton, um einen traditionellen englischen Urlaub am Meer zu genie\u00dfen. Bereits von den Menschen viktorianischer Zeit geliebt, haben sich die Freuden Paigntons wenig ver\u00e4ndert \u2013 Sandburgen bauen, Picknicks am Strand und Schwimmen. Der Zoo Paigntons ist weltweit bekannt f\u00fcr sein Bestreben, zum Artenschutz beizutragen, und erm\u00f6glicht Tierliebhabern einen ausgezeichneten [&hellip;]<\/p>\n","protected":false},"author":1,"featured_media":0,"parent":0,"menu_order":0,"comment_status":"closed","ping_status":"closed","template":"single-four.php","meta":[],"acf":[],"yoast_head":"<!-- This site is optimized with the Yoast SEO plugin v19.4 - https:\/\/yoast.com\/wordpress\/plugins\/seo\/ -->\n<title>Paignton - Urlaub am Meer in Devon - Urlaub &amp; Reisen<\/title>\n<meta name=\"description\" content=\"Seit Generationen kommen Familien schon nach Paignton, um einen traditionellen englischen Urlaub am Meer zu genie\u00dfen. Bereits von den Menschen viktorianischer Zeit geliebt, haben sich die Freuden Paigntons wenig ver\u00e4ndert \u2013 Sandburgen bauen, Picknicks am Strand und Schwimmen. Der Zoo Paigntons ist weltweit bekannt f\u00fcr sein Bestreben, zum Artenschutz beizutragen, und erm\u00f6glicht Tierliebhabern einen ausgezeichneten Ausflugstag.\" \/>\n<meta name=\"robots\" content=\"index, follow, max-snippet:-1, max-image-preview:large, max-video-preview:-1\" \/>\n<link rel=\"canonical\" href=\"https:\/\/www.urlaubcornwall.de\/blog\/paignton-urlaub-am-meer-in-devon\/\" \/>\n<meta property=\"og:locale\" content=\"en_US\" \/>\n<meta property=\"og:type\" content=\"article\" \/>\n<meta property=\"og:title\" content=\"Paignton - Urlaub am Meer in Devon - Urlaub &amp; Reisen\" \/>\n<meta property=\"og:description\" content=\"Seit Generationen kommen Familien schon nach Paignton, um einen traditionellen englischen Urlaub am Meer zu genie\u00dfen. Bereits von den Menschen viktorianischer Zeit geliebt, haben sich die Freuden Paigntons wenig ver\u00e4ndert \u2013 Sandburgen bauen, Picknicks am Strand und Schwimmen. Der Zoo Paigntons ist weltweit bekannt f\u00fcr sein Bestreben, zum Artenschutz beizutragen, und erm\u00f6glicht Tierliebhabern einen ausgezeichneten Ausflugstag.\" \/>\n<meta property=\"og:url\" content=\"https:\/\/www.urlaubcornwall.de\/blog\/paignton-urlaub-am-meer-in-devon\/\" \/>\n<meta property=\"og:site_name\" content=\"Urlaub &amp; Reisen\" \/>\n<meta property=\"og:image\" content=\"https:\/\/www.urlaubcornwall.de\/blog\/wp-content\/uploads\/2017\/12\/ferienhaus-am-meer-torquay.jpg\" \/>\n<meta name=\"twitter:card\" content=\"summary\" \/>\n<script type=\"application\/ld+json\" class=\"yoast-schema-graph\">{\"@context\":\"https:\/\/schema.org\",\"@graph\":[{\"@type\":\"WebSite\",\"@id\":\"https:\/\/www.urlaubcornwall.de\/blog\/#website\",\"url\":\"https:\/\/www.urlaubcornwall.de\/blog\/\",\"name\":\"Urlaub &amp; Reisen\",\"description\":\"Urlaub, Reisen, Cornwall und S\u00fcdengland: eine perfekte Kombination\",\"potentialAction\":[{\"@type\":\"SearchAction\",\"target\":{\"@type\":\"EntryPoint\",\"urlTemplate\":\"https:\/\/www.urlaubcornwall.de\/blog\/?s={search_term_string}\"},\"query-input\":\"required name=search_term_string\"}],\"inLanguage\":\"en-US\"},{\"@type\":\"WebPage\",\"@id\":\"https:\/\/www.urlaubcornwall.de\/blog\/paignton-urlaub-am-meer-in-devon\/\",\"url\":\"https:\/\/www.urlaubcornwall.de\/blog\/paignton-urlaub-am-meer-in-devon\/\",\"name\":\"Paignton - Urlaub am Meer in Devon - Urlaub &amp; Reisen\",\"isPartOf\":{\"@id\":\"https:\/\/www.urlaubcornwall.de\/blog\/#website\"},\"datePublished\":\"2020-04-01T10:38:38+00:00\",\"dateModified\":\"2020-04-01T10:38:38+00:00\",\"description\":\"Seit Generationen kommen Familien schon nach Paignton, um einen traditionellen englischen Urlaub am Meer zu genie\u00dfen. Bereits von den Menschen viktorianischer Zeit geliebt, haben sich die Freuden Paigntons wenig ver\u00e4ndert \u2013 Sandburgen bauen, Picknicks am Strand und Schwimmen. Der Zoo Paigntons ist weltweit bekannt f\u00fcr sein Bestreben, zum Artenschutz beizutragen, und erm\u00f6glicht Tierliebhabern einen ausgezeichneten Ausflugstag.\",\"breadcrumb\":{\"@id\":\"https:\/\/www.urlaubcornwall.de\/blog\/paignton-urlaub-am-meer-in-devon\/#breadcrumb\"},\"inLanguage\":\"en-US\",\"potentialAction\":[{\"@type\":\"ReadAction\",\"target\":[\"https:\/\/www.urlaubcornwall.de\/blog\/paignton-urlaub-am-meer-in-devon\/\"]}]},{\"@type\":\"BreadcrumbList\",\"@id\":\"https:\/\/www.urlaubcornwall.de\/blog\/paignton-urlaub-am-meer-in-devon\/#breadcrumb\",\"itemListElement\":[{\"@type\":\"ListItem\",\"position\":1,\"name\":\"Home\",\"item\":\"https:\/\/www.urlaubcornwall.de\/blog\/\"},{\"@type\":\"ListItem\",\"position\":2,\"name\":\"Paignton &#8211; Urlaub am Meer in Devon\"}]}]}<\/script>\n<!-- \/ Yoast SEO plugin. -->","yoast_head_json":{"title":"Paignton - Urlaub am Meer in Devon - Urlaub &amp; Reisen","description":"Seit Generationen kommen Familien schon nach Paignton, um einen traditionellen englischen Urlaub am Meer zu genie\u00dfen. Bereits von den Menschen viktorianischer Zeit geliebt, haben sich die Freuden Paigntons wenig ver\u00e4ndert \u2013 Sandburgen bauen, Picknicks am Strand und Schwimmen. Der Zoo Paigntons ist weltweit bekannt f\u00fcr sein Bestreben, zum Artenschutz beizutragen, und erm\u00f6glicht Tierliebhabern einen ausgezeichneten Ausflugstag.","robots":{"index":"index","follow":"follow","max-snippet":"max-snippet:-1","max-image-preview":"max-image-preview:large","max-video-preview":"max-video-preview:-1"},"canonical":"https:\/\/www.urlaubcornwall.de\/blog\/paignton-urlaub-am-meer-in-devon\/","og_locale":"en_US","og_type":"article","og_title":"Paignton - Urlaub am Meer in Devon - Urlaub &amp; Reisen","og_description":"Seit Generationen kommen Familien schon nach Paignton, um einen traditionellen englischen Urlaub am Meer zu genie\u00dfen. Bereits von den Menschen viktorianischer Zeit geliebt, haben sich die Freuden Paigntons wenig ver\u00e4ndert \u2013 Sandburgen bauen, Picknicks am Strand und Schwimmen. Der Zoo Paigntons ist weltweit bekannt f\u00fcr sein Bestreben, zum Artenschutz beizutragen, und erm\u00f6glicht Tierliebhabern einen ausgezeichneten Ausflugstag.","og_url":"https:\/\/www.urlaubcornwall.de\/blog\/paignton-urlaub-am-meer-in-devon\/","og_site_name":"Urlaub &amp; Reisen","og_image":[{"url":"https:\/\/www.urlaubcornwall.de\/blog\/wp-content\/uploads\/2017\/12\/ferienhaus-am-meer-torquay.jpg"}],"twitter_card":"summary","schema":{"@context":"https:\/\/schema.org","@graph":[{"@type":"WebSite","@id":"https:\/\/www.urlaubcornwall.de\/blog\/#website","url":"https:\/\/www.urlaubcornwall.de\/blog\/","name":"Urlaub &amp; Reisen","description":"Urlaub, Reisen, Cornwall und S\u00fcdengland: eine perfekte Kombination","potentialAction":[{"@type":"SearchAction","target":{"@type":"EntryPoint","urlTemplate":"https:\/\/www.urlaubcornwall.de\/blog\/?s={search_term_string}"},"query-input":"required name=search_term_string"}],"inLanguage":"en-US"},{"@type":"WebPage","@id":"https:\/\/www.urlaubcornwall.de\/blog\/paignton-urlaub-am-meer-in-devon\/","url":"https:\/\/www.urlaubcornwall.de\/blog\/paignton-urlaub-am-meer-in-devon\/","name":"Paignton - Urlaub am Meer in Devon - Urlaub &amp; Reisen","isPartOf":{"@id":"https:\/\/www.urlaubcornwall.de\/blog\/#website"},"datePublished":"2020-04-01T10:38:38+00:00","dateModified":"2020-04-01T10:38:38+00:00","description":"Seit Generationen kommen Familien schon nach Paignton, um einen traditionellen englischen Urlaub am Meer zu genie\u00dfen. Bereits von den Menschen viktorianischer Zeit geliebt, haben sich die Freuden Paigntons wenig ver\u00e4ndert \u2013 Sandburgen bauen, Picknicks am Strand und Schwimmen. Der Zoo Paigntons ist weltweit bekannt f\u00fcr sein Bestreben, zum Artenschutz beizutragen, und erm\u00f6glicht Tierliebhabern einen ausgezeichneten Ausflugstag.","breadcrumb":{"@id":"https:\/\/www.urlaubcornwall.de\/blog\/paignton-urlaub-am-meer-in-devon\/#breadcrumb"},"inLanguage":"en-US","potentialAction":[{"@type":"ReadAction","target":["https:\/\/www.urlaubcornwall.de\/blog\/paignton-urlaub-am-meer-in-devon\/"]}]},{"@type":"BreadcrumbList","@id":"https:\/\/www.urlaubcornwall.de\/blog\/paignton-urlaub-am-meer-in-devon\/#breadcrumb","itemListElement":[{"@type":"ListItem","position":1,"name":"Home","item":"https:\/\/www.urlaubcornwall.de\/blog\/"},{"@type":"ListItem","position":2,"name":"Paignton &#8211; Urlaub am Meer in Devon"}]}]}},"_links":{"self":[{"href":"https:\/\/www.urlaubcornwall.de\/blog\/wp-json\/wp\/v2\/pages\/39739"}],"collection":[{"href":"https:\/\/www.urlaubcornwall.de\/blog\/wp-json\/wp\/v2\/pages"}],"about":[{"href":"https:\/\/www.urlaubcornwall.de\/blog\/wp-json\/wp\/v2\/types\/page"}],"author":[{"embeddable":true,"href":"https:\/\/www.urlaubcornwall.de\/blog\/wp-json\/wp\/v2\/users\/1"}],"replies":[{"embeddable":true,"href":"https:\/\/www.urlaubcornwall.de\/blog\/wp-json\/wp\/v2\/comments?post=39739"}],"version-history":[{"count":1,"href":"https:\/\/www.urlaubcornwall.de\/blog\/wp-json\/wp\/v2\/pages\/39739\/revisions"}],"predecessor-version":[{"id":39740,"href":"https:\/\/www.urlaubcornwall.de\/blog\/wp-json\/wp\/v2\/pages\/39739\/revisions\/39740"}],"wp:attachment":[{"href":"https:\/\/www.urlaubcornwall.de\/blog\/wp-json\/wp\/v2\/media?parent=39739"}],"curies":[{"name":"wp","href":"https:\/\/api.w.org\/{rel}","templated":true}]}}