{"id":39712,"date":"2020-03-31T15:02:52","date_gmt":"2020-03-31T15:02:52","guid":{"rendered":"https:\/\/www.urlaubcornwall.de\/blog\/?page_id=39712"},"modified":"2020-04-01T09:21:10","modified_gmt":"2020-04-01T09:21:10","slug":"lynmouth-urlaub-in-devon-und-suedwestengland","status":"publish","type":"page","link":"https:\/\/www.urlaubcornwall.de\/blog\/lynmouth-urlaub-in-devon-und-suedwestengland\/","title":{"rendered":"Lynmouth- Urlaub in Devon und S\u00fcdwestengland"},"content":{"rendered":"<p><img loading=\"lazy\" class=\"aligncenter size-full wp-image-31637\" src=\"https:\/\/www.urlaubcornwall.de\/blog\/wp-content\/uploads\/2017\/12\/ferienhaus-am-meer-lynmouth.jpg\" alt=\"ferienhaus am meer lynmouth\" width=\"749\" height=\"417\"\/><\/p>\n<p>Vom Maler Thomas Gainsborough als \u201cherrlichster Ort des Landes f\u00fcr einen Landschaftsmaler\u201c beschrieben, liegt Lynmouth auf den <a href=\"https:\/\/www.urlaubcornwall.de\/ferienhaeuser-fewos\/eng\/nord-devon\/nord-devon-am-meer.html\">Klippen Norddevons<\/a>, zwischen dem <a href=\"https:\/\/www.urlaubcornwall.de\/ferienhaeuser-fewos\/eng\/nord-devon\/exmoor-national-park.html\">Exmoor Nationalpark<\/a> und dem Meer. Es befindet sich 150m direkt unterhalb seines <a href=\"https:\/\/www.urlaubcornwall.de\/ferienhaeuser-fewos\/eng\/nord-devon\/lynton.html\">Schwesterndorfes Lynton<\/a>. Die beiden werden miteinander verbunden durch eine einzigartige, mit Wasserkraft betriebene Klippenstandseilbahn.<\/p>\n<p style=\"text-align: center;\"><a class=\"tidycta\" href=\"https:\/\/www.urlaubcornwall.de\/ferienhaeuser-fewos\/eng\/nord-devon\/lynmouth.html\">Ferienh\u00e4user in Lynmouth<\/a><\/p>\n<p>Bei uns finden Sie Ferienh\u00e4user zum Verlieben &#8211; so einfach ist das!  W\u00e4hlen Sie aus \u00fcber 1000 pers\u00f6nlich inspizierten Ferienh\u00e4usern, Cottages &#038; Ferienwohnungen in <a href=\"https:\/\/www.urlaubcornwall.de\/ferienhaeuser\/suedwesten-englands.php\">Devon und S\u00fcdwestengland<\/a>. <\/p>\n","protected":false},"excerpt":{"rendered":"<p>Vom Maler Thomas Gainsborough als \u201cherrlichster Ort des Landes f\u00fcr einen Landschaftsmaler\u201c beschrieben, liegt Lynmouth auf den Klippen Norddevons, zwischen dem Exmoor Nationalpark und dem Meer. Es befindet sich 150m direkt unterhalb seines Schwesterndorfes Lynton. Die beiden werden miteinander verbunden durch eine einzigartige, mit Wasserkraft betriebene Klippenstandseilbahn. Ferienh\u00e4user in Lynmouth Bei uns finden Sie Ferienh\u00e4user [&hellip;]<\/p>\n","protected":false},"author":1,"featured_media":0,"parent":0,"menu_order":0,"comment_status":"closed","ping_status":"closed","template":"single-four.php","meta":[],"acf":[],"yoast_head":"<!-- This site is optimized with the Yoast SEO plugin v19.4 - https:\/\/yoast.com\/wordpress\/plugins\/seo\/ -->\n<title>Lynmouth- Urlaub in Devon und S\u00fcdwestengland - Urlaub &amp; Reisen<\/title>\n<meta name=\"description\" content=\"Vom Maler Thomas Gainsborough als \u201cherrlichster Ort des Landes f\u00fcr einen Landschaftsmaler\u201c beschrieben, liegt Lynmouth auf den Klippen Norddevons, zwischen dem Exmoor Nationalpark und dem Meer. Es befindet sich 500 Fu? direkt unterhalb seines Schwesterndorfes Lynton. Die beiden werden miteinander verbunden durch eine einzigartige, mit Wasserkraft betriebene Klippenstandseilbahn.\" \/>\n<meta name=\"robots\" content=\"index, follow, max-snippet:-1, max-image-preview:large, max-video-preview:-1\" \/>\n<link rel=\"canonical\" href=\"https:\/\/www.urlaubcornwall.de\/blog\/lynmouth-urlaub-in-devon-und-suedwestengland\/\" \/>\n<meta property=\"og:locale\" content=\"en_US\" \/>\n<meta property=\"og:type\" content=\"article\" \/>\n<meta property=\"og:title\" content=\"Lynmouth- Urlaub in Devon und S\u00fcdwestengland - Urlaub &amp; Reisen\" \/>\n<meta property=\"og:description\" content=\"Vom Maler Thomas Gainsborough als \u201cherrlichster Ort des Landes f\u00fcr einen Landschaftsmaler\u201c beschrieben, liegt Lynmouth auf den Klippen Norddevons, zwischen dem Exmoor Nationalpark und dem Meer. Es befindet sich 500 Fu? direkt unterhalb seines Schwesterndorfes Lynton. Die beiden werden miteinander verbunden durch eine einzigartige, mit Wasserkraft betriebene Klippenstandseilbahn.\" \/>\n<meta property=\"og:url\" content=\"https:\/\/www.urlaubcornwall.de\/blog\/lynmouth-urlaub-in-devon-und-suedwestengland\/\" \/>\n<meta property=\"og:site_name\" content=\"Urlaub &amp; Reisen\" \/>\n<meta property=\"article:modified_time\" content=\"2020-04-01T09:21:10+00:00\" \/>\n<meta property=\"og:image\" content=\"https:\/\/www.urlaubcornwall.de\/blog\/wp-content\/uploads\/2017\/12\/ferienhaus-am-meer-lynmouth.jpg\" \/>\n<meta name=\"twitter:card\" content=\"summary\" \/>\n<script type=\"application\/ld+json\" class=\"yoast-schema-graph\">{\"@context\":\"https:\/\/schema.org\",\"@graph\":[{\"@type\":\"WebSite\",\"@id\":\"https:\/\/www.urlaubcornwall.de\/blog\/#website\",\"url\":\"https:\/\/www.urlaubcornwall.de\/blog\/\",\"name\":\"Urlaub &amp; Reisen\",\"description\":\"Urlaub, Reisen, Cornwall und S\u00fcdengland: eine perfekte Kombination\",\"potentialAction\":[{\"@type\":\"SearchAction\",\"target\":{\"@type\":\"EntryPoint\",\"urlTemplate\":\"https:\/\/www.urlaubcornwall.de\/blog\/?s={search_term_string}\"},\"query-input\":\"required name=search_term_string\"}],\"inLanguage\":\"en-US\"},{\"@type\":\"WebPage\",\"@id\":\"https:\/\/www.urlaubcornwall.de\/blog\/lynmouth-urlaub-in-devon-und-suedwestengland\/\",\"url\":\"https:\/\/www.urlaubcornwall.de\/blog\/lynmouth-urlaub-in-devon-und-suedwestengland\/\",\"name\":\"Lynmouth- Urlaub in Devon und S\u00fcdwestengland - Urlaub &amp; Reisen\",\"isPartOf\":{\"@id\":\"https:\/\/www.urlaubcornwall.de\/blog\/#website\"},\"datePublished\":\"2020-03-31T15:02:52+00:00\",\"dateModified\":\"2020-04-01T09:21:10+00:00\",\"description\":\"Vom Maler Thomas Gainsborough als \u201cherrlichster Ort des Landes f\u00fcr einen Landschaftsmaler\u201c beschrieben, liegt Lynmouth auf den Klippen Norddevons, zwischen dem Exmoor Nationalpark und dem Meer. Es befindet sich 500 Fu? direkt unterhalb seines Schwesterndorfes Lynton. Die beiden werden miteinander verbunden durch eine einzigartige, mit Wasserkraft betriebene Klippenstandseilbahn.\",\"breadcrumb\":{\"@id\":\"https:\/\/www.urlaubcornwall.de\/blog\/lynmouth-urlaub-in-devon-und-suedwestengland\/#breadcrumb\"},\"inLanguage\":\"en-US\",\"potentialAction\":[{\"@type\":\"ReadAction\",\"target\":[\"https:\/\/www.urlaubcornwall.de\/blog\/lynmouth-urlaub-in-devon-und-suedwestengland\/\"]}]},{\"@type\":\"BreadcrumbList\",\"@id\":\"https:\/\/www.urlaubcornwall.de\/blog\/lynmouth-urlaub-in-devon-und-suedwestengland\/#breadcrumb\",\"itemListElement\":[{\"@type\":\"ListItem\",\"position\":1,\"name\":\"Home\",\"item\":\"https:\/\/www.urlaubcornwall.de\/blog\/\"},{\"@type\":\"ListItem\",\"position\":2,\"name\":\"Lynmouth- Urlaub in Devon und S\u00fcdwestengland\"}]}]}<\/script>\n<!-- \/ Yoast SEO plugin. -->","yoast_head_json":{"title":"Lynmouth- Urlaub in Devon und S\u00fcdwestengland - Urlaub &amp; Reisen","description":"Vom Maler Thomas Gainsborough als \u201cherrlichster Ort des Landes f\u00fcr einen Landschaftsmaler\u201c beschrieben, liegt Lynmouth auf den Klippen Norddevons, zwischen dem Exmoor Nationalpark und dem Meer. Es befindet sich 500 Fu? direkt unterhalb seines Schwesterndorfes Lynton. Die beiden werden miteinander verbunden durch eine einzigartige, mit Wasserkraft betriebene Klippenstandseilbahn.","robots":{"index":"index","follow":"follow","max-snippet":"max-snippet:-1","max-image-preview":"max-image-preview:large","max-video-preview":"max-video-preview:-1"},"canonical":"https:\/\/www.urlaubcornwall.de\/blog\/lynmouth-urlaub-in-devon-und-suedwestengland\/","og_locale":"en_US","og_type":"article","og_title":"Lynmouth- Urlaub in Devon und S\u00fcdwestengland - Urlaub &amp; Reisen","og_description":"Vom Maler Thomas Gainsborough als \u201cherrlichster Ort des Landes f\u00fcr einen Landschaftsmaler\u201c beschrieben, liegt Lynmouth auf den Klippen Norddevons, zwischen dem Exmoor Nationalpark und dem Meer. Es befindet sich 500 Fu? direkt unterhalb seines Schwesterndorfes Lynton. Die beiden werden miteinander verbunden durch eine einzigartige, mit Wasserkraft betriebene Klippenstandseilbahn.","og_url":"https:\/\/www.urlaubcornwall.de\/blog\/lynmouth-urlaub-in-devon-und-suedwestengland\/","og_site_name":"Urlaub &amp; Reisen","article_modified_time":"2020-04-01T09:21:10+00:00","og_image":[{"url":"https:\/\/www.urlaubcornwall.de\/blog\/wp-content\/uploads\/2017\/12\/ferienhaus-am-meer-lynmouth.jpg"}],"twitter_card":"summary","schema":{"@context":"https:\/\/schema.org","@graph":[{"@type":"WebSite","@id":"https:\/\/www.urlaubcornwall.de\/blog\/#website","url":"https:\/\/www.urlaubcornwall.de\/blog\/","name":"Urlaub &amp; Reisen","description":"Urlaub, Reisen, Cornwall und S\u00fcdengland: eine perfekte Kombination","potentialAction":[{"@type":"SearchAction","target":{"@type":"EntryPoint","urlTemplate":"https:\/\/www.urlaubcornwall.de\/blog\/?s={search_term_string}"},"query-input":"required name=search_term_string"}],"inLanguage":"en-US"},{"@type":"WebPage","@id":"https:\/\/www.urlaubcornwall.de\/blog\/lynmouth-urlaub-in-devon-und-suedwestengland\/","url":"https:\/\/www.urlaubcornwall.de\/blog\/lynmouth-urlaub-in-devon-und-suedwestengland\/","name":"Lynmouth- Urlaub in Devon und S\u00fcdwestengland - Urlaub &amp; Reisen","isPartOf":{"@id":"https:\/\/www.urlaubcornwall.de\/blog\/#website"},"datePublished":"2020-03-31T15:02:52+00:00","dateModified":"2020-04-01T09:21:10+00:00","description":"Vom Maler Thomas Gainsborough als \u201cherrlichster Ort des Landes f\u00fcr einen Landschaftsmaler\u201c beschrieben, liegt Lynmouth auf den Klippen Norddevons, zwischen dem Exmoor Nationalpark und dem Meer. Es befindet sich 500 Fu? direkt unterhalb seines Schwesterndorfes Lynton. Die beiden werden miteinander verbunden durch eine einzigartige, mit Wasserkraft betriebene Klippenstandseilbahn.","breadcrumb":{"@id":"https:\/\/www.urlaubcornwall.de\/blog\/lynmouth-urlaub-in-devon-und-suedwestengland\/#breadcrumb"},"inLanguage":"en-US","potentialAction":[{"@type":"ReadAction","target":["https:\/\/www.urlaubcornwall.de\/blog\/lynmouth-urlaub-in-devon-und-suedwestengland\/"]}]},{"@type":"BreadcrumbList","@id":"https:\/\/www.urlaubcornwall.de\/blog\/lynmouth-urlaub-in-devon-und-suedwestengland\/#breadcrumb","itemListElement":[{"@type":"ListItem","position":1,"name":"Home","item":"https:\/\/www.urlaubcornwall.de\/blog\/"},{"@type":"ListItem","position":2,"name":"Lynmouth- Urlaub in Devon und S\u00fcdwestengland"}]}]}},"_links":{"self":[{"href":"https:\/\/www.urlaubcornwall.de\/blog\/wp-json\/wp\/v2\/pages\/39712"}],"collection":[{"href":"https:\/\/www.urlaubcornwall.de\/blog\/wp-json\/wp\/v2\/pages"}],"about":[{"href":"https:\/\/www.urlaubcornwall.de\/blog\/wp-json\/wp\/v2\/types\/page"}],"author":[{"embeddable":true,"href":"https:\/\/www.urlaubcornwall.de\/blog\/wp-json\/wp\/v2\/users\/1"}],"replies":[{"embeddable":true,"href":"https:\/\/www.urlaubcornwall.de\/blog\/wp-json\/wp\/v2\/comments?post=39712"}],"version-history":[{"count":3,"href":"https:\/\/www.urlaubcornwall.de\/blog\/wp-json\/wp\/v2\/pages\/39712\/revisions"}],"predecessor-version":[{"id":39720,"href":"https:\/\/www.urlaubcornwall.de\/blog\/wp-json\/wp\/v2\/pages\/39712\/revisions\/39720"}],"wp:attachment":[{"href":"https:\/\/www.urlaubcornwall.de\/blog\/wp-json\/wp\/v2\/media?parent=39712"}],"curies":[{"name":"wp","href":"https:\/\/api.w.org\/{rel}","templated":true}]}}