{"id":39692,"date":"2020-03-31T13:31:34","date_gmt":"2020-03-31T13:31:34","guid":{"rendered":"https:\/\/www.urlaubcornwall.de\/blog\/?page_id=39692"},"modified":"2020-03-31T13:31:48","modified_gmt":"2020-03-31T13:31:48","slug":"ilminster-urlaub-in-devon-und-suedwestengland","status":"publish","type":"page","link":"https:\/\/www.urlaubcornwall.de\/blog\/ilminster-urlaub-in-devon-und-suedwestengland\/","title":{"rendered":"Ilminster &#8211; Urlaub in Devon und S\u00fcdwestengland"},"content":{"rendered":"<p><img loading=\"lazy\" class=\"aligncenter size-full wp-image-39693\" src=\"https:\/\/www.urlaubcornwall.de\/blog\/wp-content\/uploads\/2020\/03\/Ilminster-devon.jpg\" alt=\"Ilminster devon\" width=\"749\" height=\"419\"\/><\/p>\n<p>Tief in die sanfte Landschaft Somersets eingebunden, ist Ilminster mit seiner eindrucksvollen Kirche und dem sich windenden Fluss Ile eine Vision pastoraler Sch\u00f6nheit. Eine der beliebtesten Attraktionen der Stadt ist <a href=\"https:\/\/www.urlaubcornwall.de\/blog\/die-besten-herrenhaeuser-in-suedengland\/\">Barrington Court<\/a>, ein gut erhaltenes Herrschaftshaus mit herrlich angelegten G\u00e4rten, einem Arboretum und traditionellen Gem\u00fcseg\u00e4rten.<\/p>\n<p style=\"text-align: center;\"><a class=\"tidycta\" href=\"https:\/\/www.urlaubcornwall.de\/ferienhaeuser-fewos\/eng\/somerset\/ilminster.html\">Ferienh\u00e4user in Ilminster<\/a><\/p>\n<p>Bei uns finden Sie Ferienh\u00e4user zum Verlieben &#8211; so einfach ist das!  W\u00e4hlen Sie aus \u00fcber 1000 pers\u00f6nlich inspizierten Ferienh\u00e4usern, Cottages &#038; Ferienwohnungen in <a href=\"https:\/\/www.urlaubcornwall.de\/ferienhaeuser\/suedwesten-englands.php\">Devon und S\u00fcdwestengland<\/a>.<\/p>\n","protected":false},"excerpt":{"rendered":"<p>Tief in die sanfte Landschaft Somersets eingebunden, ist Ilminster mit seiner eindrucksvollen Kirche und dem sich windenden Fluss Ile eine Vision pastoraler Sch\u00f6nheit. Eine der beliebtesten Attraktionen der Stadt ist Barrington Court, ein gut erhaltenes Herrschaftshaus mit herrlich angelegten G\u00e4rten, einem Arboretum und traditionellen Gem\u00fcseg\u00e4rten. Ferienh\u00e4user in Ilminster Bei uns finden Sie Ferienh\u00e4user zum Verlieben [&hellip;]<\/p>\n","protected":false},"author":1,"featured_media":0,"parent":0,"menu_order":0,"comment_status":"closed","ping_status":"closed","template":"single-four.php","meta":[],"acf":[],"yoast_head":"<!-- This site is optimized with the Yoast SEO plugin v19.4 - https:\/\/yoast.com\/wordpress\/plugins\/seo\/ -->\n<title>Ilminster - Urlaub in Devon und S\u00fcdwestengland - Urlaub &amp; Reisen<\/title>\n<meta name=\"description\" content=\"Tief in die sanfte Landschaft Somersets eingebunden, ist Ilminster mit seiner eindrucksvollen Kirche und dem sich windenden Fluss Ile eine Vision pastoraler Sch\u00f6nheit. Eine der beliebtesten Attraktionen der Stadt ist Barrington Court, ein gut erhaltenes Herrschaftshaus mit herrlich angelegten G\u00e4rten, einem Arboretum und traditionellen Gem\u00fcseg\u00e4rten.\" \/>\n<meta name=\"robots\" content=\"index, follow, max-snippet:-1, max-image-preview:large, max-video-preview:-1\" \/>\n<link rel=\"canonical\" href=\"https:\/\/www.urlaubcornwall.de\/blog\/ilminster-urlaub-in-devon-und-suedwestengland\/\" \/>\n<meta property=\"og:locale\" content=\"en_US\" \/>\n<meta property=\"og:type\" content=\"article\" \/>\n<meta property=\"og:title\" content=\"Ilminster - Urlaub in Devon und S\u00fcdwestengland - Urlaub &amp; Reisen\" \/>\n<meta property=\"og:description\" content=\"Tief in die sanfte Landschaft Somersets eingebunden, ist Ilminster mit seiner eindrucksvollen Kirche und dem sich windenden Fluss Ile eine Vision pastoraler Sch\u00f6nheit. Eine der beliebtesten Attraktionen der Stadt ist Barrington Court, ein gut erhaltenes Herrschaftshaus mit herrlich angelegten G\u00e4rten, einem Arboretum und traditionellen Gem\u00fcseg\u00e4rten.\" \/>\n<meta property=\"og:url\" content=\"https:\/\/www.urlaubcornwall.de\/blog\/ilminster-urlaub-in-devon-und-suedwestengland\/\" \/>\n<meta property=\"og:site_name\" content=\"Urlaub &amp; Reisen\" \/>\n<meta property=\"article:modified_time\" content=\"2020-03-31T13:31:48+00:00\" \/>\n<meta property=\"og:image\" content=\"https:\/\/www.urlaubcornwall.de\/blog\/wp-content\/uploads\/2020\/03\/Ilminster-devon.jpg\" \/>\n<meta name=\"twitter:card\" content=\"summary\" \/>\n<script type=\"application\/ld+json\" class=\"yoast-schema-graph\">{\"@context\":\"https:\/\/schema.org\",\"@graph\":[{\"@type\":\"WebSite\",\"@id\":\"https:\/\/www.urlaubcornwall.de\/blog\/#website\",\"url\":\"https:\/\/www.urlaubcornwall.de\/blog\/\",\"name\":\"Urlaub &amp; Reisen\",\"description\":\"Urlaub, Reisen, Cornwall und S\u00fcdengland: eine perfekte Kombination\",\"potentialAction\":[{\"@type\":\"SearchAction\",\"target\":{\"@type\":\"EntryPoint\",\"urlTemplate\":\"https:\/\/www.urlaubcornwall.de\/blog\/?s={search_term_string}\"},\"query-input\":\"required name=search_term_string\"}],\"inLanguage\":\"en-US\"},{\"@type\":\"WebPage\",\"@id\":\"https:\/\/www.urlaubcornwall.de\/blog\/ilminster-urlaub-in-devon-und-suedwestengland\/\",\"url\":\"https:\/\/www.urlaubcornwall.de\/blog\/ilminster-urlaub-in-devon-und-suedwestengland\/\",\"name\":\"Ilminster - Urlaub in Devon und S\u00fcdwestengland - Urlaub &amp; Reisen\",\"isPartOf\":{\"@id\":\"https:\/\/www.urlaubcornwall.de\/blog\/#website\"},\"datePublished\":\"2020-03-31T13:31:34+00:00\",\"dateModified\":\"2020-03-31T13:31:48+00:00\",\"description\":\"Tief in die sanfte Landschaft Somersets eingebunden, ist Ilminster mit seiner eindrucksvollen Kirche und dem sich windenden Fluss Ile eine Vision pastoraler Sch\u00f6nheit. Eine der beliebtesten Attraktionen der Stadt ist Barrington Court, ein gut erhaltenes Herrschaftshaus mit herrlich angelegten G\u00e4rten, einem Arboretum und traditionellen Gem\u00fcseg\u00e4rten.\",\"breadcrumb\":{\"@id\":\"https:\/\/www.urlaubcornwall.de\/blog\/ilminster-urlaub-in-devon-und-suedwestengland\/#breadcrumb\"},\"inLanguage\":\"en-US\",\"potentialAction\":[{\"@type\":\"ReadAction\",\"target\":[\"https:\/\/www.urlaubcornwall.de\/blog\/ilminster-urlaub-in-devon-und-suedwestengland\/\"]}]},{\"@type\":\"BreadcrumbList\",\"@id\":\"https:\/\/www.urlaubcornwall.de\/blog\/ilminster-urlaub-in-devon-und-suedwestengland\/#breadcrumb\",\"itemListElement\":[{\"@type\":\"ListItem\",\"position\":1,\"name\":\"Home\",\"item\":\"https:\/\/www.urlaubcornwall.de\/blog\/\"},{\"@type\":\"ListItem\",\"position\":2,\"name\":\"Ilminster &#8211; Urlaub in Devon und S\u00fcdwestengland\"}]}]}<\/script>\n<!-- \/ Yoast SEO plugin. -->","yoast_head_json":{"title":"Ilminster - Urlaub in Devon und S\u00fcdwestengland - Urlaub &amp; Reisen","description":"Tief in die sanfte Landschaft Somersets eingebunden, ist Ilminster mit seiner eindrucksvollen Kirche und dem sich windenden Fluss Ile eine Vision pastoraler Sch\u00f6nheit. Eine der beliebtesten Attraktionen der Stadt ist Barrington Court, ein gut erhaltenes Herrschaftshaus mit herrlich angelegten G\u00e4rten, einem Arboretum und traditionellen Gem\u00fcseg\u00e4rten.","robots":{"index":"index","follow":"follow","max-snippet":"max-snippet:-1","max-image-preview":"max-image-preview:large","max-video-preview":"max-video-preview:-1"},"canonical":"https:\/\/www.urlaubcornwall.de\/blog\/ilminster-urlaub-in-devon-und-suedwestengland\/","og_locale":"en_US","og_type":"article","og_title":"Ilminster - Urlaub in Devon und S\u00fcdwestengland - Urlaub &amp; Reisen","og_description":"Tief in die sanfte Landschaft Somersets eingebunden, ist Ilminster mit seiner eindrucksvollen Kirche und dem sich windenden Fluss Ile eine Vision pastoraler Sch\u00f6nheit. Eine der beliebtesten Attraktionen der Stadt ist Barrington Court, ein gut erhaltenes Herrschaftshaus mit herrlich angelegten G\u00e4rten, einem Arboretum und traditionellen Gem\u00fcseg\u00e4rten.","og_url":"https:\/\/www.urlaubcornwall.de\/blog\/ilminster-urlaub-in-devon-und-suedwestengland\/","og_site_name":"Urlaub &amp; Reisen","article_modified_time":"2020-03-31T13:31:48+00:00","og_image":[{"url":"https:\/\/www.urlaubcornwall.de\/blog\/wp-content\/uploads\/2020\/03\/Ilminster-devon.jpg"}],"twitter_card":"summary","schema":{"@context":"https:\/\/schema.org","@graph":[{"@type":"WebSite","@id":"https:\/\/www.urlaubcornwall.de\/blog\/#website","url":"https:\/\/www.urlaubcornwall.de\/blog\/","name":"Urlaub &amp; Reisen","description":"Urlaub, Reisen, Cornwall und S\u00fcdengland: eine perfekte Kombination","potentialAction":[{"@type":"SearchAction","target":{"@type":"EntryPoint","urlTemplate":"https:\/\/www.urlaubcornwall.de\/blog\/?s={search_term_string}"},"query-input":"required name=search_term_string"}],"inLanguage":"en-US"},{"@type":"WebPage","@id":"https:\/\/www.urlaubcornwall.de\/blog\/ilminster-urlaub-in-devon-und-suedwestengland\/","url":"https:\/\/www.urlaubcornwall.de\/blog\/ilminster-urlaub-in-devon-und-suedwestengland\/","name":"Ilminster - Urlaub in Devon und S\u00fcdwestengland - Urlaub &amp; Reisen","isPartOf":{"@id":"https:\/\/www.urlaubcornwall.de\/blog\/#website"},"datePublished":"2020-03-31T13:31:34+00:00","dateModified":"2020-03-31T13:31:48+00:00","description":"Tief in die sanfte Landschaft Somersets eingebunden, ist Ilminster mit seiner eindrucksvollen Kirche und dem sich windenden Fluss Ile eine Vision pastoraler Sch\u00f6nheit. Eine der beliebtesten Attraktionen der Stadt ist Barrington Court, ein gut erhaltenes Herrschaftshaus mit herrlich angelegten G\u00e4rten, einem Arboretum und traditionellen Gem\u00fcseg\u00e4rten.","breadcrumb":{"@id":"https:\/\/www.urlaubcornwall.de\/blog\/ilminster-urlaub-in-devon-und-suedwestengland\/#breadcrumb"},"inLanguage":"en-US","potentialAction":[{"@type":"ReadAction","target":["https:\/\/www.urlaubcornwall.de\/blog\/ilminster-urlaub-in-devon-und-suedwestengland\/"]}]},{"@type":"BreadcrumbList","@id":"https:\/\/www.urlaubcornwall.de\/blog\/ilminster-urlaub-in-devon-und-suedwestengland\/#breadcrumb","itemListElement":[{"@type":"ListItem","position":1,"name":"Home","item":"https:\/\/www.urlaubcornwall.de\/blog\/"},{"@type":"ListItem","position":2,"name":"Ilminster &#8211; Urlaub in Devon und S\u00fcdwestengland"}]}]}},"_links":{"self":[{"href":"https:\/\/www.urlaubcornwall.de\/blog\/wp-json\/wp\/v2\/pages\/39692"}],"collection":[{"href":"https:\/\/www.urlaubcornwall.de\/blog\/wp-json\/wp\/v2\/pages"}],"about":[{"href":"https:\/\/www.urlaubcornwall.de\/blog\/wp-json\/wp\/v2\/types\/page"}],"author":[{"embeddable":true,"href":"https:\/\/www.urlaubcornwall.de\/blog\/wp-json\/wp\/v2\/users\/1"}],"replies":[{"embeddable":true,"href":"https:\/\/www.urlaubcornwall.de\/blog\/wp-json\/wp\/v2\/comments?post=39692"}],"version-history":[{"count":2,"href":"https:\/\/www.urlaubcornwall.de\/blog\/wp-json\/wp\/v2\/pages\/39692\/revisions"}],"predecessor-version":[{"id":39695,"href":"https:\/\/www.urlaubcornwall.de\/blog\/wp-json\/wp\/v2\/pages\/39692\/revisions\/39695"}],"wp:attachment":[{"href":"https:\/\/www.urlaubcornwall.de\/blog\/wp-json\/wp\/v2\/media?parent=39692"}],"curies":[{"name":"wp","href":"https:\/\/api.w.org\/{rel}","templated":true}]}}