{"id":39676,"date":"2020-03-31T11:18:10","date_gmt":"2020-03-31T11:18:10","guid":{"rendered":"https:\/\/www.urlaubcornwall.de\/blog\/?page_id=39676"},"modified":"2024-04-12T10:28:57","modified_gmt":"2024-04-12T10:28:57","slug":"exeter-urlaub-in-devon-und-suedwestengland","status":"publish","type":"page","link":"https:\/\/www.urlaubcornwall.de\/blog\/exeter-urlaub-in-devon-und-suedwestengland\/","title":{"rendered":"Exeter &#8211; Urlaub in Devon und S\u00fcdwestengland"},"content":{"rendered":"<p><img loading=\"lazy\" class=\"aligncenter size-full wp-image-47815\" src=\"https:\/\/www.urlaubcornwall.de\/blog\/wp-content\/uploads\/2024\/03\/exeter-cathedral.jpg\" alt=\"exeter cathedral\" width=\"750\" height=\"422\" srcset=\"https:\/\/www.urlaubcornwall.de\/blog\/wp-content\/uploads\/2024\/03\/exeter-cathedral.jpg 750w, https:\/\/www.urlaubcornwall.de\/blog\/wp-content\/uploads\/2024\/03\/exeter-cathedral-300x169.jpg 300w\" sizes=\"(max-width: 750px) 100vw, 750px\" \/><\/p>\n<p>Exeter hat immer schon aufgrund der h\u00fcbschen Kathedrale einen wahrhaften Charakter gehabt. Sie ist umgeben von friedvollen Gr\u00fcnfl\u00e4chen und Pflasterstra\u00dfen. Der historische Kai ist voller interessanter Gesch\u00e4fte und Caf\u00e9s, wo sich leicht ein Nachmittag damit zubringen l\u00e4sst, Menschen zu beobachten.<\/p>\n<p style=\"text-align: center;\"><a class=\"tidycta\" href=\"https:\/\/www.urlaubcornwall.de\/ferienhaeuser-fewos\/eng\/sued-devon\/exeter.html\">Ferienh\u00e4user in Exeter<\/a><\/p>\n<p>Bei uns finden Sie Ferienh\u00e4user zum Verlieben &#8211; so einfach ist das!  W\u00e4hlen Sie aus \u00fcber 1000 pers\u00f6nlich inspizierten Ferienh\u00e4usern, Cottages &#038; Ferienwohnungen in <a href=\"https:\/\/www.urlaubcornwall.de\/ferienhaeuser\/suedwesten-englands.php\">Devon und S\u00fcdwestengland<\/a>. <\/p>\n","protected":false},"excerpt":{"rendered":"<p>Exeter hat immer schon aufgrund der h\u00fcbschen Kathedrale einen wahrhaften Charakter gehabt. Sie ist umgeben von friedvollen Gr\u00fcnfl\u00e4chen und Pflasterstra\u00dfen. Der historische Kai ist voller interessanter Gesch\u00e4fte und Caf\u00e9s, wo sich leicht ein Nachmittag damit zubringen l\u00e4sst, Menschen zu beobachten. Ferienh\u00e4user in Exeter Bei uns finden Sie Ferienh\u00e4user zum Verlieben &#8211; so einfach ist das! [&hellip;]<\/p>\n","protected":false},"author":1,"featured_media":0,"parent":0,"menu_order":0,"comment_status":"closed","ping_status":"closed","template":"single-four.php","meta":[],"acf":[],"yoast_head":"<!-- This site is optimized with the Yoast SEO plugin v19.4 - https:\/\/yoast.com\/wordpress\/plugins\/seo\/ -->\n<title>Exeter - Urlaub in Devon und S\u00fcdwestengland - Urlaub &amp; Reisen<\/title>\n<meta name=\"description\" content=\"Exeter hat immer schon aufgrund der h\u00fcbschen Kathedrale einen wahrhaften Charakter gehabt. Sie ist umgeben von friedvollen Gr\u00fcnfl\u00e4chen und Pflasterstra\u00dfen. Der historische Kai ist voller interessanter Gesch\u00e4fte und Caf\u00e9s, wo sich leicht ein Nachmittag damit zubringen l\u00e4sst, Menschen zu beobachten.\" \/>\n<meta name=\"robots\" content=\"index, follow, max-snippet:-1, max-image-preview:large, max-video-preview:-1\" \/>\n<link rel=\"canonical\" href=\"https:\/\/www.urlaubcornwall.de\/blog\/exeter-urlaub-in-devon-und-suedwestengland\/\" \/>\n<meta property=\"og:locale\" content=\"en_US\" \/>\n<meta property=\"og:type\" content=\"article\" \/>\n<meta property=\"og:title\" content=\"Exeter - Urlaub in Devon und S\u00fcdwestengland - Urlaub &amp; Reisen\" \/>\n<meta property=\"og:description\" content=\"Exeter hat immer schon aufgrund der h\u00fcbschen Kathedrale einen wahrhaften Charakter gehabt. Sie ist umgeben von friedvollen Gr\u00fcnfl\u00e4chen und Pflasterstra\u00dfen. Der historische Kai ist voller interessanter Gesch\u00e4fte und Caf\u00e9s, wo sich leicht ein Nachmittag damit zubringen l\u00e4sst, Menschen zu beobachten.\" \/>\n<meta property=\"og:url\" content=\"https:\/\/www.urlaubcornwall.de\/blog\/exeter-urlaub-in-devon-und-suedwestengland\/\" \/>\n<meta property=\"og:site_name\" content=\"Urlaub &amp; Reisen\" \/>\n<meta property=\"article:modified_time\" content=\"2024-04-12T10:28:57+00:00\" \/>\n<meta property=\"og:image\" content=\"https:\/\/www.urlaubcornwall.de\/blog\/wp-content\/uploads\/2024\/03\/exeter-cathedral.jpg\" \/>\n<meta name=\"twitter:card\" content=\"summary\" \/>\n<meta name=\"twitter:label1\" content=\"Est. reading time\" \/>\n\t<meta name=\"twitter:data1\" content=\"1 minute\" \/>\n<script type=\"application\/ld+json\" class=\"yoast-schema-graph\">{\"@context\":\"https:\/\/schema.org\",\"@graph\":[{\"@type\":\"WebSite\",\"@id\":\"https:\/\/www.urlaubcornwall.de\/blog\/#website\",\"url\":\"https:\/\/www.urlaubcornwall.de\/blog\/\",\"name\":\"Urlaub &amp; Reisen\",\"description\":\"Urlaub, Reisen, Cornwall und S\u00fcdengland: eine perfekte Kombination\",\"potentialAction\":[{\"@type\":\"SearchAction\",\"target\":{\"@type\":\"EntryPoint\",\"urlTemplate\":\"https:\/\/www.urlaubcornwall.de\/blog\/?s={search_term_string}\"},\"query-input\":\"required name=search_term_string\"}],\"inLanguage\":\"en-US\"},{\"@type\":\"WebPage\",\"@id\":\"https:\/\/www.urlaubcornwall.de\/blog\/exeter-urlaub-in-devon-und-suedwestengland\/\",\"url\":\"https:\/\/www.urlaubcornwall.de\/blog\/exeter-urlaub-in-devon-und-suedwestengland\/\",\"name\":\"Exeter - Urlaub in Devon und S\u00fcdwestengland - Urlaub &amp; Reisen\",\"isPartOf\":{\"@id\":\"https:\/\/www.urlaubcornwall.de\/blog\/#website\"},\"datePublished\":\"2020-03-31T11:18:10+00:00\",\"dateModified\":\"2024-04-12T10:28:57+00:00\",\"description\":\"Exeter hat immer schon aufgrund der h\u00fcbschen Kathedrale einen wahrhaften Charakter gehabt. Sie ist umgeben von friedvollen Gr\u00fcnfl\u00e4chen und Pflasterstra\u00dfen. Der historische Kai ist voller interessanter Gesch\u00e4fte und Caf\u00e9s, wo sich leicht ein Nachmittag damit zubringen l\u00e4sst, Menschen zu beobachten.\",\"breadcrumb\":{\"@id\":\"https:\/\/www.urlaubcornwall.de\/blog\/exeter-urlaub-in-devon-und-suedwestengland\/#breadcrumb\"},\"inLanguage\":\"en-US\",\"potentialAction\":[{\"@type\":\"ReadAction\",\"target\":[\"https:\/\/www.urlaubcornwall.de\/blog\/exeter-urlaub-in-devon-und-suedwestengland\/\"]}]},{\"@type\":\"BreadcrumbList\",\"@id\":\"https:\/\/www.urlaubcornwall.de\/blog\/exeter-urlaub-in-devon-und-suedwestengland\/#breadcrumb\",\"itemListElement\":[{\"@type\":\"ListItem\",\"position\":1,\"name\":\"Home\",\"item\":\"https:\/\/www.urlaubcornwall.de\/blog\/\"},{\"@type\":\"ListItem\",\"position\":2,\"name\":\"Exeter &#8211; Urlaub in Devon und S\u00fcdwestengland\"}]}]}<\/script>\n<!-- \/ Yoast SEO plugin. -->","yoast_head_json":{"title":"Exeter - Urlaub in Devon und S\u00fcdwestengland - Urlaub &amp; Reisen","description":"Exeter hat immer schon aufgrund der h\u00fcbschen Kathedrale einen wahrhaften Charakter gehabt. Sie ist umgeben von friedvollen Gr\u00fcnfl\u00e4chen und Pflasterstra\u00dfen. Der historische Kai ist voller interessanter Gesch\u00e4fte und Caf\u00e9s, wo sich leicht ein Nachmittag damit zubringen l\u00e4sst, Menschen zu beobachten.","robots":{"index":"index","follow":"follow","max-snippet":"max-snippet:-1","max-image-preview":"max-image-preview:large","max-video-preview":"max-video-preview:-1"},"canonical":"https:\/\/www.urlaubcornwall.de\/blog\/exeter-urlaub-in-devon-und-suedwestengland\/","og_locale":"en_US","og_type":"article","og_title":"Exeter - Urlaub in Devon und S\u00fcdwestengland - Urlaub &amp; Reisen","og_description":"Exeter hat immer schon aufgrund der h\u00fcbschen Kathedrale einen wahrhaften Charakter gehabt. Sie ist umgeben von friedvollen Gr\u00fcnfl\u00e4chen und Pflasterstra\u00dfen. Der historische Kai ist voller interessanter Gesch\u00e4fte und Caf\u00e9s, wo sich leicht ein Nachmittag damit zubringen l\u00e4sst, Menschen zu beobachten.","og_url":"https:\/\/www.urlaubcornwall.de\/blog\/exeter-urlaub-in-devon-und-suedwestengland\/","og_site_name":"Urlaub &amp; Reisen","article_modified_time":"2024-04-12T10:28:57+00:00","og_image":[{"url":"https:\/\/www.urlaubcornwall.de\/blog\/wp-content\/uploads\/2024\/03\/exeter-cathedral.jpg"}],"twitter_card":"summary","twitter_misc":{"Est. reading time":"1 minute"},"schema":{"@context":"https:\/\/schema.org","@graph":[{"@type":"WebSite","@id":"https:\/\/www.urlaubcornwall.de\/blog\/#website","url":"https:\/\/www.urlaubcornwall.de\/blog\/","name":"Urlaub &amp; Reisen","description":"Urlaub, Reisen, Cornwall und S\u00fcdengland: eine perfekte Kombination","potentialAction":[{"@type":"SearchAction","target":{"@type":"EntryPoint","urlTemplate":"https:\/\/www.urlaubcornwall.de\/blog\/?s={search_term_string}"},"query-input":"required name=search_term_string"}],"inLanguage":"en-US"},{"@type":"WebPage","@id":"https:\/\/www.urlaubcornwall.de\/blog\/exeter-urlaub-in-devon-und-suedwestengland\/","url":"https:\/\/www.urlaubcornwall.de\/blog\/exeter-urlaub-in-devon-und-suedwestengland\/","name":"Exeter - Urlaub in Devon und S\u00fcdwestengland - Urlaub &amp; Reisen","isPartOf":{"@id":"https:\/\/www.urlaubcornwall.de\/blog\/#website"},"datePublished":"2020-03-31T11:18:10+00:00","dateModified":"2024-04-12T10:28:57+00:00","description":"Exeter hat immer schon aufgrund der h\u00fcbschen Kathedrale einen wahrhaften Charakter gehabt. Sie ist umgeben von friedvollen Gr\u00fcnfl\u00e4chen und Pflasterstra\u00dfen. Der historische Kai ist voller interessanter Gesch\u00e4fte und Caf\u00e9s, wo sich leicht ein Nachmittag damit zubringen l\u00e4sst, Menschen zu beobachten.","breadcrumb":{"@id":"https:\/\/www.urlaubcornwall.de\/blog\/exeter-urlaub-in-devon-und-suedwestengland\/#breadcrumb"},"inLanguage":"en-US","potentialAction":[{"@type":"ReadAction","target":["https:\/\/www.urlaubcornwall.de\/blog\/exeter-urlaub-in-devon-und-suedwestengland\/"]}]},{"@type":"BreadcrumbList","@id":"https:\/\/www.urlaubcornwall.de\/blog\/exeter-urlaub-in-devon-und-suedwestengland\/#breadcrumb","itemListElement":[{"@type":"ListItem","position":1,"name":"Home","item":"https:\/\/www.urlaubcornwall.de\/blog\/"},{"@type":"ListItem","position":2,"name":"Exeter &#8211; Urlaub in Devon und S\u00fcdwestengland"}]}]}},"_links":{"self":[{"href":"https:\/\/www.urlaubcornwall.de\/blog\/wp-json\/wp\/v2\/pages\/39676"}],"collection":[{"href":"https:\/\/www.urlaubcornwall.de\/blog\/wp-json\/wp\/v2\/pages"}],"about":[{"href":"https:\/\/www.urlaubcornwall.de\/blog\/wp-json\/wp\/v2\/types\/page"}],"author":[{"embeddable":true,"href":"https:\/\/www.urlaubcornwall.de\/blog\/wp-json\/wp\/v2\/users\/1"}],"replies":[{"embeddable":true,"href":"https:\/\/www.urlaubcornwall.de\/blog\/wp-json\/wp\/v2\/comments?post=39676"}],"version-history":[{"count":2,"href":"https:\/\/www.urlaubcornwall.de\/blog\/wp-json\/wp\/v2\/pages\/39676\/revisions"}],"predecessor-version":[{"id":49022,"href":"https:\/\/www.urlaubcornwall.de\/blog\/wp-json\/wp\/v2\/pages\/39676\/revisions\/49022"}],"wp:attachment":[{"href":"https:\/\/www.urlaubcornwall.de\/blog\/wp-json\/wp\/v2\/media?parent=39676"}],"curies":[{"name":"wp","href":"https:\/\/api.w.org\/{rel}","templated":true}]}}