{"id":39592,"date":"2020-03-20T11:05:36","date_gmt":"2020-03-20T11:05:36","guid":{"rendered":"https:\/\/www.urlaubcornwall.de\/blog\/?page_id=39592"},"modified":"2024-07-17T07:20:15","modified_gmt":"2024-07-17T07:20:15","slug":"urlaub-reisen-in-cornwall-und-suedengland-2021","status":"publish","type":"page","link":"https:\/\/www.urlaubcornwall.de\/blog\/urlaub-reisen-in-cornwall-und-suedengland-2021\/","title":{"rendered":"Urlaub &#038; Reisen in Cornwall und S\u00fcdengland"},"content":{"rendered":"<p><img loading=\"lazy\" class=\"aligncenter size-full wp-image-48083\" src=\"https:\/\/www.urlaubcornwall.de\/blog\/wp-content\/uploads\/2024\/03\/st-ives-hafen.jpg\" alt=\"st ives hafen\" width=\"750\" height=\"422\" srcset=\"https:\/\/www.urlaubcornwall.de\/blog\/wp-content\/uploads\/2024\/03\/st-ives-hafen.jpg 750w, https:\/\/www.urlaubcornwall.de\/blog\/wp-content\/uploads\/2024\/03\/st-ives-hafen-300x169.jpg 300w\" sizes=\"(max-width: 750px) 100vw, 750px\" \/><br \/>\n<strong>Neues im Jahre 2022:<\/strong> UrlaubCornwall kann Ihnen Urlaubsinspiration bieten und hat die beste Auswahl an Unterkunftsm\u00f6glichkeiten, so dass Sie das Beste machen k\u00f6nnen aus Ihrem <a href=\"https:\/\/www.urlaubcornwall.de\/ferienhaeuser\/suedengland.php\">Urlaub in S\u00fcdengland<\/a>, der beliebtesten Urlaubsregion. Mit Sitz in <a href=\"https:\/\/www.urlaubcornwall.de\/ferienhaeuser\/cornwall.php\">Cornwall<\/a>, verm\u00f6gen wir es, Ihnen die besten neuesten Hotels, Restaurants, Attraktionen und Festlichkeiten zu zeigen, wie auch Rat und Tipps zu geben, die Sie in den meisten Reisef\u00fchrern nicht finden werden.<\/p>\n<div class=\"snippet\"> <a class=\"featured-item\" href=\"https:\/\/www.urlaubcornwall.de\/ferienhaeuser\/suedengland.php\"> <span class=\"image-holder\" style=\"background-image: url('https:\/\/www.urlaubcornwall.de\/blog\/wp-content\/uploads\/2019\/01\/busreisen-cornwall.jpg');\"><\/span> <span class=\"featured-content\"> \n<h2 class=\"featured-title\">Ferienh\u00e4user in Cornwall &#038; S\u00fcdengland<\/h2>\n<p class=\"featured-body\">Bei uns finden Sie Ferienh\u00e4user zum Verlieben &#8211; so einfach ist das! Dank seiner langen Geschichte, der reizvollen Landschaften und seinen vielen Attraktionen ist S\u00fcdengland ein wahres Mekka f\u00fcr Urlauber&#8230;..<\/p><\/span> <span class=\"featured-link-holder\"> <span class=\"featured-extra-info\"> \n<p>Pers\u00f6nlich inspizierter Ferienh\u00e4user<\/p>\n<\/span> \n<p class=\"featured-link\">DETAILS<\/p>\n<\/span> <\/a><\/div>\n<p>Mit \u00fcber dreihundert Meilen atemberaubender K\u00fcstenausblicke k\u00f6nnen Sie gut und gerne Cornwall als die Grafschaft betrachten, die Sie dem Meer am n\u00e4chsten bringt. S\u00fcdwestengland hat einige der spektakul\u00e4rsten K\u00fcstenlandschaften und Str\u00e4nde in Gro\u00dfbritannien. Im Jahre 2021 k\u00f6nnen wir Unterkunftsm\u00f6glichkeiten anbieten in \u00fcber 800 handverlesenen und inspizierten&nbsp;Ferienh\u00e4user und Ferienwohnungen in <a href=\"http:\/\/www.urlaubcornwall.de\/ferienhaeuser-fewos.php\">Cornwall<\/a>, <a href=\"http:\/\/www.urlaubcornwall.de\/ferienhaeuser-fewos\/devon.html\">Devon<\/a> , <a href=\"http:\/\/www.urlaubcornwall.de\/ferienhaeuser-fewos\/dorset.html\">Dorset<\/a>, und <a href=\"http:\/\/www.urlaubcornwall.de\/ferienhaeuser-fewos\/somerset.html\">Somerset<\/a> gemeinsam mit Classic Cottages, der Nummer 1 im Bereich Ferienvermietungen. Aufgrund unserer 30 j\u00e4hrigen Erfahrung finden wir Ferienh\u00e4user, in denen G\u00e4ste gerne sind \u2013 <a href=\"http:\/\/www.urlaubcornwall.de\/ferienhaeuser-fewos.php\"><span style=\"text-decoration: underline;\">suchen und buchen Sie hier online<\/span>.<\/a><\/p>\n<div class=\"snippet\"> <a class=\"featured-item\" href=\"https:\/\/www.urlaubcornwall.de\/rundreisen\/cornwall-suedengland.php\"> <span class=\"image-holder\" style=\"background-image: url('https:\/\/www.urlaubcornwall.de\/blog\/wp-content\/uploads\/2019\/01\/DiTn0QVWsAIOgjG.jpg');\"><\/span> <span class=\"featured-content\"> \n<h2 class=\"featured-title\">Rundreisen Cornwall &#038; S\u00fcdengland eine perfekte Kombination<\/h2>\n<p class=\"featured-body\">Die perfekte Reisem\u00f6glichkeit und erm\u00f6glicht es Ihnen, Entdeckungen zu machen und einen Urlaub im eigenen Schritttempo&#8230;.<\/p><\/span> <span class=\"featured-link-holder\"> <span class=\"featured-extra-info\"> \n<p>F\u00fcr Paare, Familien &#038; Gruppen<\/p>\n<\/span> \n<p class=\"featured-link\">DETAILS<\/p>\n<\/span> <\/a><\/div>\n<p>Brauchen Sie Hilfe in Ihrer Planung einer <a href=\"http:\/\/www.urlaubcornwall.de\/rundreisen\/cornwall-suedengland.php\"><span style=\"text-decoration: underline;\">Rundreise durch Cornwall<\/span><\/a> oder den S\u00fcden und S\u00fcdwesten Englands? Wir haben ein Deutsch sprechendes Team, das Sie gerne individuell beraten kann, um Ihren Bed\u00fcrfnissen gerecht zu werden und dann eine individuelle Tour zusammenzustellen. Ob es nun ein Luxushotel, eine Selbstversorgerunterkunft oder B&amp;B sein soll, so haben wir eine Reihe an pers\u00f6nlich inspizierten Unterk\u00fcnften, um jedem Geldbeutel gerecht zu werden.<\/p>\n<p>Schauen Sie sich <a href=\"http:\/\/www.urlaubcornwall.de\/hotels.php\"><span style=\"text-decoration: underline;\">unsere Auswahl an Hotels<\/span><\/a> an, die pers\u00f6nlich von uns ausgew\u00e4hlt und besucht wurden, unter dem Aspekt, f\u00fcr jeden Geldbeutel geeignet zu sein, die sich au\u00dferdem an den besten Orten in Cornwall befinden. Vielleicht suchen Sie ein Hotel am Meer oder ein intimes Boutique-Hotel in einer cornischen Stadt oder ein Landhaus, das direkt aus einer Pilcher Geschichte stammen k\u00f6nnte.<\/p>\n<div class=\"snippet\"> <a class=\"featured-item\" href=\"https:\/\/www.urlaubcornwall.de\/Scilly-Inseln.php\"> <span class=\"image-holder\" style=\"background-image: url('https:\/\/www.urlaubcornwall.de\/blog\/wp-content\/uploads\/2018\/11\/IMG_0594_scilly_inseln_2.jpg');\"><\/span> <span class=\"featured-content\"> \n<h2 class=\"featured-title\">Die Scilly-Inseln &#8211; Ihr Traumurlaub beginnt hier!<\/h2>\n<p class=\"featured-body\">Die Scilly-Inseln sind Cornwalls bestgeh\u00fctetes Geheimnis; aufgrund ihres milden Klimas, der perfekten Sandstr\u00e4nde und dem t\u00fcrkisblauen Meer&#8230;<\/p><\/span> <span class=\"featured-link-holder\"> <span class=\"featured-extra-info\"> \n<p>Der Reiseservice f\u00fcr die Scilly-Inseln<\/p>\n<\/span> \n<p class=\"featured-link\">DETAILS<\/p>\n<\/span> <\/a><\/div>\n<p>Suchen sie das ganz Besondere, dann ziehen Sie doch die <a href=\"http:\/\/www.urlaubcornwall.de\/Scilly-Inseln.php\"><span style=\"text-decoration: underline;\">Scilly Inseln<\/span><\/a> in Erw\u00e4gung, Cornwalls verstecktes Juwel, das sich ein paar Meilen von der K\u00fcste entfernt befindet im t\u00fcrkisfarbenen Meer mit strahlend wei\u00dfen Sandstr\u00e4nden. Manche kennen die Inseln bereits und kommen jedes Jahr zur\u00fcck. Um die Unterkunft zu sichern, die Sie gerne haben m\u00f6chten, m\u00fcssen Sie fr\u00fchzeitig buchen. Wir k\u00f6nnen Sie dahingehend beraten, wie Sie dorthin gelangen und haben Sonderangebote und Discounts f\u00fcr unsere Kunden. Lassen Sie uns Ihnen dabei behilflich sein, einen einzigartigen Urlaub zusammenzustellen oder die <a href=\"https:\/\/www.urlaubcornwall.de\/Scilly-Inseln.php\"><span style=\"text-decoration: underline;\">Scilly Inseln mit in Ihre Rundreise<\/span><\/a> einzubauen.<\/p>\n<p><strong>Gruppenreisen in Cornwall &#038; S\u00fcdengland<\/strong> &#8211; UrlaubCornwall haben Touren im Angebot f\u00fcr Individualreisende und Ma\u00dfgeschneiderte Gruppenreisen. All die Busrundreisen und Urlaubspakete, die wir vorstellen, sind durch eine gro\u00dfe deutsche Reisegesellschaft gesichert, so dass Sie vertrauensvoll buchen k\u00f6nnen.<\/p>\n<div class=\"snippet\"> <a class=\"featured-item\" href=\" https:\/\/www.urlaubcornwall.de\/blog\/reiseplanung-fuer-gruppen-durch-cornwall-suedengland-und-london\/ \"> <span class=\"image-holder\" style=\"background-image: url(' https:\/\/www.urlaubcornwall.de\/blog\/wp-content\/uploads\/2019\/01\/busreisen-cornwall.jpg ');\"><\/span> <span class=\"featured-content\"> \n<h2 class=\"featured-title\">\nBusreisen in Cornwall, S\u00fcdengland und London.<\/h2>\n<p class=\"featured-body\">All die Busrundreisen und Urlaubspakete, die wir vorstellen, sind durch eine gro\u00dfe deutsche Reisegesellschaft gesichert, so dass Sie vertrauensvoll buchen k\u00f6nnen&#8230;.<\/p>\n<\/span> <span class=\"featured-link-holder\"> <span class=\"featured-extra-info\"> \n<p>F\u00fcr Singles, Paare &#038; Gruppen<\/p>\n<\/span> \n<p class=\"featured-link\">DETAILS<\/p>\n<\/span> <\/a><\/div>\n<div class=\"snippet\"> <a class=\"featured-item\" href=\" https:\/\/www.urlaubcornwall.de\/massgeschneiderte-gruppenreisen-und-touren.php \"> <span class=\"image-holder\" style=\"background-image: url(' https:\/\/www.urlaubcornwall.de\/blog\/wp-content\/uploads\/2024\/05\/gruppenreisen.jpg ');\"><\/span> <span class=\"featured-content\"> \n<h2 class=\"featured-title\">Ma\u00dfgeschneiderte Gruppenreisen und Touren in Gro\u00dfbritannien<\/h2>\n<p class=\"featured-body\"> Wir k\u00f6nnen Ihnen behilflich sein, eine fantastische Gruppenreise zusammenzustellen, auf der Sie die sch\u00f6nsten Sehensw\u00fcrdigkeiten&#8230;<\/p>\n<\/span> <span class=\"featured-link-holder\"> <span class=\"featured-extra-info\"> \n<p> Auch interessante Themenreisen, Gartenreise, Literaturreise oder Chorreise \u2026<\/p>\n<\/span> \n<p class=\"featured-link\">DETAILS<\/p>\n<\/span> <\/a><\/div>\n","protected":false},"excerpt":{"rendered":"<p>Neues im Jahre 2022: UrlaubCornwall kann Ihnen Urlaubsinspiration bieten und hat die beste Auswahl an Unterkunftsm\u00f6glichkeiten, so dass Sie das Beste machen k\u00f6nnen aus Ihrem Urlaub in S\u00fcdengland, der beliebtesten Urlaubsregion. Mit Sitz in Cornwall, verm\u00f6gen wir es, Ihnen die besten neuesten Hotels, Restaurants, Attraktionen und Festlichkeiten zu zeigen, wie auch Rat und Tipps zu [&hellip;]<\/p>\n","protected":false},"author":1,"featured_media":0,"parent":0,"menu_order":0,"comment_status":"closed","ping_status":"closed","template":"single-four.php","meta":[],"acf":[],"yoast_head":"<!-- This site is optimized with the Yoast SEO plugin v19.4 - https:\/\/yoast.com\/wordpress\/plugins\/seo\/ -->\n<title>Urlaub &amp; Reisen in Cornwall und S\u00fcdengland - Urlaub &amp; Reisen<\/title>\n<meta name=\"description\" content=\"Neues im Jahre 2021: UrlaubCornwall kann Ihnen Urlaubsinspiration bieten und hat die beste Auswahl an Unterkunftsm\u00f6glichkeiten, so dass Sie das Beste machen k\u00f6nnen aus Ihrem Urlaub in S\u00fcdengland, der beliebtesten Urlaubsregion. Mit Sitz in Cornwall, verm\u00f6gen wir es, Ihnen die besten neuesten Hotels, Restaurants, Attraktionen und Festlichkeiten zu zeigen, wie auch Rat und Tipps zu geben, die Sie in den meisten Reisef\u00fchrern nicht finden werden.\" \/>\n<meta name=\"robots\" content=\"index, follow, max-snippet:-1, max-image-preview:large, max-video-preview:-1\" \/>\n<link rel=\"canonical\" href=\"https:\/\/www.urlaubcornwall.de\/blog\/urlaub-reisen-in-cornwall-und-suedengland-2021\/\" \/>\n<meta property=\"og:locale\" content=\"en_US\" \/>\n<meta property=\"og:type\" content=\"article\" \/>\n<meta property=\"og:title\" content=\"Urlaub &amp; Reisen in Cornwall und S\u00fcdengland - Urlaub &amp; Reisen\" \/>\n<meta property=\"og:description\" content=\"Neues im Jahre 2021: UrlaubCornwall kann Ihnen Urlaubsinspiration bieten und hat die beste Auswahl an Unterkunftsm\u00f6glichkeiten, so dass Sie das Beste machen k\u00f6nnen aus Ihrem Urlaub in S\u00fcdengland, der beliebtesten Urlaubsregion. Mit Sitz in Cornwall, verm\u00f6gen wir es, Ihnen die besten neuesten Hotels, Restaurants, Attraktionen und Festlichkeiten zu zeigen, wie auch Rat und Tipps zu geben, die Sie in den meisten Reisef\u00fchrern nicht finden werden.\" \/>\n<meta property=\"og:url\" content=\"https:\/\/www.urlaubcornwall.de\/blog\/urlaub-reisen-in-cornwall-und-suedengland-2021\/\" \/>\n<meta property=\"og:site_name\" content=\"Urlaub &amp; Reisen\" \/>\n<meta property=\"article:modified_time\" content=\"2024-07-17T07:20:15+00:00\" \/>\n<meta property=\"og:image\" content=\"https:\/\/www.urlaubcornwall.de\/blog\/wp-content\/uploads\/2024\/03\/st-ives-hafen.jpg\" \/>\n<meta name=\"twitter:card\" content=\"summary\" \/>\n<meta name=\"twitter:label1\" content=\"Est. reading time\" \/>\n\t<meta name=\"twitter:data1\" content=\"3 minutes\" \/>\n<script type=\"application\/ld+json\" class=\"yoast-schema-graph\">{\"@context\":\"https:\/\/schema.org\",\"@graph\":[{\"@type\":\"WebSite\",\"@id\":\"https:\/\/www.urlaubcornwall.de\/blog\/#website\",\"url\":\"https:\/\/www.urlaubcornwall.de\/blog\/\",\"name\":\"Urlaub &amp; Reisen\",\"description\":\"Urlaub, Reisen, Cornwall und S\u00fcdengland: eine perfekte Kombination\",\"potentialAction\":[{\"@type\":\"SearchAction\",\"target\":{\"@type\":\"EntryPoint\",\"urlTemplate\":\"https:\/\/www.urlaubcornwall.de\/blog\/?s={search_term_string}\"},\"query-input\":\"required name=search_term_string\"}],\"inLanguage\":\"en-US\"},{\"@type\":\"WebPage\",\"@id\":\"https:\/\/www.urlaubcornwall.de\/blog\/urlaub-reisen-in-cornwall-und-suedengland-2021\/\",\"url\":\"https:\/\/www.urlaubcornwall.de\/blog\/urlaub-reisen-in-cornwall-und-suedengland-2021\/\",\"name\":\"Urlaub & Reisen in Cornwall und S\u00fcdengland - Urlaub &amp; Reisen\",\"isPartOf\":{\"@id\":\"https:\/\/www.urlaubcornwall.de\/blog\/#website\"},\"datePublished\":\"2020-03-20T11:05:36+00:00\",\"dateModified\":\"2024-07-17T07:20:15+00:00\",\"description\":\"Neues im Jahre 2021: UrlaubCornwall kann Ihnen Urlaubsinspiration bieten und hat die beste Auswahl an Unterkunftsm\u00f6glichkeiten, so dass Sie das Beste machen k\u00f6nnen aus Ihrem Urlaub in S\u00fcdengland, der beliebtesten Urlaubsregion. Mit Sitz in Cornwall, verm\u00f6gen wir es, Ihnen die besten neuesten Hotels, Restaurants, Attraktionen und Festlichkeiten zu zeigen, wie auch Rat und Tipps zu geben, die Sie in den meisten Reisef\u00fchrern nicht finden werden.\",\"breadcrumb\":{\"@id\":\"https:\/\/www.urlaubcornwall.de\/blog\/urlaub-reisen-in-cornwall-und-suedengland-2021\/#breadcrumb\"},\"inLanguage\":\"en-US\",\"potentialAction\":[{\"@type\":\"ReadAction\",\"target\":[\"https:\/\/www.urlaubcornwall.de\/blog\/urlaub-reisen-in-cornwall-und-suedengland-2021\/\"]}]},{\"@type\":\"BreadcrumbList\",\"@id\":\"https:\/\/www.urlaubcornwall.de\/blog\/urlaub-reisen-in-cornwall-und-suedengland-2021\/#breadcrumb\",\"itemListElement\":[{\"@type\":\"ListItem\",\"position\":1,\"name\":\"Home\",\"item\":\"https:\/\/www.urlaubcornwall.de\/blog\/\"},{\"@type\":\"ListItem\",\"position\":2,\"name\":\"Urlaub &#038; Reisen in Cornwall und S\u00fcdengland\"}]}]}<\/script>\n<!-- \/ Yoast SEO plugin. -->","yoast_head_json":{"title":"Urlaub & Reisen in Cornwall und S\u00fcdengland - Urlaub &amp; Reisen","description":"Neues im Jahre 2021: UrlaubCornwall kann Ihnen Urlaubsinspiration bieten und hat die beste Auswahl an Unterkunftsm\u00f6glichkeiten, so dass Sie das Beste machen k\u00f6nnen aus Ihrem Urlaub in S\u00fcdengland, der beliebtesten Urlaubsregion. Mit Sitz in Cornwall, verm\u00f6gen wir es, Ihnen die besten neuesten Hotels, Restaurants, Attraktionen und Festlichkeiten zu zeigen, wie auch Rat und Tipps zu geben, die Sie in den meisten Reisef\u00fchrern nicht finden werden.","robots":{"index":"index","follow":"follow","max-snippet":"max-snippet:-1","max-image-preview":"max-image-preview:large","max-video-preview":"max-video-preview:-1"},"canonical":"https:\/\/www.urlaubcornwall.de\/blog\/urlaub-reisen-in-cornwall-und-suedengland-2021\/","og_locale":"en_US","og_type":"article","og_title":"Urlaub & Reisen in Cornwall und S\u00fcdengland - Urlaub &amp; Reisen","og_description":"Neues im Jahre 2021: UrlaubCornwall kann Ihnen Urlaubsinspiration bieten und hat die beste Auswahl an Unterkunftsm\u00f6glichkeiten, so dass Sie das Beste machen k\u00f6nnen aus Ihrem Urlaub in S\u00fcdengland, der beliebtesten Urlaubsregion. Mit Sitz in Cornwall, verm\u00f6gen wir es, Ihnen die besten neuesten Hotels, Restaurants, Attraktionen und Festlichkeiten zu zeigen, wie auch Rat und Tipps zu geben, die Sie in den meisten Reisef\u00fchrern nicht finden werden.","og_url":"https:\/\/www.urlaubcornwall.de\/blog\/urlaub-reisen-in-cornwall-und-suedengland-2021\/","og_site_name":"Urlaub &amp; Reisen","article_modified_time":"2024-07-17T07:20:15+00:00","og_image":[{"url":"https:\/\/www.urlaubcornwall.de\/blog\/wp-content\/uploads\/2024\/03\/st-ives-hafen.jpg"}],"twitter_card":"summary","twitter_misc":{"Est. reading time":"3 minutes"},"schema":{"@context":"https:\/\/schema.org","@graph":[{"@type":"WebSite","@id":"https:\/\/www.urlaubcornwall.de\/blog\/#website","url":"https:\/\/www.urlaubcornwall.de\/blog\/","name":"Urlaub &amp; Reisen","description":"Urlaub, Reisen, Cornwall und S\u00fcdengland: eine perfekte Kombination","potentialAction":[{"@type":"SearchAction","target":{"@type":"EntryPoint","urlTemplate":"https:\/\/www.urlaubcornwall.de\/blog\/?s={search_term_string}"},"query-input":"required name=search_term_string"}],"inLanguage":"en-US"},{"@type":"WebPage","@id":"https:\/\/www.urlaubcornwall.de\/blog\/urlaub-reisen-in-cornwall-und-suedengland-2021\/","url":"https:\/\/www.urlaubcornwall.de\/blog\/urlaub-reisen-in-cornwall-und-suedengland-2021\/","name":"Urlaub & Reisen in Cornwall und S\u00fcdengland - Urlaub &amp; Reisen","isPartOf":{"@id":"https:\/\/www.urlaubcornwall.de\/blog\/#website"},"datePublished":"2020-03-20T11:05:36+00:00","dateModified":"2024-07-17T07:20:15+00:00","description":"Neues im Jahre 2021: UrlaubCornwall kann Ihnen Urlaubsinspiration bieten und hat die beste Auswahl an Unterkunftsm\u00f6glichkeiten, so dass Sie das Beste machen k\u00f6nnen aus Ihrem Urlaub in S\u00fcdengland, der beliebtesten Urlaubsregion. Mit Sitz in Cornwall, verm\u00f6gen wir es, Ihnen die besten neuesten Hotels, Restaurants, Attraktionen und Festlichkeiten zu zeigen, wie auch Rat und Tipps zu geben, die Sie in den meisten Reisef\u00fchrern nicht finden werden.","breadcrumb":{"@id":"https:\/\/www.urlaubcornwall.de\/blog\/urlaub-reisen-in-cornwall-und-suedengland-2021\/#breadcrumb"},"inLanguage":"en-US","potentialAction":[{"@type":"ReadAction","target":["https:\/\/www.urlaubcornwall.de\/blog\/urlaub-reisen-in-cornwall-und-suedengland-2021\/"]}]},{"@type":"BreadcrumbList","@id":"https:\/\/www.urlaubcornwall.de\/blog\/urlaub-reisen-in-cornwall-und-suedengland-2021\/#breadcrumb","itemListElement":[{"@type":"ListItem","position":1,"name":"Home","item":"https:\/\/www.urlaubcornwall.de\/blog\/"},{"@type":"ListItem","position":2,"name":"Urlaub &#038; Reisen in Cornwall und S\u00fcdengland"}]}]}},"_links":{"self":[{"href":"https:\/\/www.urlaubcornwall.de\/blog\/wp-json\/wp\/v2\/pages\/39592"}],"collection":[{"href":"https:\/\/www.urlaubcornwall.de\/blog\/wp-json\/wp\/v2\/pages"}],"about":[{"href":"https:\/\/www.urlaubcornwall.de\/blog\/wp-json\/wp\/v2\/types\/page"}],"author":[{"embeddable":true,"href":"https:\/\/www.urlaubcornwall.de\/blog\/wp-json\/wp\/v2\/users\/1"}],"replies":[{"embeddable":true,"href":"https:\/\/www.urlaubcornwall.de\/blog\/wp-json\/wp\/v2\/comments?post=39592"}],"version-history":[{"count":8,"href":"https:\/\/www.urlaubcornwall.de\/blog\/wp-json\/wp\/v2\/pages\/39592\/revisions"}],"predecessor-version":[{"id":51486,"href":"https:\/\/www.urlaubcornwall.de\/blog\/wp-json\/wp\/v2\/pages\/39592\/revisions\/51486"}],"wp:attachment":[{"href":"https:\/\/www.urlaubcornwall.de\/blog\/wp-json\/wp\/v2\/media?parent=39592"}],"curies":[{"name":"wp","href":"https:\/\/api.w.org\/{rel}","templated":true}]}}