{"id":39488,"date":"2020-02-26T13:18:17","date_gmt":"2020-02-26T13:18:17","guid":{"rendered":"https:\/\/www.urlaubcornwall.de\/blog\/?page_id=39488"},"modified":"2026-01-07T10:17:24","modified_gmt":"2026-01-07T10:17:24","slug":"mit-dem-auto-nach-cornwall-suedwestengland-ab-london-heathrow","status":"publish","type":"page","link":"https:\/\/www.urlaubcornwall.de\/blog\/mit-dem-auto-nach-cornwall-suedwestengland-ab-london-heathrow\/","title":{"rendered":"Mit dem Auto nach Cornwall ab London Heathrow"},"content":{"rendered":"<p><img loading=\"lazy\" class=\"aligncenter size-full wp-image-47843\" src=\"https:\/\/www.urlaubcornwall.de\/blog\/wp-content\/uploads\/2024\/03\/london-park.jpg\" alt=\"london park\" width=\"750\" height=\"500\" srcset=\"https:\/\/www.urlaubcornwall.de\/blog\/wp-content\/uploads\/2024\/03\/london-park.jpg 750w, https:\/\/www.urlaubcornwall.de\/blog\/wp-content\/uploads\/2024\/03\/london-park-300x200.jpg 300w\" sizes=\"(max-width: 750px) 100vw, 750px\" \/><\/p>\n<p><a href=\"https:\/\/www.urlaubcornwall.de\/rundreisen\/cornwall-suedengland.php\">Rundreise durch Cornwall und S\u00fcdengland<\/a> &#8211; Wenn Sie in Flughafen London Heathrow ankommen, oder wenn Sie als Teil Ihres Urlaubs im UK in London waren, kommen Sie am schnellsten nach <a href=\"https:\/\/www.urlaubcornwall.de\/ferienhaeuser\/suedwesten-englands.php\">Cornwall und den S\u00fcdwesten<\/a>, wenn Sie die M25, M4 und M5 nehmen, um <a href=\"https:\/\/www.urlaubcornwall.de\/anreise-nach-cornwall.php\">Ihr Reiseziel<\/a> zu erreichen. Doch weshalb nicht einfach die Autobahnen meiden und sich einige Zeit nehmen, um die englische Landschaft zu erkunden und unterwegs ein paar der ber\u00fchmten Wahrzeichen zu besichtigen?<\/p>\n<p>Von London Heathrow, oder der Hauptstadt selbst, nehmen Sie die Autobahn M3 bis nach Basingstoke, bevor Sie weiterfahren auf der A303 und Richtung Westen nach <a href=\"https:\/\/www.urlaubcornwall.de\/ferienhaeuser\/cornwall.php\">Cornwall<\/a>. Besuchen Sie das urige Dorf Chawton in <a href=\"https:\/\/www.urlaubcornwall.de\/ferienhaeuser-fewos\/eng\/hampshire\/hampshire.html\">Hampshire<\/a>, das Zuhause von Jane Austen. Ihr Haus ist nun ein Museum, das viel Einblick gibt in ihr Leben und Schreiben. Nicht weit davon entfernt, befindet sich die georgianische Marktstadt Alresford, am Fluss Arle gelegen, und bekannt aufgrund ihrer Wasserkressebetten. Heute f\u00e4hrt die Dampfeisenbahn, die unter dem Namen \u2018The Watercress Line\u2019 bekannt ist, vom Bahnhof bei Alresford ins 16km entfernte Alton.<\/p>\n<p>Wenn Sie die A303 nehmen, werden Sie bald an der Stadt Andover vorbeifahren. S\u00fcdwestlich der Stadt befinden sich die \u00dcberbleibsel der Festung aus dem Eisenzeitalter, Danebury Hillfort. Vor mehr als 2500 Jahren errichtet, war diese eindrucksvolle Festung mehr als 500 Jahre lang besetzt. Von hier aus haben Sie einen wundervollen Blick \u00fcber die Landschaft und die malerischen D\u00f6rfer der Wallops; Nether Wallop, Middle Wallop und Over Wallop.<\/p>\n<p>Wenn Sie weiter entlang der A303 fahren, kommen Sie vorbei an der Thruxton Rennstrecke, wo Sie an einem ultimativen Fahrerlebnis teilnehmen k\u00f6nnen.<\/p>\n<p><img loading=\"lazy\" class=\"aligncenter size-full wp-image-48025\" src=\"https:\/\/www.urlaubcornwall.de\/blog\/wp-content\/uploads\/2024\/03\/stonehenge-1.jpg\" alt=\"stonehenge\" width=\"750\" height=\"500\" srcset=\"https:\/\/www.urlaubcornwall.de\/blog\/wp-content\/uploads\/2024\/03\/stonehenge-1.jpg 750w, https:\/\/www.urlaubcornwall.de\/blog\/wp-content\/uploads\/2024\/03\/stonehenge-1-300x200.jpg 300w\" sizes=\"(max-width: 750px) 100vw, 750px\" \/><\/p>\n<p>Direkt nach dem Dorf Amesbury befindet sich das ikonische Wahrzeichen Stonehenge, eine der bekanntesten St\u00e4tte Europas. Dieser ber\u00fchmte Steinkreis stammt aus den Jahren zwischen 3000 BC und 2000 BC. Stonehenge ist ein herrlicher Ort, um hier w\u00e4hrend Ihrer Fahrt nach Cornwall Halt zu machen und auf Erkundung zu gehen.<\/p>\n<div class=\"snippet\"> <a class=\"featured-item\" href=\"https:\/\/www.urlaubcornwall.de\/ferienhaeuser\/cornwall.php\"> <span class=\"image-holder\" style=\"background-image: url('https:\/\/www.urlaubcornwall.de\/blog\/wp-content\/uploads\/2018\/12\/familienurlaub-corwnall-snippet.jpg');\"><\/span> <span class=\"featured-content\"> \n<h2 class=\"featured-title\">Ferienh\u00e4user in Cornwall am Meer<\/h2>\n<p class=\"featured-body\">Cornwall besitzt mehr K\u00fcstenlinien als jede andere Grafschaft und bietet einige der besten Str\u00e4nde, K\u00fcstenwanderwege und Klippenlandschaften, die man \u00fcberhaupt finden kann&#8230; <\/p><\/span> <span class=\"featured-link-holder\"> <span class=\"featured-extra-info\"> \n<p>F\u00fcr Paare, Familien &#038; Gruppen<\/p>\n<\/span> \n<p class=\"featured-link\">DETAILS<\/p>\n<\/span> <\/a><\/div>\n<p>Die A303 verl\u00e4uft weiter durch <a href=\"https:\/\/www.urlaubcornwall.de\/ferienhaeuser-fewos\/eng\/wiltshire\/wiltshire.html\">Wiltshire<\/a>, und in der N\u00e4he des Dorfes Mere befindet sich das wundervolle Stourhead Haus mit seinen herrlich kultivierten G\u00e4rten. Es ist im Besitz des National Trust, und ein Besuch von Stourhead stellt w\u00e4hrend eines Urlaubs im UK einen wundervollen Familientagesausflug dar.<\/p>\n<p>Die Grenze zwischen <a href=\"https:\/\/www.urlaubcornwall.de\/ferienhaeuser-fewos\/eng\/somerset\/somerset.html\">Somerset<\/a> und <a href=\"https:\/\/www.urlaubcornwall.de\/ferienhaeuser-fewos\/eng\/dorset\/dorset.html\">Dorset<\/a> verl\u00e4uft durch eine ruhige und sch\u00f6ne Landschaft, die ber\u00fchmt ist aufgrund ihrer Assoziationen mit dem legend\u00e4ren K\u00f6nig Arthus und seiner Camelot Tafelrunde. Die historischen D\u00f6rfer Nord- und S\u00fcd-Cadbury liegen gerade einmal etwas mehr als 1,5km voneinander entfernt. Auf einem hohen H\u00fcgel \u00fcber S\u00fcd-Cadbury befindet sich die spektakul\u00e4re Silhouette von Cadbury Castle, ein befestigtes pr\u00e4historisches Lager von 7ha. Es ist eines der gr\u00f6\u00dften in Britannien und gilt als das wahre \u2018Camelot\u2019 des k\u00f6niglichen Hofes des legend\u00e4ren K\u00f6nig Arthus.<\/p>\n<p><img loading=\"lazy\" class=\"aligncenter size-full wp-image-39491\" src=\"https:\/\/www.urlaubcornwall.de\/blog\/wp-content\/uploads\/2020\/02\/lytes-cary-somerset.jpg\" alt=\"lytes cary somerset\" width=\"749\" height=\"448\"\/><\/p>\n<p>In der N\u00e4he der <a href=\"https:\/\/www.urlaubcornwall.de\/ferienhaeuser-fewos\/eng\/somerset\/somerton.html\">Marktstadt Somerton<\/a> befindet sich das mittelalterliche herrschaftliche Haus Lytes Cary, im Besitz des National Trust. Dieses entz\u00fcckende Haus mit seinen G\u00e4rten voller kunstvoll geschnittener krautiger Blumenbeete und Obstg\u00e4rten ist ein herrlicher Ort, den Sie auf Ihrer Fahrt nach Cornwall besuchen k\u00f6nnen. <\/p>\n<p>In diesem Teil S\u00fcdenglands gibt es viele herrliche Landh\u00e4user, einschlie\u00dflich <a href=\"https:\/\/www.urlaubcornwall.de\/blog\/die-besten-herrenhaeuser-in-suedengland\/\">Barrington Court bei Ilminster und Montacute House<\/a> in Montacute. Vor der <a href=\"https:\/\/www.urlaubcornwall.de\/ferienhaeuser-fewos\/eng\/mitteldevon-und-ostdevon\/honiton.html\">Marktstadt Honiton<\/a> vereint sich die A303 mit der A30. Honiton ist bekannt aufgrund seines eleganten Kl\u00f6ppelns. Hier wurden die Spitzen f\u00fcr K\u00f6nigin Viktorias Brautschleier hergestellt, und im All Hallows Museum an der High Street gibt es im Sommer Kl\u00f6ppeldemonstrationen.<\/p>\n<p>Die A30 erreicht dann die Stadt <a href=\"https:\/\/www.urlaubcornwall.de\/ferienhaeuser-fewos\/eng\/sued-devon\/exeter.html\">Exeter in Devon<\/a>. Von Exeter gibt es zwei sch\u00f6ne Routen nach Cornwall. Hier ist unser Reisef\u00fchrer f\u00fcr die Ankunft in Cornwall auf der <a href=\"https:\/\/www.urlaubcornwall.de\/blog\/mit-dem-auto-nach-cornwall-auf-der-a38\/\">A38<\/a> und der <a href=\"https:\/\/www.urlaubcornwall.de\/blog\/mit-dem-auto-nach-cornwall-auf-der-a30\/\">A30<\/a>.<\/p>\n","protected":false},"excerpt":{"rendered":"<p>Rundreise durch Cornwall und S\u00fcdengland &#8211; Wenn Sie in Flughafen London Heathrow ankommen, oder wenn Sie als Teil Ihres Urlaubs im UK in London waren, kommen Sie am schnellsten nach Cornwall und den S\u00fcdwesten, wenn Sie die M25, M4 und M5 nehmen, um Ihr Reiseziel zu erreichen. Doch weshalb nicht einfach die Autobahnen meiden und [&hellip;]<\/p>\n","protected":false},"author":1,"featured_media":0,"parent":0,"menu_order":0,"comment_status":"closed","ping_status":"closed","template":"single-four.php","meta":[],"acf":[],"yoast_head":"<!-- This site is optimized with the Yoast SEO plugin v19.4 - https:\/\/yoast.com\/wordpress\/plugins\/seo\/ -->\n<title>Mit dem Auto nach Cornwall ab London Heathrow - Urlaub &amp; Reisen<\/title>\n<meta name=\"description\" content=\"Wenn Sie in London Heathrow ankommen, oder wenn Sie als Teil Ihres Urlaubs im UK in London waren, kommen Sie am schnellsten nach Cornwall und den S\u00fcdwesten, wenn Sie die M25, M4 und M5 nehmen, um Ihr Reiseziel zu erreichen. Doch weshalb nicht einfach die Autobahnen meiden und sich einige Zeit nehmen, um die englische Landschaft zu erkunden und unterwegs ein paar der ber\u00fchmten Wahrzeichen zu besichtigen?\" \/>\n<meta name=\"robots\" content=\"index, follow, max-snippet:-1, max-image-preview:large, max-video-preview:-1\" \/>\n<link rel=\"canonical\" href=\"https:\/\/www.urlaubcornwall.de\/blog\/mit-dem-auto-nach-cornwall-suedwestengland-ab-london-heathrow\/\" \/>\n<meta property=\"og:locale\" content=\"en_US\" \/>\n<meta property=\"og:type\" content=\"article\" \/>\n<meta property=\"og:title\" content=\"Mit dem Auto nach Cornwall ab London Heathrow - Urlaub &amp; Reisen\" \/>\n<meta property=\"og:description\" content=\"Wenn Sie in London Heathrow ankommen, oder wenn Sie als Teil Ihres Urlaubs im UK in London waren, kommen Sie am schnellsten nach Cornwall und den S\u00fcdwesten, wenn Sie die M25, M4 und M5 nehmen, um Ihr Reiseziel zu erreichen. Doch weshalb nicht einfach die Autobahnen meiden und sich einige Zeit nehmen, um die englische Landschaft zu erkunden und unterwegs ein paar der ber\u00fchmten Wahrzeichen zu besichtigen?\" \/>\n<meta property=\"og:url\" content=\"https:\/\/www.urlaubcornwall.de\/blog\/mit-dem-auto-nach-cornwall-suedwestengland-ab-london-heathrow\/\" \/>\n<meta property=\"og:site_name\" content=\"Urlaub &amp; Reisen\" \/>\n<meta property=\"article:modified_time\" content=\"2026-01-07T10:17:24+00:00\" \/>\n<meta property=\"og:image\" content=\"https:\/\/www.urlaubcornwall.de\/blog\/wp-content\/uploads\/2024\/03\/london-park.jpg\" \/>\n<meta name=\"twitter:card\" content=\"summary\" \/>\n<meta name=\"twitter:label1\" content=\"Est. reading time\" \/>\n\t<meta name=\"twitter:data1\" content=\"4 minutes\" \/>\n<script type=\"application\/ld+json\" class=\"yoast-schema-graph\">{\"@context\":\"https:\/\/schema.org\",\"@graph\":[{\"@type\":\"WebSite\",\"@id\":\"https:\/\/www.urlaubcornwall.de\/blog\/#website\",\"url\":\"https:\/\/www.urlaubcornwall.de\/blog\/\",\"name\":\"Urlaub &amp; Reisen\",\"description\":\"Urlaub, Reisen, Cornwall und S\u00fcdengland: eine perfekte Kombination\",\"potentialAction\":[{\"@type\":\"SearchAction\",\"target\":{\"@type\":\"EntryPoint\",\"urlTemplate\":\"https:\/\/www.urlaubcornwall.de\/blog\/?s={search_term_string}\"},\"query-input\":\"required name=search_term_string\"}],\"inLanguage\":\"en-US\"},{\"@type\":\"WebPage\",\"@id\":\"https:\/\/www.urlaubcornwall.de\/blog\/mit-dem-auto-nach-cornwall-suedwestengland-ab-london-heathrow\/\",\"url\":\"https:\/\/www.urlaubcornwall.de\/blog\/mit-dem-auto-nach-cornwall-suedwestengland-ab-london-heathrow\/\",\"name\":\"Mit dem Auto nach Cornwall ab London Heathrow - Urlaub &amp; Reisen\",\"isPartOf\":{\"@id\":\"https:\/\/www.urlaubcornwall.de\/blog\/#website\"},\"datePublished\":\"2020-02-26T13:18:17+00:00\",\"dateModified\":\"2026-01-07T10:17:24+00:00\",\"description\":\"Wenn Sie in London Heathrow ankommen, oder wenn Sie als Teil Ihres Urlaubs im UK in London waren, kommen Sie am schnellsten nach Cornwall und den S\u00fcdwesten, wenn Sie die M25, M4 und M5 nehmen, um Ihr Reiseziel zu erreichen. Doch weshalb nicht einfach die Autobahnen meiden und sich einige Zeit nehmen, um die englische Landschaft zu erkunden und unterwegs ein paar der ber\u00fchmten Wahrzeichen zu besichtigen?\",\"breadcrumb\":{\"@id\":\"https:\/\/www.urlaubcornwall.de\/blog\/mit-dem-auto-nach-cornwall-suedwestengland-ab-london-heathrow\/#breadcrumb\"},\"inLanguage\":\"en-US\",\"potentialAction\":[{\"@type\":\"ReadAction\",\"target\":[\"https:\/\/www.urlaubcornwall.de\/blog\/mit-dem-auto-nach-cornwall-suedwestengland-ab-london-heathrow\/\"]}]},{\"@type\":\"BreadcrumbList\",\"@id\":\"https:\/\/www.urlaubcornwall.de\/blog\/mit-dem-auto-nach-cornwall-suedwestengland-ab-london-heathrow\/#breadcrumb\",\"itemListElement\":[{\"@type\":\"ListItem\",\"position\":1,\"name\":\"Home\",\"item\":\"https:\/\/www.urlaubcornwall.de\/blog\/\"},{\"@type\":\"ListItem\",\"position\":2,\"name\":\"Mit dem Auto nach Cornwall ab London Heathrow\"}]}]}<\/script>\n<!-- \/ Yoast SEO plugin. -->","yoast_head_json":{"title":"Mit dem Auto nach Cornwall ab London Heathrow - Urlaub &amp; Reisen","description":"Wenn Sie in London Heathrow ankommen, oder wenn Sie als Teil Ihres Urlaubs im UK in London waren, kommen Sie am schnellsten nach Cornwall und den S\u00fcdwesten, wenn Sie die M25, M4 und M5 nehmen, um Ihr Reiseziel zu erreichen. Doch weshalb nicht einfach die Autobahnen meiden und sich einige Zeit nehmen, um die englische Landschaft zu erkunden und unterwegs ein paar der ber\u00fchmten Wahrzeichen zu besichtigen?","robots":{"index":"index","follow":"follow","max-snippet":"max-snippet:-1","max-image-preview":"max-image-preview:large","max-video-preview":"max-video-preview:-1"},"canonical":"https:\/\/www.urlaubcornwall.de\/blog\/mit-dem-auto-nach-cornwall-suedwestengland-ab-london-heathrow\/","og_locale":"en_US","og_type":"article","og_title":"Mit dem Auto nach Cornwall ab London Heathrow - Urlaub &amp; Reisen","og_description":"Wenn Sie in London Heathrow ankommen, oder wenn Sie als Teil Ihres Urlaubs im UK in London waren, kommen Sie am schnellsten nach Cornwall und den S\u00fcdwesten, wenn Sie die M25, M4 und M5 nehmen, um Ihr Reiseziel zu erreichen. Doch weshalb nicht einfach die Autobahnen meiden und sich einige Zeit nehmen, um die englische Landschaft zu erkunden und unterwegs ein paar der ber\u00fchmten Wahrzeichen zu besichtigen?","og_url":"https:\/\/www.urlaubcornwall.de\/blog\/mit-dem-auto-nach-cornwall-suedwestengland-ab-london-heathrow\/","og_site_name":"Urlaub &amp; Reisen","article_modified_time":"2026-01-07T10:17:24+00:00","og_image":[{"url":"https:\/\/www.urlaubcornwall.de\/blog\/wp-content\/uploads\/2024\/03\/london-park.jpg"}],"twitter_card":"summary","twitter_misc":{"Est. reading time":"4 minutes"},"schema":{"@context":"https:\/\/schema.org","@graph":[{"@type":"WebSite","@id":"https:\/\/www.urlaubcornwall.de\/blog\/#website","url":"https:\/\/www.urlaubcornwall.de\/blog\/","name":"Urlaub &amp; Reisen","description":"Urlaub, Reisen, Cornwall und S\u00fcdengland: eine perfekte Kombination","potentialAction":[{"@type":"SearchAction","target":{"@type":"EntryPoint","urlTemplate":"https:\/\/www.urlaubcornwall.de\/blog\/?s={search_term_string}"},"query-input":"required name=search_term_string"}],"inLanguage":"en-US"},{"@type":"WebPage","@id":"https:\/\/www.urlaubcornwall.de\/blog\/mit-dem-auto-nach-cornwall-suedwestengland-ab-london-heathrow\/","url":"https:\/\/www.urlaubcornwall.de\/blog\/mit-dem-auto-nach-cornwall-suedwestengland-ab-london-heathrow\/","name":"Mit dem Auto nach Cornwall ab London Heathrow - Urlaub &amp; Reisen","isPartOf":{"@id":"https:\/\/www.urlaubcornwall.de\/blog\/#website"},"datePublished":"2020-02-26T13:18:17+00:00","dateModified":"2026-01-07T10:17:24+00:00","description":"Wenn Sie in London Heathrow ankommen, oder wenn Sie als Teil Ihres Urlaubs im UK in London waren, kommen Sie am schnellsten nach Cornwall und den S\u00fcdwesten, wenn Sie die M25, M4 und M5 nehmen, um Ihr Reiseziel zu erreichen. Doch weshalb nicht einfach die Autobahnen meiden und sich einige Zeit nehmen, um die englische Landschaft zu erkunden und unterwegs ein paar der ber\u00fchmten Wahrzeichen zu besichtigen?","breadcrumb":{"@id":"https:\/\/www.urlaubcornwall.de\/blog\/mit-dem-auto-nach-cornwall-suedwestengland-ab-london-heathrow\/#breadcrumb"},"inLanguage":"en-US","potentialAction":[{"@type":"ReadAction","target":["https:\/\/www.urlaubcornwall.de\/blog\/mit-dem-auto-nach-cornwall-suedwestengland-ab-london-heathrow\/"]}]},{"@type":"BreadcrumbList","@id":"https:\/\/www.urlaubcornwall.de\/blog\/mit-dem-auto-nach-cornwall-suedwestengland-ab-london-heathrow\/#breadcrumb","itemListElement":[{"@type":"ListItem","position":1,"name":"Home","item":"https:\/\/www.urlaubcornwall.de\/blog\/"},{"@type":"ListItem","position":2,"name":"Mit dem Auto nach Cornwall ab London Heathrow"}]}]}},"_links":{"self":[{"href":"https:\/\/www.urlaubcornwall.de\/blog\/wp-json\/wp\/v2\/pages\/39488"}],"collection":[{"href":"https:\/\/www.urlaubcornwall.de\/blog\/wp-json\/wp\/v2\/pages"}],"about":[{"href":"https:\/\/www.urlaubcornwall.de\/blog\/wp-json\/wp\/v2\/types\/page"}],"author":[{"embeddable":true,"href":"https:\/\/www.urlaubcornwall.de\/blog\/wp-json\/wp\/v2\/users\/1"}],"replies":[{"embeddable":true,"href":"https:\/\/www.urlaubcornwall.de\/blog\/wp-json\/wp\/v2\/comments?post=39488"}],"version-history":[{"count":19,"href":"https:\/\/www.urlaubcornwall.de\/blog\/wp-json\/wp\/v2\/pages\/39488\/revisions"}],"predecessor-version":[{"id":52011,"href":"https:\/\/www.urlaubcornwall.de\/blog\/wp-json\/wp\/v2\/pages\/39488\/revisions\/52011"}],"wp:attachment":[{"href":"https:\/\/www.urlaubcornwall.de\/blog\/wp-json\/wp\/v2\/media?parent=39488"}],"curies":[{"name":"wp","href":"https:\/\/api.w.org\/{rel}","templated":true}]}}