{"id":39436,"date":"2020-02-11T11:37:16","date_gmt":"2020-02-11T11:37:16","guid":{"rendered":"https:\/\/www.urlaubcornwall.de\/blog\/?page_id=39436"},"modified":"2024-04-15T11:20:21","modified_gmt":"2024-04-15T11:20:21","slug":"ferienhaeuser-ferienwohnungen-am-fistral-beach-newquay-cornwalls-nordkueste","status":"publish","type":"page","link":"https:\/\/www.urlaubcornwall.de\/blog\/ferienhaeuser-ferienwohnungen-am-fistral-beach-newquay-cornwalls-nordkueste\/","title":{"rendered":"Ferienh\u00e4user &#038; Ferienwohnungen am Fistral Beach Newquay, Cornwalls Nordk\u00fcste"},"content":{"rendered":"<p><img loading=\"lazy\" class=\"aligncenter size-full wp-image-47783\" src=\"https:\/\/www.urlaubcornwall.de\/blog\/wp-content\/uploads\/2024\/03\/Fistral-strand.jpg\" alt=\"Fistral strand\" width=\"750\" height=\"482\" srcset=\"https:\/\/www.urlaubcornwall.de\/blog\/wp-content\/uploads\/2024\/03\/Fistral-strand.jpg 750w, https:\/\/www.urlaubcornwall.de\/blog\/wp-content\/uploads\/2024\/03\/Fistral-strand-300x193.jpg 300w\" sizes=\"(max-width: 750px) 100vw, 750px\" \/><\/p>\n<p>Die Unterkunft befindet sich in der bei Urlaubern sehr beliebten Region Newquay an <a href=\"https:\/\/www.urlaubcornwall.de\/ferienhaeuser-fewos\/nordkueste-cornwall.html\">Cornwalls Nordk\u00fcste<\/a>. Freuen Sie sich in diesen Ferienh\u00e4user &#038; Ferienwohnungen von <a href=\"https:\/\/www.urlaubcornwall.de\/ferienhaeuser\/cornwall.php\"><span style=\"text-decoration: underline;\"><strong>UrlaubCornwall.de<\/strong><\/span> <\/a>auf luxuri\u00f6se Unterk\u00fcnfte zur Selbstverpflegung mit einem fantastischen Blick auf den Fistral Beach und das Meer.<\/p>\n<p>Der Fistral Beach ist weltbekannt, vor allem f\u00fcr seine Surf-Meisterschaften, und er geh\u00f6rt zu einem der begehrtesten Urlaubsziele in ganz Gro\u00dfbritannien. Mit meilenweiten Sandstr\u00e4nden und den nat\u00fcrlichen Meerwasserbecken, in denen man spielen und baden kann, eignet sich dieser Strand bestens f\u00fcr Gruppen, Familien oder Paare.<\/p>\n<p>Newquay ist das ideale Reiseziel f\u00fcr einen abwechslungsreichen Urlaub und empf\u00e4ngt Sie mit einer tollen Auswahl an Restaurants und Bars. Die Stadt liegt dar\u00fcber hinaus in der N\u00e4he unz\u00e4hliger Sehensw\u00fcrdigkeiten f\u00fcr Besucher aller Altersklassen, sodass Langeweile hier wirklich zum Fremdwort wird.<\/p>\n<p>Erleben Sie am Fistral Beach Newquay einen wahrhaft magischen Urlaub, den Sie nie vergessen werden. Die Unterk\u00fcnfte von Natural Retreats bieten zudem die beste Lage auf der Pentire-Halbinsel.<\/p>\n<p style=\"text-align: center;\"><a class=\"tidycta\" href=\"https:\/\/www.urlaubcornwall.de\/ferienhaeuser-fewos\/newquay.html\">Suche Ferienh\u00e4user<\/a><\/p>\n","protected":false},"excerpt":{"rendered":"<p>Die Unterkunft befindet sich in der bei Urlaubern sehr beliebten Region Newquay an Cornwalls Nordk\u00fcste. Freuen Sie sich in diesen Ferienh\u00e4user &#038; Ferienwohnungen von UrlaubCornwall.de auf luxuri\u00f6se Unterk\u00fcnfte zur Selbstverpflegung mit einem fantastischen Blick auf den Fistral Beach und das Meer. Der Fistral Beach ist weltbekannt, vor allem f\u00fcr seine Surf-Meisterschaften, und er geh\u00f6rt zu [&hellip;]<\/p>\n","protected":false},"author":1,"featured_media":0,"parent":0,"menu_order":0,"comment_status":"closed","ping_status":"closed","template":"single-four.php","meta":[],"acf":[],"yoast_head":"<!-- This site is optimized with the Yoast SEO plugin v19.4 - https:\/\/yoast.com\/wordpress\/plugins\/seo\/ -->\n<title>Ferienh\u00e4user &amp; Ferienwohnungen am Fistral Beach Newquay, Cornwalls Nordk\u00fcste - Urlaub &amp; Reisen<\/title>\n<meta name=\"robots\" content=\"index, follow, max-snippet:-1, max-image-preview:large, max-video-preview:-1\" \/>\n<link rel=\"canonical\" href=\"https:\/\/www.urlaubcornwall.de\/blog\/ferienhaeuser-ferienwohnungen-am-fistral-beach-newquay-cornwalls-nordkueste\/\" \/>\n<meta property=\"og:locale\" content=\"en_US\" \/>\n<meta property=\"og:type\" content=\"article\" \/>\n<meta property=\"og:title\" content=\"Ferienh\u00e4user &amp; Ferienwohnungen am Fistral Beach Newquay, Cornwalls Nordk\u00fcste - Urlaub &amp; Reisen\" \/>\n<meta property=\"og:description\" content=\"Die Unterkunft befindet sich in der bei Urlaubern sehr beliebten Region Newquay an Cornwalls Nordk\u00fcste. Freuen Sie sich in diesen Ferienh\u00e4user &#038; Ferienwohnungen von UrlaubCornwall.de auf luxuri\u00f6se Unterk\u00fcnfte zur Selbstverpflegung mit einem fantastischen Blick auf den Fistral Beach und das Meer. Der Fistral Beach ist weltbekannt, vor allem f\u00fcr seine Surf-Meisterschaften, und er geh\u00f6rt zu [&hellip;]\" \/>\n<meta property=\"og:url\" content=\"https:\/\/www.urlaubcornwall.de\/blog\/ferienhaeuser-ferienwohnungen-am-fistral-beach-newquay-cornwalls-nordkueste\/\" \/>\n<meta property=\"og:site_name\" content=\"Urlaub &amp; Reisen\" \/>\n<meta property=\"article:modified_time\" content=\"2024-04-15T11:20:21+00:00\" \/>\n<meta property=\"og:image\" content=\"https:\/\/www.urlaubcornwall.de\/blog\/wp-content\/uploads\/2024\/03\/Fistral-strand.jpg\" \/>\n<meta name=\"twitter:card\" content=\"summary\" \/>\n<meta name=\"twitter:label1\" content=\"Est. reading time\" \/>\n\t<meta name=\"twitter:data1\" content=\"1 minute\" \/>\n<script type=\"application\/ld+json\" class=\"yoast-schema-graph\">{\"@context\":\"https:\/\/schema.org\",\"@graph\":[{\"@type\":\"WebSite\",\"@id\":\"https:\/\/www.urlaubcornwall.de\/blog\/#website\",\"url\":\"https:\/\/www.urlaubcornwall.de\/blog\/\",\"name\":\"Urlaub &amp; Reisen\",\"description\":\"Urlaub, Reisen, Cornwall und S\u00fcdengland: eine perfekte Kombination\",\"potentialAction\":[{\"@type\":\"SearchAction\",\"target\":{\"@type\":\"EntryPoint\",\"urlTemplate\":\"https:\/\/www.urlaubcornwall.de\/blog\/?s={search_term_string}\"},\"query-input\":\"required name=search_term_string\"}],\"inLanguage\":\"en-US\"},{\"@type\":\"WebPage\",\"@id\":\"https:\/\/www.urlaubcornwall.de\/blog\/ferienhaeuser-ferienwohnungen-am-fistral-beach-newquay-cornwalls-nordkueste\/\",\"url\":\"https:\/\/www.urlaubcornwall.de\/blog\/ferienhaeuser-ferienwohnungen-am-fistral-beach-newquay-cornwalls-nordkueste\/\",\"name\":\"Ferienh\u00e4user & Ferienwohnungen am Fistral Beach Newquay, Cornwalls Nordk\u00fcste - Urlaub &amp; Reisen\",\"isPartOf\":{\"@id\":\"https:\/\/www.urlaubcornwall.de\/blog\/#website\"},\"datePublished\":\"2020-02-11T11:37:16+00:00\",\"dateModified\":\"2024-04-15T11:20:21+00:00\",\"breadcrumb\":{\"@id\":\"https:\/\/www.urlaubcornwall.de\/blog\/ferienhaeuser-ferienwohnungen-am-fistral-beach-newquay-cornwalls-nordkueste\/#breadcrumb\"},\"inLanguage\":\"en-US\",\"potentialAction\":[{\"@type\":\"ReadAction\",\"target\":[\"https:\/\/www.urlaubcornwall.de\/blog\/ferienhaeuser-ferienwohnungen-am-fistral-beach-newquay-cornwalls-nordkueste\/\"]}]},{\"@type\":\"BreadcrumbList\",\"@id\":\"https:\/\/www.urlaubcornwall.de\/blog\/ferienhaeuser-ferienwohnungen-am-fistral-beach-newquay-cornwalls-nordkueste\/#breadcrumb\",\"itemListElement\":[{\"@type\":\"ListItem\",\"position\":1,\"name\":\"Home\",\"item\":\"https:\/\/www.urlaubcornwall.de\/blog\/\"},{\"@type\":\"ListItem\",\"position\":2,\"name\":\"Ferienh\u00e4user &#038; Ferienwohnungen am Fistral Beach Newquay, Cornwalls Nordk\u00fcste\"}]}]}<\/script>\n<!-- \/ Yoast SEO plugin. -->","yoast_head_json":{"title":"Ferienh\u00e4user & Ferienwohnungen am Fistral Beach Newquay, Cornwalls Nordk\u00fcste - Urlaub &amp; Reisen","robots":{"index":"index","follow":"follow","max-snippet":"max-snippet:-1","max-image-preview":"max-image-preview:large","max-video-preview":"max-video-preview:-1"},"canonical":"https:\/\/www.urlaubcornwall.de\/blog\/ferienhaeuser-ferienwohnungen-am-fistral-beach-newquay-cornwalls-nordkueste\/","og_locale":"en_US","og_type":"article","og_title":"Ferienh\u00e4user & Ferienwohnungen am Fistral Beach Newquay, Cornwalls Nordk\u00fcste - Urlaub &amp; Reisen","og_description":"Die Unterkunft befindet sich in der bei Urlaubern sehr beliebten Region Newquay an Cornwalls Nordk\u00fcste. Freuen Sie sich in diesen Ferienh\u00e4user &#038; Ferienwohnungen von UrlaubCornwall.de auf luxuri\u00f6se Unterk\u00fcnfte zur Selbstverpflegung mit einem fantastischen Blick auf den Fistral Beach und das Meer. Der Fistral Beach ist weltbekannt, vor allem f\u00fcr seine Surf-Meisterschaften, und er geh\u00f6rt zu [&hellip;]","og_url":"https:\/\/www.urlaubcornwall.de\/blog\/ferienhaeuser-ferienwohnungen-am-fistral-beach-newquay-cornwalls-nordkueste\/","og_site_name":"Urlaub &amp; Reisen","article_modified_time":"2024-04-15T11:20:21+00:00","og_image":[{"url":"https:\/\/www.urlaubcornwall.de\/blog\/wp-content\/uploads\/2024\/03\/Fistral-strand.jpg"}],"twitter_card":"summary","twitter_misc":{"Est. reading time":"1 minute"},"schema":{"@context":"https:\/\/schema.org","@graph":[{"@type":"WebSite","@id":"https:\/\/www.urlaubcornwall.de\/blog\/#website","url":"https:\/\/www.urlaubcornwall.de\/blog\/","name":"Urlaub &amp; Reisen","description":"Urlaub, Reisen, Cornwall und S\u00fcdengland: eine perfekte Kombination","potentialAction":[{"@type":"SearchAction","target":{"@type":"EntryPoint","urlTemplate":"https:\/\/www.urlaubcornwall.de\/blog\/?s={search_term_string}"},"query-input":"required name=search_term_string"}],"inLanguage":"en-US"},{"@type":"WebPage","@id":"https:\/\/www.urlaubcornwall.de\/blog\/ferienhaeuser-ferienwohnungen-am-fistral-beach-newquay-cornwalls-nordkueste\/","url":"https:\/\/www.urlaubcornwall.de\/blog\/ferienhaeuser-ferienwohnungen-am-fistral-beach-newquay-cornwalls-nordkueste\/","name":"Ferienh\u00e4user & Ferienwohnungen am Fistral Beach Newquay, Cornwalls Nordk\u00fcste - Urlaub &amp; Reisen","isPartOf":{"@id":"https:\/\/www.urlaubcornwall.de\/blog\/#website"},"datePublished":"2020-02-11T11:37:16+00:00","dateModified":"2024-04-15T11:20:21+00:00","breadcrumb":{"@id":"https:\/\/www.urlaubcornwall.de\/blog\/ferienhaeuser-ferienwohnungen-am-fistral-beach-newquay-cornwalls-nordkueste\/#breadcrumb"},"inLanguage":"en-US","potentialAction":[{"@type":"ReadAction","target":["https:\/\/www.urlaubcornwall.de\/blog\/ferienhaeuser-ferienwohnungen-am-fistral-beach-newquay-cornwalls-nordkueste\/"]}]},{"@type":"BreadcrumbList","@id":"https:\/\/www.urlaubcornwall.de\/blog\/ferienhaeuser-ferienwohnungen-am-fistral-beach-newquay-cornwalls-nordkueste\/#breadcrumb","itemListElement":[{"@type":"ListItem","position":1,"name":"Home","item":"https:\/\/www.urlaubcornwall.de\/blog\/"},{"@type":"ListItem","position":2,"name":"Ferienh\u00e4user &#038; Ferienwohnungen am Fistral Beach Newquay, Cornwalls Nordk\u00fcste"}]}]}},"_links":{"self":[{"href":"https:\/\/www.urlaubcornwall.de\/blog\/wp-json\/wp\/v2\/pages\/39436"}],"collection":[{"href":"https:\/\/www.urlaubcornwall.de\/blog\/wp-json\/wp\/v2\/pages"}],"about":[{"href":"https:\/\/www.urlaubcornwall.de\/blog\/wp-json\/wp\/v2\/types\/page"}],"author":[{"embeddable":true,"href":"https:\/\/www.urlaubcornwall.de\/blog\/wp-json\/wp\/v2\/users\/1"}],"replies":[{"embeddable":true,"href":"https:\/\/www.urlaubcornwall.de\/blog\/wp-json\/wp\/v2\/comments?post=39436"}],"version-history":[{"count":2,"href":"https:\/\/www.urlaubcornwall.de\/blog\/wp-json\/wp\/v2\/pages\/39436\/revisions"}],"predecessor-version":[{"id":49457,"href":"https:\/\/www.urlaubcornwall.de\/blog\/wp-json\/wp\/v2\/pages\/39436\/revisions\/49457"}],"wp:attachment":[{"href":"https:\/\/www.urlaubcornwall.de\/blog\/wp-json\/wp\/v2\/media?parent=39436"}],"curies":[{"name":"wp","href":"https:\/\/api.w.org\/{rel}","templated":true}]}}